{"id":5295,"date":"2024-02-07T10:33:25","date_gmt":"2024-02-07T09:33:25","guid":{"rendered":"https:\/\/www.ecolenormalecortot.com\/enseignants\/lefort-thomas\/"},"modified":"2024-02-08T09:38:43","modified_gmt":"2024-02-08T08:38:43","slug":"lefort-thomas","status":"publish","type":"teacher","link":"https:\/\/www.ecolenormalecortot.com\/en\/enseignants\/lefort-thomas\/","title":{"rendered":"LEFORT Thomas"},"content":{"rendered":"\n<p>Remarqu\u00e9 \u00e0 l&#8217;\u00e2ge de 13 ans par Ivry Gitlis, Thomas Lefort a \u00e9t\u00e9 son disciple jusqu&#8217;\u00e0 sa mort. Dipl\u00f4m\u00e9 du Conservatoire National Sup\u00e9rieur de Musique et de Danse de Paris, il se perfectionne aupr\u00e8s de Suzanne Gessner, Roland Daugareil, Patrice Fontanarosa \u00e0 Paris, Renaud Capu\u00e7on \u00e0 Lausanne et Salvatore Accardo \u00e0 Cremone en Italie. <\/p>\n\n\n\n<p>Il est laur\u00e9at de nombreux concours internationaux (Ginette Neveu, Rodolfo Lipizer, Isaac Stern \u00e0 Shangha\u00ef&#8230;), se produit en soliste avec de nombreux orchestres et dans des salles telles que la Philharmonie de Paris, la Salle Gaveau, la Salle Cortot, la Salle Pleyel, le Th\u00e9\u00e2tre du Ch\u00e2telet, le Victoria Hall de Gen\u00e8ve, la Philharmonie d\u2019Ekaterinbourg, le Palazetto Bru-Zane \u00e0 Venise, au sein de festivals tels que le Martha Argerich Festival \u00e0 Hambourg, les Sommets Musicaux de Gstaad, le Festival International Les Sommets du Classique \u00e0 Crans- Montana, le Festival \u00ab Le Salon Romantique \u00bb du Palazzetto Bru Zane \u00e0 Venise, les Folles Journ\u00e9es de Nantes et d\u2019Ekaterinbourg, le Festival de P\u00e2ques d\u2019Aix-en-Provence, le Festival de la Roque d\u2019Anth\u00e9ron, le Festival Chopin \u00e0 Nohant, le Festival Un Violon sur le Sable, le Festival de Menton&#8230;<\/p>\n\n\n\n<p>Il partage la sc\u00e8ne avec de nombreux artistes dont Martha Argerich, Andre\u00ef Korobeinikov, Pierre-Yves Hodique, Yves Henry, S\u00e9lim Mazari, Itamar Golan, Vanessa Benelli-Mosell, Tanguy de Williencourt, Renaud Capu\u00e7on, Tedi Papavrami, Akiko Suwanai, Gilles Apap, Lucienne Renaudin-Vary, Edgar Moreau, Astrig Siranossian, Emmanuel Rossfelder&#8230;<\/p>\n\n\n\n<p>Il est diplom\u00e9 d\u2019un Master de p\u00e9dagogie \u00e0 la Haute \u00c9cole de Musique de Lausanne.<\/p>\n\n\n\n<p>Il est par ailleurs le fondateur et directeur artistique du Festival \u00ab Les \u00c9toiles du Classique \u00bb \u00e0 Saint-Germain-en-Laye.<\/p>\n\n\n\n<p>Il joue une r\u00e9plique d\u2019un violon d\u2019Antonio Stradivari \u00ab Le Tivadar Nach\u00e9z \u00bb datant de 1709 et r\u00e9alis\u00e9e par Stephan Von Baehr.<\/p>\n","protected":false},"featured_media":5959,"template":"","discipline":[131],"class_list":["post-5295","teacher","type-teacher","status-publish","has-post-thumbnail","hentry","discipline-violin"],"acf":[],"yoast_head":"<!-- This site is optimized with the Yoast SEO plugin v27.5 - https:\/\/yoast.com\/product\/yoast-seo-wordpress\/ -->\n<title>LEFORT Thomas - Ecole Normale de Musique de Paris<\/title>\n<meta name=\"robots\" content=\"index, follow, max-snippet:-1, max-image-preview:large, max-video-preview:-1\" \/>\n<link rel=\"canonical\" href=\"https:\/\/www.ecolenormalecortot.com\/en\/enseignants\/lefort-thomas\/\" \/>\n<meta property=\"og:locale\" content=\"en_US\" \/>\n<meta property=\"og:type\" content=\"article\" \/>\n<meta property=\"og:title\" content=\"LEFORT Thomas - Ecole Normale de Musique de Paris\" \/>\n<meta property=\"og:description\" content=\"Remarqu\u00e9 \u00e0 l&#8217;\u00e2ge de 13 ans par Ivry Gitlis, Thomas Lefort a \u00e9t\u00e9 son disciple jusqu&#8217;\u00e0 sa mort. Dipl\u00f4m\u00e9 du [&hellip;]\" \/>\n<meta property=\"og:url\" content=\"https:\/\/www.ecolenormalecortot.com\/en\/enseignants\/lefort-thomas\/\" \/>\n<meta property=\"og:site_name\" content=\"Ecole Normale de Musique de Paris\" \/>\n<meta property=\"article:modified_time\" content=\"2024-02-08T08:38:43+00:00\" \/>\n<meta property=\"og:image\" content=\"https:\/\/www.ecolenormalecortot.com\/wp-content\/uploads\/2024\/02\/Thomas-Lefort-web.jpg\" \/>\n\t<meta property=\"og:image:width\" content=\"1500\" \/>\n\t<meta property=\"og:image:height\" content=\"1983\" \/>\n\t<meta property=\"og:image:type\" content=\"image\/jpeg\" \/>\n<meta name=\"twitter:card\" content=\"summary_large_image\" \/>\n<meta name=\"twitter:label1\" content=\"Est. reading time\" \/>\n\t<meta name=\"twitter:data1\" content=\"2 minutes\" \/>\n<script type=\"application\/ld+json\" class=\"yoast-schema-graph\">{\"@context\":\"https:\\\/\\\/schema.org\",\"@graph\":[{\"@type\":\"WebPage\",\"@id\":\"https:\\\/\\\/www.ecolenormalecortot.com\\\/en\\\/enseignants\\\/lefort-thomas\\\/\",\"url\":\"https:\\\/\\\/www.ecolenormalecortot.com\\\/en\\\/enseignants\\\/lefort-thomas\\\/\",\"name\":\"LEFORT Thomas - Ecole Normale de Musique de Paris\",\"isPartOf\":{\"@id\":\"https:\\\/\\\/www.ecolenormalecortot.com\\\/en\\\/#website\"},\"primaryImageOfPage\":{\"@id\":\"https:\\\/\\\/www.ecolenormalecortot.com\\\/en\\\/enseignants\\\/lefort-thomas\\\/#primaryimage\"},\"image\":{\"@id\":\"https:\\\/\\\/www.ecolenormalecortot.com\\\/en\\\/enseignants\\\/lefort-thomas\\\/#primaryimage\"},\"thumbnailUrl\":\"https:\\\/\\\/www.ecolenormalecortot.com\\\/wp-content\\\/uploads\\\/2024\\\/02\\\/Thomas-Lefort-scaled.jpg\",\"datePublished\":\"2024-02-07T09:33:25+00:00\",\"dateModified\":\"2024-02-08T08:38:43+00:00\",\"breadcrumb\":{\"@id\":\"https:\\\/\\\/www.ecolenormalecortot.com\\\/en\\\/enseignants\\\/lefort-thomas\\\/#breadcrumb\"},\"inLanguage\":\"en-US\",\"potentialAction\":[{\"@type\":\"ReadAction\",\"target\":[\"https:\\\/\\\/www.ecolenormalecortot.com\\\/en\\\/enseignants\\\/lefort-thomas\\\/\"]}]},{\"@type\":\"ImageObject\",\"inLanguage\":\"en-US\",\"@id\":\"https:\\\/\\\/www.ecolenormalecortot.com\\\/en\\\/enseignants\\\/lefort-thomas\\\/#primaryimage\",\"url\":\"https:\\\/\\\/www.ecolenormalecortot.com\\\/wp-content\\\/uploads\\\/2024\\\/02\\\/Thomas-Lefort-scaled.jpg\",\"contentUrl\":\"https:\\\/\\\/www.ecolenormalecortot.com\\\/wp-content\\\/uploads\\\/2024\\\/02\\\/Thomas-Lefort-scaled.jpg\",\"width\":1702,\"height\":2560},{\"@type\":\"BreadcrumbList\",\"@id\":\"https:\\\/\\\/www.ecolenormalecortot.com\\\/en\\\/enseignants\\\/lefort-thomas\\\/#breadcrumb\",\"itemListElement\":[{\"@type\":\"ListItem\",\"position\":1,\"name\":\"Accueil\",\"item\":\"https:\\\/\\\/www.ecolenormalecortot.com\\\/en\\\/\"},{\"@type\":\"ListItem\",\"position\":2,\"name\":\"Professeurs\",\"item\":\"https:\\\/\\\/www.ecolenormalecortot.com\\\/en\\\/enseignants\\\/\"},{\"@type\":\"ListItem\",\"position\":3,\"name\":\"LEFORT Thomas\"}]},{\"@type\":\"WebSite\",\"@id\":\"https:\\\/\\\/www.ecolenormalecortot.com\\\/en\\\/#website\",\"url\":\"https:\\\/\\\/www.ecolenormalecortot.com\\\/en\\\/\",\"name\":\"Ecole Normale de Musique de Paris\",\"description\":\"\",\"publisher\":{\"@id\":\"https:\\\/\\\/www.ecolenormalecortot.com\\\/en\\\/#organization\"},\"potentialAction\":[{\"@type\":\"SearchAction\",\"target\":{\"@type\":\"EntryPoint\",\"urlTemplate\":\"https:\\\/\\\/www.ecolenormalecortot.com\\\/en\\\/?s={search_term_string}\"},\"query-input\":{\"@type\":\"PropertyValueSpecification\",\"valueRequired\":true,\"valueName\":\"search_term_string\"}}],\"inLanguage\":\"en-US\"},{\"@type\":\"Organization\",\"@id\":\"https:\\\/\\\/www.ecolenormalecortot.com\\\/en\\\/#organization\",\"name\":\"Ecole Normale de Musique de Paris\",\"url\":\"https:\\\/\\\/www.ecolenormalecortot.com\\\/en\\\/\",\"logo\":{\"@type\":\"ImageObject\",\"inLanguage\":\"en-US\",\"@id\":\"https:\\\/\\\/www.ecolenormalecortot.com\\\/en\\\/#\\\/schema\\\/logo\\\/image\\\/\",\"url\":\"https:\\\/\\\/www.ecolenormalecortot.com\\\/wp-content\\\/uploads\\\/2023\\\/02\\\/android-chrome-512x512-1.png\",\"contentUrl\":\"https:\\\/\\\/www.ecolenormalecortot.com\\\/wp-content\\\/uploads\\\/2023\\\/02\\\/android-chrome-512x512-1.png\",\"width\":512,\"height\":512,\"caption\":\"Ecole Normale de Musique de Paris\"},\"image\":{\"@id\":\"https:\\\/\\\/www.ecolenormalecortot.com\\\/en\\\/#\\\/schema\\\/logo\\\/image\\\/\"}}]}<\/script>\n<!-- \/ Yoast SEO plugin. -->","yoast_head_json":{"title":"LEFORT Thomas - Ecole Normale de Musique de Paris","robots":{"index":"index","follow":"follow","max-snippet":"max-snippet:-1","max-image-preview":"max-image-preview:large","max-video-preview":"max-video-preview:-1"},"canonical":"https:\/\/www.ecolenormalecortot.com\/en\/enseignants\/lefort-thomas\/","og_locale":"en_US","og_type":"article","og_title":"LEFORT Thomas - Ecole Normale de Musique de Paris","og_description":"Remarqu\u00e9 \u00e0 l&#8217;\u00e2ge de 13 ans par Ivry Gitlis, Thomas Lefort a \u00e9t\u00e9 son disciple jusqu&#8217;\u00e0 sa mort. Dipl\u00f4m\u00e9 du [&hellip;]","og_url":"https:\/\/www.ecolenormalecortot.com\/en\/enseignants\/lefort-thomas\/","og_site_name":"Ecole Normale de Musique de Paris","article_modified_time":"2024-02-08T08:38:43+00:00","og_image":[{"width":1500,"height":1983,"url":"https:\/\/www.ecolenormalecortot.com\/wp-content\/uploads\/2024\/02\/Thomas-Lefort-web.jpg","type":"image\/jpeg"}],"twitter_card":"summary_large_image","twitter_misc":{"Est. reading time":"2 minutes"},"schema":{"@context":"https:\/\/schema.org","@graph":[{"@type":"WebPage","@id":"https:\/\/www.ecolenormalecortot.com\/en\/enseignants\/lefort-thomas\/","url":"https:\/\/www.ecolenormalecortot.com\/en\/enseignants\/lefort-thomas\/","name":"LEFORT Thomas - Ecole Normale de Musique de Paris","isPartOf":{"@id":"https:\/\/www.ecolenormalecortot.com\/en\/#website"},"primaryImageOfPage":{"@id":"https:\/\/www.ecolenormalecortot.com\/en\/enseignants\/lefort-thomas\/#primaryimage"},"image":{"@id":"https:\/\/www.ecolenormalecortot.com\/en\/enseignants\/lefort-thomas\/#primaryimage"},"thumbnailUrl":"https:\/\/www.ecolenormalecortot.com\/wp-content\/uploads\/2024\/02\/Thomas-Lefort-scaled.jpg","datePublished":"2024-02-07T09:33:25+00:00","dateModified":"2024-02-08T08:38:43+00:00","breadcrumb":{"@id":"https:\/\/www.ecolenormalecortot.com\/en\/enseignants\/lefort-thomas\/#breadcrumb"},"inLanguage":"en-US","potentialAction":[{"@type":"ReadAction","target":["https:\/\/www.ecolenormalecortot.com\/en\/enseignants\/lefort-thomas\/"]}]},{"@type":"ImageObject","inLanguage":"en-US","@id":"https:\/\/www.ecolenormalecortot.com\/en\/enseignants\/lefort-thomas\/#primaryimage","url":"https:\/\/www.ecolenormalecortot.com\/wp-content\/uploads\/2024\/02\/Thomas-Lefort-scaled.jpg","contentUrl":"https:\/\/www.ecolenormalecortot.com\/wp-content\/uploads\/2024\/02\/Thomas-Lefort-scaled.jpg","width":1702,"height":2560},{"@type":"BreadcrumbList","@id":"https:\/\/www.ecolenormalecortot.com\/en\/enseignants\/lefort-thomas\/#breadcrumb","itemListElement":[{"@type":"ListItem","position":1,"name":"Accueil","item":"https:\/\/www.ecolenormalecortot.com\/en\/"},{"@type":"ListItem","position":2,"name":"Professeurs","item":"https:\/\/www.ecolenormalecortot.com\/en\/enseignants\/"},{"@type":"ListItem","position":3,"name":"LEFORT Thomas"}]},{"@type":"WebSite","@id":"https:\/\/www.ecolenormalecortot.com\/en\/#website","url":"https:\/\/www.ecolenormalecortot.com\/en\/","name":"Ecole Normale de Musique de Paris","description":"","publisher":{"@id":"https:\/\/www.ecolenormalecortot.com\/en\/#organization"},"potentialAction":[{"@type":"SearchAction","target":{"@type":"EntryPoint","urlTemplate":"https:\/\/www.ecolenormalecortot.com\/en\/?s={search_term_string}"},"query-input":{"@type":"PropertyValueSpecification","valueRequired":true,"valueName":"search_term_string"}}],"inLanguage":"en-US"},{"@type":"Organization","@id":"https:\/\/www.ecolenormalecortot.com\/en\/#organization","name":"Ecole Normale de Musique de Paris","url":"https:\/\/www.ecolenormalecortot.com\/en\/","logo":{"@type":"ImageObject","inLanguage":"en-US","@id":"https:\/\/www.ecolenormalecortot.com\/en\/#\/schema\/logo\/image\/","url":"https:\/\/www.ecolenormalecortot.com\/wp-content\/uploads\/2023\/02\/android-chrome-512x512-1.png","contentUrl":"https:\/\/www.ecolenormalecortot.com\/wp-content\/uploads\/2023\/02\/android-chrome-512x512-1.png","width":512,"height":512,"caption":"Ecole Normale de Musique de Paris"},"image":{"@id":"https:\/\/www.ecolenormalecortot.com\/en\/#\/schema\/logo\/image\/"}}]}},"_links":{"self":[{"href":"https:\/\/www.ecolenormalecortot.com\/en\/wp-json\/wp\/v2\/teacher\/5295","targetHints":{"allow":["GET"]}}],"collection":[{"href":"https:\/\/www.ecolenormalecortot.com\/en\/wp-json\/wp\/v2\/teacher"}],"about":[{"href":"https:\/\/www.ecolenormalecortot.com\/en\/wp-json\/wp\/v2\/types\/teacher"}],"wp:featuredmedia":[{"embeddable":true,"href":"https:\/\/www.ecolenormalecortot.com\/en\/wp-json\/wp\/v2\/media\/5959"}],"wp:attachment":[{"href":"https:\/\/www.ecolenormalecortot.com\/en\/wp-json\/wp\/v2\/media?parent=5295"}],"wp:term":[{"taxonomy":"discipline","embeddable":true,"href":"https:\/\/www.ecolenormalecortot.com\/en\/wp-json\/wp\/v2\/discipline?post=5295"}],"curies":[{"name":"wp","href":"https:\/\/api.w.org\/{rel}","templated":true}]}}

<p>Remarqué à l&#8217;âge de 13 ans par Ivry Gitlis, Thomas Lefort a été son disciple jusqu&#8217;à sa mort. Diplômé du Conservatoire National Supérieur de Musique et de Danse de Paris, il se perfectionne auprès de Suzanne Gessner, Roland Daugareil, Patrice Fontanarosa à Paris, Renaud Capuçon à Lausanne et Salvatore Accardo à Cremone en Italie. </p>



<p>Il est lauréat de nombreux concours internationaux (Ginette Neveu, Rodolfo Lipizer, Isaac Stern à Shanghaï&#8230;), se produit en soliste avec de nombreux orchestres et dans des salles telles que la Philharmonie de Paris, la Salle Gaveau, la Salle Cortot, la Salle Pleyel, le Théâtre du Châtelet, le Victoria Hall de Genève, la Philharmonie d’Ekaterinbourg, le Palazetto Bru-Zane à Venise, au sein de festivals tels que le Martha Argerich Festival à Hambourg, les Sommets Musicaux de Gstaad, le Festival International Les Sommets du Classique à Crans- Montana, le Festival « Le Salon Romantique » du Palazzetto Bru Zane à Venise, les Folles Journées de Nantes et d’Ekaterinbourg, le Festival de Pâques d’Aix-en-Provence, le Festival de la Roque d’Anthéron, le Festival Chopin à Nohant, le Festival Un Violon sur le Sable, le Festival de Menton&#8230;</p>



<p>Il partage la scène avec de nombreux artistes dont Martha Argerich, Andreï Korobeinikov, Pierre-Yves Hodique, Yves Henry, Sélim Mazari, Itamar Golan, Vanessa Benelli-Mosell, Tanguy de Williencourt, Renaud Capuçon, Tedi Papavrami, Akiko Suwanai, Gilles Apap, Lucienne Renaudin-Vary, Edgar Moreau, Astrig Siranossian, Emmanuel Rossfelder&#8230;</p>



<p>Il est diplomé d’un Master de pédagogie à la Haute École de Musique de Lausanne.</p>



<p>Il est par ailleurs le fondateur et directeur artistique du Festival « Les Étoiles du Classique » à Saint-Germain-en-Laye.</p>



<p>Il joue une réplique d’un violon d’Antonio Stradivari « Le Tivadar Nachéz » datant de 1709 et réalisée par Stephan Von Baehr.</p>

<!-- This site is optimized with the Yoast SEO plugin v27.5 - https://yoast.com/product/yoast-seo-wordpress/ -->
<title>LEFORT Thomas - Ecole Normale de Musique de Paris</title>
<meta name="robots" content="index, follow, max-snippet:-1, max-image-preview:large, max-video-preview:-1" />
<link rel="canonical" href="https://www.ecolenormalecortot.com/en/enseignants/lefort-thomas/" />
<meta property="og:locale" content="en_US" />
<meta property="og:type" content="article" />
<meta property="og:title" content="LEFORT Thomas - Ecole Normale de Musique de Paris" />
<meta property="og:description" content="Remarqué à l&#8217;âge de 13 ans par Ivry Gitlis, Thomas Lefort a été son disciple jusqu&#8217;à sa mort. Diplômé du [&hellip;]" />
<meta property="og:url" content="https://www.ecolenormalecortot.com/en/enseignants/lefort-thomas/" />
<meta property="og:site_name" content="Ecole Normale de Musique de Paris" />
<meta property="article:modified_time" content="2024-02-08T08:38:43+00:00" />
<meta property="og:image" content="https://www.ecolenormalecortot.com/wp-content/uploads/2024/02/Thomas-Lefort-web.jpg" />
	<meta property="og:image:width" content="1500" />
	<meta property="og:image:height" content="1983" />
	<meta property="og:image:type" content="image/jpeg" />
<meta name="twitter:card" content="summary_large_image" />
<meta name="twitter:label1" content="Est. reading time" />
	<meta name="twitter:data1" content="2 minutes" />
<script type="application/ld+json" class="yoast-schema-graph">{"@context":"https:\/\/schema.org","@graph":[{"@type":"WebPage","@id":"https:\/\/www.ecolenormalecortot.com\/en\/enseignants\/lefort-thomas\/","url":"https:\/\/www.ecolenormalecortot.com\/en\/enseignants\/lefort-thomas\/","name":"LEFORT Thomas - Ecole Normale de Musique de Paris","isPartOf":{"@id":"https:\/\/www.ecolenormalecortot.com\/en\/#website"},"primaryImageOfPage":{"@id":"https:\/\/www.ecolenormalecortot.com\/en\/enseignants\/lefort-thomas\/#primaryimage"},"image":{"@id":"https:\/\/www.ecolenormalecortot.com\/en\/enseignants\/lefort-thomas\/#primaryimage"},"thumbnailUrl":"https:\/\/www.ecolenormalecortot.com\/wp-content\/uploads\/2024\/02\/Thomas-Lefort-scaled.jpg","datePublished":"2024-02-07T09:33:25+00:00","dateModified":"2024-02-08T08:38:43+00:00","breadcrumb":{"@id":"https:\/\/www.ecolenormalecortot.com\/en\/enseignants\/lefort-thomas\/#breadcrumb"},"inLanguage":"en-US","potentialAction":[{"@type":"ReadAction","target":["https:\/\/www.ecolenormalecortot.com\/en\/enseignants\/lefort-thomas\/"]}]},{"@type":"ImageObject","inLanguage":"en-US","@id":"https:\/\/www.ecolenormalecortot.com\/en\/enseignants\/lefort-thomas\/#primaryimage","url":"https:\/\/www.ecolenormalecortot.com\/wp-content\/uploads\/2024\/02\/Thomas-Lefort-scaled.jpg","contentUrl":"https:\/\/www.ecolenormalecortot.com\/wp-content\/uploads\/2024\/02\/Thomas-Lefort-scaled.jpg","width":1702,"height":2560},{"@type":"BreadcrumbList","@id":"https:\/\/www.ecolenormalecortot.com\/en\/enseignants\/lefort-thomas\/#breadcrumb","itemListElement":[{"@type":"ListItem","position":1,"name":"Accueil","item":"https:\/\/www.ecolenormalecortot.com\/en\/"},{"@type":"ListItem","position":2,"name":"Professeurs","item":"https:\/\/www.ecolenormalecortot.com\/en\/enseignants\/"},{"@type":"ListItem","position":3,"name":"LEFORT Thomas"}]},{"@type":"WebSite","@id":"https:\/\/www.ecolenormalecortot.com\/en\/#website","url":"https:\/\/www.ecolenormalecortot.com\/en\/","name":"Ecole Normale de Musique de Paris","description":"","publisher":{"@id":"https:\/\/www.ecolenormalecortot.com\/en\/#organization"},"potentialAction":[{"@type":"SearchAction","target":{"@type":"EntryPoint","urlTemplate":"https:\/\/www.ecolenormalecortot.com\/en\/?s={search_term_string}"},"query-input":{"@type":"PropertyValueSpecification","valueRequired":true,"valueName":"search_term_string"}}],"inLanguage":"en-US"},{"@type":"Organization","@id":"https:\/\/www.ecolenormalecortot.com\/en\/#organization","name":"Ecole Normale de Musique de Paris","url":"https:\/\/www.ecolenormalecortot.com\/en\/","logo":{"@type":"ImageObject","inLanguage":"en-US","@id":"https:\/\/www.ecolenormalecortot.com\/en\/#\/schema\/logo\/image\/","url":"https:\/\/www.ecolenormalecortot.com\/wp-content\/uploads\/2023\/02\/android-chrome-512x512-1.png","contentUrl":"https:\/\/www.ecolenormalecortot.com\/wp-content\/uploads\/2023\/02\/android-chrome-512x512-1.png","width":512,"height":512,"caption":"Ecole Normale de Musique de Paris"},"image":{"@id":"https:\/\/www.ecolenormalecortot.com\/en\/#\/schema\/logo\/image\/"}}]}</script>
<!-- / Yoast SEO plugin. -->

Remarqué à l&#8217;âge de 13 ans par Ivry Gitlis, Thomas Lefort a été son disciple jusqu&#8217;à sa mort. Diplômé du [&hellip;]
