{"id":1851,"date":"2023-04-05T19:33:30","date_gmt":"2023-04-05T17:33:30","guid":{"rendered":"https:\/\/web.enmp.fr\/enseignants\/julien-gernay\/"},"modified":"2023-11-29T18:08:27","modified_gmt":"2023-11-29T17:08:27","slug":"julien-gernay","status":"publish","type":"teacher","link":"https:\/\/www.ecolenormalecortot.com\/en\/enseignants\/julien-gernay\/","title":{"rendered":"GERNAY Julien"},"content":{"rendered":"\n<p>Form\u00e9 au sein de prestigieuses institutions au piano mais \u00e9galement au violon, Julien Gernay a b\u00e9n\u00e9fici\u00e9 des conseils de Jean-Claude Pennetier, Christian Ivaldi, Menahem Pressler ou encore Janos Starker.<\/p>\n\n\n\n<p>Il a \u00e9t\u00e9 demi-finaliste au Concours International de Piano Reine Elisabeth en 2007, laur\u00e9at du Concours International de Piano du Vend\u00f4me Prize de Lisbonne en 2003, Prix Tarrazi et Prix Drouet-Bourgeois de la Fondation de France en 2001.<\/p>\n\n\n\n<p>Il est \u00e9galement laur\u00e9at de la Fondation du groupe Banque Populaire et de la Fondation Singer-Polignac.<\/p>\n\n\n\n<p>Julien Gernay se produit r\u00e9guli\u00e8rement sur de grandes sc\u00e8nes internationales et notamment, en France, aux Rencontres Musicales d\u2019Evian, au Festival de La Roque d\u2019Anth\u00e9ron,ou encore la Folle Journ\u00e9e de Nantes.<\/p>\n\n\n\n<p>Son r\u00e9pertoire de soliste, \u00e9clectique et pointu, n\u2019a rien \u00e0 envier \u00e0 son r\u00e9pertoire de musique de chambre : son affinit\u00e9 particuli\u00e8re avec ce dernier, combin\u00e9e \u00e0 son exp\u00e9rience de double instrumentiste, fait de Julien Gernay un artiste accompli et un partenaire tr\u00e8s recherch\u00e9.<\/p>\n\n\n\n<p>Son dernier album en piano solo \u00ab&nbsp;Vinophony&nbsp;\u00bb &#8211; paru en novembre 2019 chez Klarthe &#8211; a \u00e9t\u00e9 r\u00e9compens\u00e9 du \u00ab&nbsp;CLIC&nbsp;\u00bb de ClassiqueNews.<\/p>\n\n\n\n<p>Depuis 2017, il enseigne le d\u00e9chiffrage \u00e0 l\u2019\u00c9cole normale de musique de Paris.<\/p>\n","protected":false},"featured_media":1176,"template":"","discipline":[99,122,103],"class_list":["post-1851","teacher","type-teacher","status-publish","has-post-thumbnail","hentry","discipline-chamber-music","discipline-decryption","discipline-piano-en"],"acf":[],"yoast_head":"<!-- This site is optimized with the Yoast SEO plugin v27.5 - https:\/\/yoast.com\/product\/yoast-seo-wordpress\/ -->\n<title>GERNAY Julien - Ecole Normale de Musique de Paris<\/title>\n<meta name=\"robots\" content=\"index, follow, max-snippet:-1, max-image-preview:large, max-video-preview:-1\" \/>\n<link rel=\"canonical\" href=\"https:\/\/www.ecolenormalecortot.com\/en\/enseignants\/julien-gernay\/\" \/>\n<meta property=\"og:locale\" content=\"en_US\" \/>\n<meta property=\"og:type\" content=\"article\" \/>\n<meta property=\"og:title\" content=\"GERNAY Julien - Ecole Normale de Musique de Paris\" \/>\n<meta property=\"og:description\" content=\"Form\u00e9 au sein de prestigieuses institutions au piano mais \u00e9galement au violon, Julien Gernay a b\u00e9n\u00e9fici\u00e9 des conseils de Jean-Claude [&hellip;]\" \/>\n<meta property=\"og:url\" content=\"https:\/\/www.ecolenormalecortot.com\/en\/enseignants\/julien-gernay\/\" \/>\n<meta property=\"og:site_name\" content=\"Ecole Normale de Musique de Paris\" \/>\n<meta property=\"article:modified_time\" content=\"2023-11-29T17:08:27+00:00\" \/>\n<meta property=\"og:image\" content=\"https:\/\/www.ecolenormalecortot.com\/wp-content\/uploads\/2023\/04\/Julien-Gernay-624x624-1.png\" \/>\n\t<meta property=\"og:image:width\" content=\"624\" \/>\n\t<meta property=\"og:image:height\" content=\"624\" \/>\n\t<meta property=\"og:image:type\" content=\"image\/png\" \/>\n<meta name=\"twitter:card\" content=\"summary_large_image\" \/>\n<meta name=\"twitter:label1\" content=\"Est. reading time\" \/>\n\t<meta name=\"twitter:data1\" content=\"1 minute\" \/>\n<script type=\"application\/ld+json\" class=\"yoast-schema-graph\">{\"@context\":\"https:\\\/\\\/schema.org\",\"@graph\":[{\"@type\":\"WebPage\",\"@id\":\"https:\\\/\\\/www.ecolenormalecortot.com\\\/en\\\/enseignants\\\/julien-gernay\\\/\",\"url\":\"https:\\\/\\\/www.ecolenormalecortot.com\\\/en\\\/enseignants\\\/julien-gernay\\\/\",\"name\":\"GERNAY Julien - Ecole Normale de Musique de Paris\",\"isPartOf\":{\"@id\":\"https:\\\/\\\/www.ecolenormalecortot.com\\\/en\\\/#website\"},\"primaryImageOfPage\":{\"@id\":\"https:\\\/\\\/www.ecolenormalecortot.com\\\/en\\\/enseignants\\\/julien-gernay\\\/#primaryimage\"},\"image\":{\"@id\":\"https:\\\/\\\/www.ecolenormalecortot.com\\\/en\\\/enseignants\\\/julien-gernay\\\/#primaryimage\"},\"thumbnailUrl\":\"https:\\\/\\\/www.ecolenormalecortot.com\\\/wp-content\\\/uploads\\\/2023\\\/04\\\/Julien-Gernay-624x624-1.png\",\"datePublished\":\"2023-04-05T17:33:30+00:00\",\"dateModified\":\"2023-11-29T17:08:27+00:00\",\"breadcrumb\":{\"@id\":\"https:\\\/\\\/www.ecolenormalecortot.com\\\/en\\\/enseignants\\\/julien-gernay\\\/#breadcrumb\"},\"inLanguage\":\"en-US\",\"potentialAction\":[{\"@type\":\"ReadAction\",\"target\":[\"https:\\\/\\\/www.ecolenormalecortot.com\\\/en\\\/enseignants\\\/julien-gernay\\\/\"]}]},{\"@type\":\"ImageObject\",\"inLanguage\":\"en-US\",\"@id\":\"https:\\\/\\\/www.ecolenormalecortot.com\\\/en\\\/enseignants\\\/julien-gernay\\\/#primaryimage\",\"url\":\"https:\\\/\\\/www.ecolenormalecortot.com\\\/wp-content\\\/uploads\\\/2023\\\/04\\\/Julien-Gernay-624x624-1.png\",\"contentUrl\":\"https:\\\/\\\/www.ecolenormalecortot.com\\\/wp-content\\\/uploads\\\/2023\\\/04\\\/Julien-Gernay-624x624-1.png\",\"width\":624,\"height\":624},{\"@type\":\"BreadcrumbList\",\"@id\":\"https:\\\/\\\/www.ecolenormalecortot.com\\\/en\\\/enseignants\\\/julien-gernay\\\/#breadcrumb\",\"itemListElement\":[{\"@type\":\"ListItem\",\"position\":1,\"name\":\"Accueil\",\"item\":\"https:\\\/\\\/www.ecolenormalecortot.com\\\/en\\\/\"},{\"@type\":\"ListItem\",\"position\":2,\"name\":\"Professeurs\",\"item\":\"https:\\\/\\\/www.ecolenormalecortot.com\\\/en\\\/enseignants\\\/\"},{\"@type\":\"ListItem\",\"position\":3,\"name\":\"GERNAY Julien\"}]},{\"@type\":\"WebSite\",\"@id\":\"https:\\\/\\\/www.ecolenormalecortot.com\\\/en\\\/#website\",\"url\":\"https:\\\/\\\/www.ecolenormalecortot.com\\\/en\\\/\",\"name\":\"Ecole Normale de Musique de Paris\",\"description\":\"\",\"publisher\":{\"@id\":\"https:\\\/\\\/www.ecolenormalecortot.com\\\/en\\\/#organization\"},\"potentialAction\":[{\"@type\":\"SearchAction\",\"target\":{\"@type\":\"EntryPoint\",\"urlTemplate\":\"https:\\\/\\\/www.ecolenormalecortot.com\\\/en\\\/?s={search_term_string}\"},\"query-input\":{\"@type\":\"PropertyValueSpecification\",\"valueRequired\":true,\"valueName\":\"search_term_string\"}}],\"inLanguage\":\"en-US\"},{\"@type\":\"Organization\",\"@id\":\"https:\\\/\\\/www.ecolenormalecortot.com\\\/en\\\/#organization\",\"name\":\"Ecole Normale de Musique de Paris\",\"url\":\"https:\\\/\\\/www.ecolenormalecortot.com\\\/en\\\/\",\"logo\":{\"@type\":\"ImageObject\",\"inLanguage\":\"en-US\",\"@id\":\"https:\\\/\\\/www.ecolenormalecortot.com\\\/en\\\/#\\\/schema\\\/logo\\\/image\\\/\",\"url\":\"https:\\\/\\\/www.ecolenormalecortot.com\\\/wp-content\\\/uploads\\\/2023\\\/02\\\/android-chrome-512x512-1.png\",\"contentUrl\":\"https:\\\/\\\/www.ecolenormalecortot.com\\\/wp-content\\\/uploads\\\/2023\\\/02\\\/android-chrome-512x512-1.png\",\"width\":512,\"height\":512,\"caption\":\"Ecole Normale de Musique de Paris\"},\"image\":{\"@id\":\"https:\\\/\\\/www.ecolenormalecortot.com\\\/en\\\/#\\\/schema\\\/logo\\\/image\\\/\"}}]}<\/script>\n<!-- \/ Yoast SEO plugin. -->","yoast_head_json":{"title":"GERNAY Julien - Ecole Normale de Musique de Paris","robots":{"index":"index","follow":"follow","max-snippet":"max-snippet:-1","max-image-preview":"max-image-preview:large","max-video-preview":"max-video-preview:-1"},"canonical":"https:\/\/www.ecolenormalecortot.com\/en\/enseignants\/julien-gernay\/","og_locale":"en_US","og_type":"article","og_title":"GERNAY Julien - Ecole Normale de Musique de Paris","og_description":"Form\u00e9 au sein de prestigieuses institutions au piano mais \u00e9galement au violon, Julien Gernay a b\u00e9n\u00e9fici\u00e9 des conseils de Jean-Claude [&hellip;]","og_url":"https:\/\/www.ecolenormalecortot.com\/en\/enseignants\/julien-gernay\/","og_site_name":"Ecole Normale de Musique de Paris","article_modified_time":"2023-11-29T17:08:27+00:00","og_image":[{"width":624,"height":624,"url":"https:\/\/www.ecolenormalecortot.com\/wp-content\/uploads\/2023\/04\/Julien-Gernay-624x624-1.png","type":"image\/png"}],"twitter_card":"summary_large_image","twitter_misc":{"Est. reading time":"1 minute"},"schema":{"@context":"https:\/\/schema.org","@graph":[{"@type":"WebPage","@id":"https:\/\/www.ecolenormalecortot.com\/en\/enseignants\/julien-gernay\/","url":"https:\/\/www.ecolenormalecortot.com\/en\/enseignants\/julien-gernay\/","name":"GERNAY Julien - Ecole Normale de Musique de Paris","isPartOf":{"@id":"https:\/\/www.ecolenormalecortot.com\/en\/#website"},"primaryImageOfPage":{"@id":"https:\/\/www.ecolenormalecortot.com\/en\/enseignants\/julien-gernay\/#primaryimage"},"image":{"@id":"https:\/\/www.ecolenormalecortot.com\/en\/enseignants\/julien-gernay\/#primaryimage"},"thumbnailUrl":"https:\/\/www.ecolenormalecortot.com\/wp-content\/uploads\/2023\/04\/Julien-Gernay-624x624-1.png","datePublished":"2023-04-05T17:33:30+00:00","dateModified":"2023-11-29T17:08:27+00:00","breadcrumb":{"@id":"https:\/\/www.ecolenormalecortot.com\/en\/enseignants\/julien-gernay\/#breadcrumb"},"inLanguage":"en-US","potentialAction":[{"@type":"ReadAction","target":["https:\/\/www.ecolenormalecortot.com\/en\/enseignants\/julien-gernay\/"]}]},{"@type":"ImageObject","inLanguage":"en-US","@id":"https:\/\/www.ecolenormalecortot.com\/en\/enseignants\/julien-gernay\/#primaryimage","url":"https:\/\/www.ecolenormalecortot.com\/wp-content\/uploads\/2023\/04\/Julien-Gernay-624x624-1.png","contentUrl":"https:\/\/www.ecolenormalecortot.com\/wp-content\/uploads\/2023\/04\/Julien-Gernay-624x624-1.png","width":624,"height":624},{"@type":"BreadcrumbList","@id":"https:\/\/www.ecolenormalecortot.com\/en\/enseignants\/julien-gernay\/#breadcrumb","itemListElement":[{"@type":"ListItem","position":1,"name":"Accueil","item":"https:\/\/www.ecolenormalecortot.com\/en\/"},{"@type":"ListItem","position":2,"name":"Professeurs","item":"https:\/\/www.ecolenormalecortot.com\/en\/enseignants\/"},{"@type":"ListItem","position":3,"name":"GERNAY Julien"}]},{"@type":"WebSite","@id":"https:\/\/www.ecolenormalecortot.com\/en\/#website","url":"https:\/\/www.ecolenormalecortot.com\/en\/","name":"Ecole Normale de Musique de Paris","description":"","publisher":{"@id":"https:\/\/www.ecolenormalecortot.com\/en\/#organization"},"potentialAction":[{"@type":"SearchAction","target":{"@type":"EntryPoint","urlTemplate":"https:\/\/www.ecolenormalecortot.com\/en\/?s={search_term_string}"},"query-input":{"@type":"PropertyValueSpecification","valueRequired":true,"valueName":"search_term_string"}}],"inLanguage":"en-US"},{"@type":"Organization","@id":"https:\/\/www.ecolenormalecortot.com\/en\/#organization","name":"Ecole Normale de Musique de Paris","url":"https:\/\/www.ecolenormalecortot.com\/en\/","logo":{"@type":"ImageObject","inLanguage":"en-US","@id":"https:\/\/www.ecolenormalecortot.com\/en\/#\/schema\/logo\/image\/","url":"https:\/\/www.ecolenormalecortot.com\/wp-content\/uploads\/2023\/02\/android-chrome-512x512-1.png","contentUrl":"https:\/\/www.ecolenormalecortot.com\/wp-content\/uploads\/2023\/02\/android-chrome-512x512-1.png","width":512,"height":512,"caption":"Ecole Normale de Musique de Paris"},"image":{"@id":"https:\/\/www.ecolenormalecortot.com\/en\/#\/schema\/logo\/image\/"}}]}},"_links":{"self":[{"href":"https:\/\/www.ecolenormalecortot.com\/en\/wp-json\/wp\/v2\/teacher\/1851","targetHints":{"allow":["GET"]}}],"collection":[{"href":"https:\/\/www.ecolenormalecortot.com\/en\/wp-json\/wp\/v2\/teacher"}],"about":[{"href":"https:\/\/www.ecolenormalecortot.com\/en\/wp-json\/wp\/v2\/types\/teacher"}],"wp:featuredmedia":[{"embeddable":true,"href":"https:\/\/www.ecolenormalecortot.com\/en\/wp-json\/wp\/v2\/media\/1176"}],"wp:attachment":[{"href":"https:\/\/www.ecolenormalecortot.com\/en\/wp-json\/wp\/v2\/media?parent=1851"}],"wp:term":[{"taxonomy":"discipline","embeddable":true,"href":"https:\/\/www.ecolenormalecortot.com\/en\/wp-json\/wp\/v2\/discipline?post=1851"}],"curies":[{"name":"wp","href":"https:\/\/api.w.org\/{rel}","templated":true}]}}

<p>Formé au sein de prestigieuses institutions au piano mais également au violon, Julien Gernay a bénéficié des conseils de Jean-Claude Pennetier, Christian Ivaldi, Menahem Pressler ou encore Janos Starker.</p>



<p>Il a été demi-finaliste au Concours International de Piano Reine Elisabeth en 2007, lauréat du Concours International de Piano du Vendôme Prize de Lisbonne en 2003, Prix Tarrazi et Prix Drouet-Bourgeois de la Fondation de France en 2001.</p>



<p>Il est également lauréat de la Fondation du groupe Banque Populaire et de la Fondation Singer-Polignac.</p>



<p>Julien Gernay se produit régulièrement sur de grandes scènes internationales et notamment, en France, aux Rencontres Musicales d’Evian, au Festival de La Roque d’Anthéron,ou encore la Folle Journée de Nantes.</p>



<p>Son répertoire de soliste, éclectique et pointu, n’a rien à envier à son répertoire de musique de chambre : son affinité particulière avec ce dernier, combinée à son expérience de double instrumentiste, fait de Julien Gernay un artiste accompli et un partenaire très recherché.</p>



<p>Son dernier album en piano solo «&nbsp;Vinophony&nbsp;» &#8211; paru en novembre 2019 chez Klarthe &#8211; a été récompensé du «&nbsp;CLIC&nbsp;» de ClassiqueNews.</p>



<p>Depuis 2017, il enseigne le déchiffrage à l’École normale de musique de Paris.</p>

<!-- This site is optimized with the Yoast SEO plugin v27.5 - https://yoast.com/product/yoast-seo-wordpress/ -->
<title>GERNAY Julien - Ecole Normale de Musique de Paris</title>
<meta name="robots" content="index, follow, max-snippet:-1, max-image-preview:large, max-video-preview:-1" />
<link rel="canonical" href="https://www.ecolenormalecortot.com/en/enseignants/julien-gernay/" />
<meta property="og:locale" content="en_US" />
<meta property="og:type" content="article" />
<meta property="og:title" content="GERNAY Julien - Ecole Normale de Musique de Paris" />
<meta property="og:description" content="Formé au sein de prestigieuses institutions au piano mais également au violon, Julien Gernay a bénéficié des conseils de Jean-Claude [&hellip;]" />
<meta property="og:url" content="https://www.ecolenormalecortot.com/en/enseignants/julien-gernay/" />
<meta property="og:site_name" content="Ecole Normale de Musique de Paris" />
<meta property="article:modified_time" content="2023-11-29T17:08:27+00:00" />
<meta property="og:image" content="https://www.ecolenormalecortot.com/wp-content/uploads/2023/04/Julien-Gernay-624x624-1.png" />
	<meta property="og:image:width" content="624" />
	<meta property="og:image:height" content="624" />
	<meta property="og:image:type" content="image/png" />
<meta name="twitter:card" content="summary_large_image" />
<meta name="twitter:label1" content="Est. reading time" />
	<meta name="twitter:data1" content="1 minute" />
<script type="application/ld+json" class="yoast-schema-graph">{"@context":"https:\/\/schema.org","@graph":[{"@type":"WebPage","@id":"https:\/\/www.ecolenormalecortot.com\/en\/enseignants\/julien-gernay\/","url":"https:\/\/www.ecolenormalecortot.com\/en\/enseignants\/julien-gernay\/","name":"GERNAY Julien - Ecole Normale de Musique de Paris","isPartOf":{"@id":"https:\/\/www.ecolenormalecortot.com\/en\/#website"},"primaryImageOfPage":{"@id":"https:\/\/www.ecolenormalecortot.com\/en\/enseignants\/julien-gernay\/#primaryimage"},"image":{"@id":"https:\/\/www.ecolenormalecortot.com\/en\/enseignants\/julien-gernay\/#primaryimage"},"thumbnailUrl":"https:\/\/www.ecolenormalecortot.com\/wp-content\/uploads\/2023\/04\/Julien-Gernay-624x624-1.png","datePublished":"2023-04-05T17:33:30+00:00","dateModified":"2023-11-29T17:08:27+00:00","breadcrumb":{"@id":"https:\/\/www.ecolenormalecortot.com\/en\/enseignants\/julien-gernay\/#breadcrumb"},"inLanguage":"en-US","potentialAction":[{"@type":"ReadAction","target":["https:\/\/www.ecolenormalecortot.com\/en\/enseignants\/julien-gernay\/"]}]},{"@type":"ImageObject","inLanguage":"en-US","@id":"https:\/\/www.ecolenormalecortot.com\/en\/enseignants\/julien-gernay\/#primaryimage","url":"https:\/\/www.ecolenormalecortot.com\/wp-content\/uploads\/2023\/04\/Julien-Gernay-624x624-1.png","contentUrl":"https:\/\/www.ecolenormalecortot.com\/wp-content\/uploads\/2023\/04\/Julien-Gernay-624x624-1.png","width":624,"height":624},{"@type":"BreadcrumbList","@id":"https:\/\/www.ecolenormalecortot.com\/en\/enseignants\/julien-gernay\/#breadcrumb","itemListElement":[{"@type":"ListItem","position":1,"name":"Accueil","item":"https:\/\/www.ecolenormalecortot.com\/en\/"},{"@type":"ListItem","position":2,"name":"Professeurs","item":"https:\/\/www.ecolenormalecortot.com\/en\/enseignants\/"},{"@type":"ListItem","position":3,"name":"GERNAY Julien"}]},{"@type":"WebSite","@id":"https:\/\/www.ecolenormalecortot.com\/en\/#website","url":"https:\/\/www.ecolenormalecortot.com\/en\/","name":"Ecole Normale de Musique de Paris","description":"","publisher":{"@id":"https:\/\/www.ecolenormalecortot.com\/en\/#organization"},"potentialAction":[{"@type":"SearchAction","target":{"@type":"EntryPoint","urlTemplate":"https:\/\/www.ecolenormalecortot.com\/en\/?s={search_term_string}"},"query-input":{"@type":"PropertyValueSpecification","valueRequired":true,"valueName":"search_term_string"}}],"inLanguage":"en-US"},{"@type":"Organization","@id":"https:\/\/www.ecolenormalecortot.com\/en\/#organization","name":"Ecole Normale de Musique de Paris","url":"https:\/\/www.ecolenormalecortot.com\/en\/","logo":{"@type":"ImageObject","inLanguage":"en-US","@id":"https:\/\/www.ecolenormalecortot.com\/en\/#\/schema\/logo\/image\/","url":"https:\/\/www.ecolenormalecortot.com\/wp-content\/uploads\/2023\/02\/android-chrome-512x512-1.png","contentUrl":"https:\/\/www.ecolenormalecortot.com\/wp-content\/uploads\/2023\/02\/android-chrome-512x512-1.png","width":512,"height":512,"caption":"Ecole Normale de Musique de Paris"},"image":{"@id":"https:\/\/www.ecolenormalecortot.com\/en\/#\/schema\/logo\/image\/"}}]}</script>
<!-- / Yoast SEO plugin. -->

Formé au sein de prestigieuses institutions au piano mais également au violon, Julien Gernay a bénéficié des conseils de Jean-Claude [&hellip;]
