{"id":1850,"date":"2023-04-05T19:32:11","date_gmt":"2023-04-05T17:32:11","guid":{"rendered":"https:\/\/web.enmp.fr\/enseignants\/pierre-genisson\/"},"modified":"2023-04-05T19:32:11","modified_gmt":"2023-04-05T17:32:11","slug":"pierre-genisson","status":"publish","type":"teacher","link":"https:\/\/www.ecolenormalecortot.com\/en\/enseignants\/pierre-genisson\/","title":{"rendered":"GENISSON Pierre"},"content":{"rendered":"\n<p>Laur\u00e9at du prestigieux Concours International Carl Nielsen, Pierre Genisson a remport\u00e9 le 1er Prix et le Prix du public du Concours international Jacques Lancelot de Tokyo en 2014. Pierre G\u00e9nisson a fait ses \u00e9tudes musicales au Conservatoire National Sup\u00e9rieur de Musique de Paris, dans la classe de Michel Arrignon, puis \u00e0 l\u2019University of Southern California de Los Angeles aupr\u00e8s du c\u00e9l\u00e8bre professeur Yehuda Gilal.<\/p>\n\n\n\n<p>\u00c0 21 ans, il a \u00e9t\u00e9 nomm\u00e9 clarinette solo de l\u2019Orchestre Symphonique de Bretagne, avec lequel il participe \u00e0 de nombreux festivals et enregistrements. Il fait ses d\u00e9buts sur la sc\u00e8ne de la Philharmonie de Berlin dans la Rhapsodie de Debussy et le Double concerto de Bruch. Il est depuis r\u00e9guli\u00e8rement invit\u00e9 par de grands orchestres europ\u00e9ens et internationaux (Deutsches Symphonie Orchester-Berlin, le Tokyo Philharmonic Orchestra, l\u2019Orchestre Philharmonique Royal de Li\u00e8ge\u2026) dirig\u00e9s notamment par les chefs Emmanuel Krivine, Olari Elts, Krysztof Penderecki, Charles Dutoit\u2026<\/p>\n\n\n\n<p>Passionn\u00e9 de musique de chambre, Pierre G\u00e9nisson multiplie les rencontres musicales et joue r\u00e9guli\u00e8rement avec des partenaires tels que Thierry Escaich, Nicolas Dautricourt, Karine Deshayes, le Quatuor Eb\u00e8ne, le Quatuor Modigliani \u2026<\/p>\n\n\n\n<p>Pierre G\u00e9nisson est d\u00e9dicataire d\u2019un concerto pour clarinette du compositeur Eric Tanguy qu\u2019il a cr\u00e9\u00e9 avec l\u2019Orchestre Philharmonique Royal de Li\u00e8ge.<\/p>\n\n\n\n<p>Il est r\u00e9guli\u00e8rement invit\u00e9 \u00e0 donner des masterclasses.<\/p>\n\n\n\n<p><strong>Entretien avec Pierre G\u00e9nisson<\/strong><\/p>\n\n\n\n<figure class=\"wp-block-embed is-type-video is-provider-youtube wp-block-embed-youtube wp-embed-aspect-16-9 wp-has-aspect-ratio\"><div class=\"wp-block-embed__wrapper\">\n<iframe loading=\"lazy\" title=\"ENTRETIEN AVEC PIERRE GENISSON, professeur de clarinette\" width=\"1140\" height=\"641\" src=\"https:\/\/www.youtube.com\/embed\/FIclxHEzc0s?feature=oembed\" frameborder=\"0\" allow=\"accelerometer; autoplay; clipboard-write; encrypted-media; gyroscope; picture-in-picture; web-share\" allowfullscreen><\/iframe>\n<\/div><\/figure>\n","protected":false},"featured_media":1173,"template":"","discipline":[112],"class_list":["post-1850","teacher","type-teacher","status-publish","has-post-thumbnail","hentry","discipline-clarinet"],"acf":[],"yoast_head":"<!-- This site is optimized with the Yoast SEO plugin v27.5 - https:\/\/yoast.com\/product\/yoast-seo-wordpress\/ -->\n<title>GENISSON Pierre - Ecole Normale de Musique de Paris<\/title>\n<meta name=\"robots\" content=\"index, follow, max-snippet:-1, max-image-preview:large, max-video-preview:-1\" \/>\n<link rel=\"canonical\" href=\"https:\/\/www.ecolenormalecortot.com\/en\/enseignants\/pierre-genisson\/\" \/>\n<meta property=\"og:locale\" content=\"en_US\" \/>\n<meta property=\"og:type\" content=\"article\" \/>\n<meta property=\"og:title\" content=\"GENISSON Pierre - Ecole Normale de Musique de Paris\" \/>\n<meta property=\"og:description\" content=\"Laur\u00e9at du prestigieux Concours International Carl Nielsen, Pierre Genisson a remport\u00e9 le 1er Prix et le Prix du public du [&hellip;]\" \/>\n<meta property=\"og:url\" content=\"https:\/\/www.ecolenormalecortot.com\/en\/enseignants\/pierre-genisson\/\" \/>\n<meta property=\"og:site_name\" content=\"Ecole Normale de Musique de Paris\" \/>\n<meta name=\"twitter:card\" content=\"summary_large_image\" \/>\n<meta name=\"twitter:label1\" content=\"Est. reading time\" \/>\n\t<meta name=\"twitter:data1\" content=\"1 minute\" \/>\n<script type=\"application\/ld+json\" class=\"yoast-schema-graph\">{\"@context\":\"https:\\\/\\\/schema.org\",\"@graph\":[{\"@type\":\"WebPage\",\"@id\":\"https:\\\/\\\/www.ecolenormalecortot.com\\\/en\\\/enseignants\\\/pierre-genisson\\\/\",\"url\":\"https:\\\/\\\/www.ecolenormalecortot.com\\\/en\\\/enseignants\\\/pierre-genisson\\\/\",\"name\":\"GENISSON Pierre - Ecole Normale de Musique de Paris\",\"isPartOf\":{\"@id\":\"https:\\\/\\\/www.ecolenormalecortot.com\\\/en\\\/#website\"},\"primaryImageOfPage\":{\"@id\":\"https:\\\/\\\/www.ecolenormalecortot.com\\\/en\\\/enseignants\\\/pierre-genisson\\\/#primaryimage\"},\"image\":{\"@id\":\"https:\\\/\\\/www.ecolenormalecortot.com\\\/en\\\/enseignants\\\/pierre-genisson\\\/#primaryimage\"},\"thumbnailUrl\":\"https:\\\/\\\/www.ecolenormalecortot.com\\\/wp-content\\\/uploads\\\/2023\\\/04\\\/GENISSON-Pierre-BD.jpg\",\"datePublished\":\"2023-04-05T17:32:11+00:00\",\"breadcrumb\":{\"@id\":\"https:\\\/\\\/www.ecolenormalecortot.com\\\/en\\\/enseignants\\\/pierre-genisson\\\/#breadcrumb\"},\"inLanguage\":\"en-US\",\"potentialAction\":[{\"@type\":\"ReadAction\",\"target\":[\"https:\\\/\\\/www.ecolenormalecortot.com\\\/en\\\/enseignants\\\/pierre-genisson\\\/\"]}]},{\"@type\":\"ImageObject\",\"inLanguage\":\"en-US\",\"@id\":\"https:\\\/\\\/www.ecolenormalecortot.com\\\/en\\\/enseignants\\\/pierre-genisson\\\/#primaryimage\",\"url\":\"https:\\\/\\\/www.ecolenormalecortot.com\\\/wp-content\\\/uploads\\\/2023\\\/04\\\/GENISSON-Pierre-BD.jpg\",\"contentUrl\":\"https:\\\/\\\/www.ecolenormalecortot.com\\\/wp-content\\\/uploads\\\/2023\\\/04\\\/GENISSON-Pierre-BD.jpg\",\"width\":429,\"height\":429},{\"@type\":\"BreadcrumbList\",\"@id\":\"https:\\\/\\\/www.ecolenormalecortot.com\\\/en\\\/enseignants\\\/pierre-genisson\\\/#breadcrumb\",\"itemListElement\":[{\"@type\":\"ListItem\",\"position\":1,\"name\":\"Accueil\",\"item\":\"https:\\\/\\\/www.ecolenormalecortot.com\\\/en\\\/\"},{\"@type\":\"ListItem\",\"position\":2,\"name\":\"Professeurs\",\"item\":\"https:\\\/\\\/www.ecolenormalecortot.com\\\/en\\\/enseignants\\\/\"},{\"@type\":\"ListItem\",\"position\":3,\"name\":\"GENISSON Pierre\"}]},{\"@type\":\"WebSite\",\"@id\":\"https:\\\/\\\/www.ecolenormalecortot.com\\\/en\\\/#website\",\"url\":\"https:\\\/\\\/www.ecolenormalecortot.com\\\/en\\\/\",\"name\":\"Ecole Normale de Musique de Paris\",\"description\":\"\",\"publisher\":{\"@id\":\"https:\\\/\\\/www.ecolenormalecortot.com\\\/en\\\/#organization\"},\"potentialAction\":[{\"@type\":\"SearchAction\",\"target\":{\"@type\":\"EntryPoint\",\"urlTemplate\":\"https:\\\/\\\/www.ecolenormalecortot.com\\\/en\\\/?s={search_term_string}\"},\"query-input\":{\"@type\":\"PropertyValueSpecification\",\"valueRequired\":true,\"valueName\":\"search_term_string\"}}],\"inLanguage\":\"en-US\"},{\"@type\":\"Organization\",\"@id\":\"https:\\\/\\\/www.ecolenormalecortot.com\\\/en\\\/#organization\",\"name\":\"Ecole Normale de Musique de Paris\",\"url\":\"https:\\\/\\\/www.ecolenormalecortot.com\\\/en\\\/\",\"logo\":{\"@type\":\"ImageObject\",\"inLanguage\":\"en-US\",\"@id\":\"https:\\\/\\\/www.ecolenormalecortot.com\\\/en\\\/#\\\/schema\\\/logo\\\/image\\\/\",\"url\":\"https:\\\/\\\/www.ecolenormalecortot.com\\\/wp-content\\\/uploads\\\/2023\\\/02\\\/android-chrome-512x512-1.png\",\"contentUrl\":\"https:\\\/\\\/www.ecolenormalecortot.com\\\/wp-content\\\/uploads\\\/2023\\\/02\\\/android-chrome-512x512-1.png\",\"width\":512,\"height\":512,\"caption\":\"Ecole Normale de Musique de Paris\"},\"image\":{\"@id\":\"https:\\\/\\\/www.ecolenormalecortot.com\\\/en\\\/#\\\/schema\\\/logo\\\/image\\\/\"}}]}<\/script>\n<!-- \/ Yoast SEO plugin. -->","yoast_head_json":{"title":"GENISSON Pierre - Ecole Normale de Musique de Paris","robots":{"index":"index","follow":"follow","max-snippet":"max-snippet:-1","max-image-preview":"max-image-preview:large","max-video-preview":"max-video-preview:-1"},"canonical":"https:\/\/www.ecolenormalecortot.com\/en\/enseignants\/pierre-genisson\/","og_locale":"en_US","og_type":"article","og_title":"GENISSON Pierre - Ecole Normale de Musique de Paris","og_description":"Laur\u00e9at du prestigieux Concours International Carl Nielsen, Pierre Genisson a remport\u00e9 le 1er Prix et le Prix du public du [&hellip;]","og_url":"https:\/\/www.ecolenormalecortot.com\/en\/enseignants\/pierre-genisson\/","og_site_name":"Ecole Normale de Musique de Paris","twitter_card":"summary_large_image","twitter_misc":{"Est. reading time":"1 minute"},"schema":{"@context":"https:\/\/schema.org","@graph":[{"@type":"WebPage","@id":"https:\/\/www.ecolenormalecortot.com\/en\/enseignants\/pierre-genisson\/","url":"https:\/\/www.ecolenormalecortot.com\/en\/enseignants\/pierre-genisson\/","name":"GENISSON Pierre - Ecole Normale de Musique de Paris","isPartOf":{"@id":"https:\/\/www.ecolenormalecortot.com\/en\/#website"},"primaryImageOfPage":{"@id":"https:\/\/www.ecolenormalecortot.com\/en\/enseignants\/pierre-genisson\/#primaryimage"},"image":{"@id":"https:\/\/www.ecolenormalecortot.com\/en\/enseignants\/pierre-genisson\/#primaryimage"},"thumbnailUrl":"https:\/\/www.ecolenormalecortot.com\/wp-content\/uploads\/2023\/04\/GENISSON-Pierre-BD.jpg","datePublished":"2023-04-05T17:32:11+00:00","breadcrumb":{"@id":"https:\/\/www.ecolenormalecortot.com\/en\/enseignants\/pierre-genisson\/#breadcrumb"},"inLanguage":"en-US","potentialAction":[{"@type":"ReadAction","target":["https:\/\/www.ecolenormalecortot.com\/en\/enseignants\/pierre-genisson\/"]}]},{"@type":"ImageObject","inLanguage":"en-US","@id":"https:\/\/www.ecolenormalecortot.com\/en\/enseignants\/pierre-genisson\/#primaryimage","url":"https:\/\/www.ecolenormalecortot.com\/wp-content\/uploads\/2023\/04\/GENISSON-Pierre-BD.jpg","contentUrl":"https:\/\/www.ecolenormalecortot.com\/wp-content\/uploads\/2023\/04\/GENISSON-Pierre-BD.jpg","width":429,"height":429},{"@type":"BreadcrumbList","@id":"https:\/\/www.ecolenormalecortot.com\/en\/enseignants\/pierre-genisson\/#breadcrumb","itemListElement":[{"@type":"ListItem","position":1,"name":"Accueil","item":"https:\/\/www.ecolenormalecortot.com\/en\/"},{"@type":"ListItem","position":2,"name":"Professeurs","item":"https:\/\/www.ecolenormalecortot.com\/en\/enseignants\/"},{"@type":"ListItem","position":3,"name":"GENISSON Pierre"}]},{"@type":"WebSite","@id":"https:\/\/www.ecolenormalecortot.com\/en\/#website","url":"https:\/\/www.ecolenormalecortot.com\/en\/","name":"Ecole Normale de Musique de Paris","description":"","publisher":{"@id":"https:\/\/www.ecolenormalecortot.com\/en\/#organization"},"potentialAction":[{"@type":"SearchAction","target":{"@type":"EntryPoint","urlTemplate":"https:\/\/www.ecolenormalecortot.com\/en\/?s={search_term_string}"},"query-input":{"@type":"PropertyValueSpecification","valueRequired":true,"valueName":"search_term_string"}}],"inLanguage":"en-US"},{"@type":"Organization","@id":"https:\/\/www.ecolenormalecortot.com\/en\/#organization","name":"Ecole Normale de Musique de Paris","url":"https:\/\/www.ecolenormalecortot.com\/en\/","logo":{"@type":"ImageObject","inLanguage":"en-US","@id":"https:\/\/www.ecolenormalecortot.com\/en\/#\/schema\/logo\/image\/","url":"https:\/\/www.ecolenormalecortot.com\/wp-content\/uploads\/2023\/02\/android-chrome-512x512-1.png","contentUrl":"https:\/\/www.ecolenormalecortot.com\/wp-content\/uploads\/2023\/02\/android-chrome-512x512-1.png","width":512,"height":512,"caption":"Ecole Normale de Musique de Paris"},"image":{"@id":"https:\/\/www.ecolenormalecortot.com\/en\/#\/schema\/logo\/image\/"}}]}},"_links":{"self":[{"href":"https:\/\/www.ecolenormalecortot.com\/en\/wp-json\/wp\/v2\/teacher\/1850","targetHints":{"allow":["GET"]}}],"collection":[{"href":"https:\/\/www.ecolenormalecortot.com\/en\/wp-json\/wp\/v2\/teacher"}],"about":[{"href":"https:\/\/www.ecolenormalecortot.com\/en\/wp-json\/wp\/v2\/types\/teacher"}],"wp:featuredmedia":[{"embeddable":true,"href":"https:\/\/www.ecolenormalecortot.com\/en\/wp-json\/wp\/v2\/media\/1173"}],"wp:attachment":[{"href":"https:\/\/www.ecolenormalecortot.com\/en\/wp-json\/wp\/v2\/media?parent=1850"}],"wp:term":[{"taxonomy":"discipline","embeddable":true,"href":"https:\/\/www.ecolenormalecortot.com\/en\/wp-json\/wp\/v2\/discipline?post=1850"}],"curies":[{"name":"wp","href":"https:\/\/api.w.org\/{rel}","templated":true}]}}

<p>Lauréat du prestigieux Concours International Carl Nielsen, Pierre Genisson a remporté le 1er Prix et le Prix du public du Concours international Jacques Lancelot de Tokyo en 2014. Pierre Génisson a fait ses études musicales au Conservatoire National Supérieur de Musique de Paris, dans la classe de Michel Arrignon, puis à l’University of Southern California de Los Angeles auprès du célèbre professeur Yehuda Gilal.</p>



<p>À 21 ans, il a été nommé clarinette solo de l’Orchestre Symphonique de Bretagne, avec lequel il participe à de nombreux festivals et enregistrements. Il fait ses débuts sur la scène de la Philharmonie de Berlin dans la Rhapsodie de Debussy et le Double concerto de Bruch. Il est depuis régulièrement invité par de grands orchestres européens et internationaux (Deutsches Symphonie Orchester-Berlin, le Tokyo Philharmonic Orchestra, l’Orchestre Philharmonique Royal de Liège…) dirigés notamment par les chefs Emmanuel Krivine, Olari Elts, Krysztof Penderecki, Charles Dutoit…</p>



<p>Passionné de musique de chambre, Pierre Génisson multiplie les rencontres musicales et joue régulièrement avec des partenaires tels que Thierry Escaich, Nicolas Dautricourt, Karine Deshayes, le Quatuor Ebène, le Quatuor Modigliani …</p>



<p>Pierre Génisson est dédicataire d’un concerto pour clarinette du compositeur Eric Tanguy qu’il a créé avec l’Orchestre Philharmonique Royal de Liège.</p>



<p>Il est régulièrement invité à donner des masterclasses.</p>



<p><strong>Entretien avec Pierre Génisson</strong></p>



<figure class="wp-block-embed is-type-video is-provider-youtube wp-block-embed-youtube wp-embed-aspect-16-9 wp-has-aspect-ratio"><div class="wp-block-embed__wrapper">
<iframe loading="lazy" title="ENTRETIEN AVEC PIERRE GENISSON, professeur de clarinette" width="1140" height="641" src="https://www.youtube.com/embed/FIclxHEzc0s?feature=oembed" frameborder="0" allow="accelerometer; autoplay; clipboard-write; encrypted-media; gyroscope; picture-in-picture; web-share" allowfullscreen></iframe>
</div></figure>

<!-- This site is optimized with the Yoast SEO plugin v27.5 - https://yoast.com/product/yoast-seo-wordpress/ -->
<title>GENISSON Pierre - Ecole Normale de Musique de Paris</title>
<meta name="robots" content="index, follow, max-snippet:-1, max-image-preview:large, max-video-preview:-1" />
<link rel="canonical" href="https://www.ecolenormalecortot.com/en/enseignants/pierre-genisson/" />
<meta property="og:locale" content="en_US" />
<meta property="og:type" content="article" />
<meta property="og:title" content="GENISSON Pierre - Ecole Normale de Musique de Paris" />
<meta property="og:description" content="Lauréat du prestigieux Concours International Carl Nielsen, Pierre Genisson a remporté le 1er Prix et le Prix du public du [&hellip;]" />
<meta property="og:url" content="https://www.ecolenormalecortot.com/en/enseignants/pierre-genisson/" />
<meta property="og:site_name" content="Ecole Normale de Musique de Paris" />
<meta name="twitter:card" content="summary_large_image" />
<meta name="twitter:label1" content="Est. reading time" />
	<meta name="twitter:data1" content="1 minute" />
<script type="application/ld+json" class="yoast-schema-graph">{"@context":"https:\/\/schema.org","@graph":[{"@type":"WebPage","@id":"https:\/\/www.ecolenormalecortot.com\/en\/enseignants\/pierre-genisson\/","url":"https:\/\/www.ecolenormalecortot.com\/en\/enseignants\/pierre-genisson\/","name":"GENISSON Pierre - Ecole Normale de Musique de Paris","isPartOf":{"@id":"https:\/\/www.ecolenormalecortot.com\/en\/#website"},"primaryImageOfPage":{"@id":"https:\/\/www.ecolenormalecortot.com\/en\/enseignants\/pierre-genisson\/#primaryimage"},"image":{"@id":"https:\/\/www.ecolenormalecortot.com\/en\/enseignants\/pierre-genisson\/#primaryimage"},"thumbnailUrl":"https:\/\/www.ecolenormalecortot.com\/wp-content\/uploads\/2023\/04\/GENISSON-Pierre-BD.jpg","datePublished":"2023-04-05T17:32:11+00:00","breadcrumb":{"@id":"https:\/\/www.ecolenormalecortot.com\/en\/enseignants\/pierre-genisson\/#breadcrumb"},"inLanguage":"en-US","potentialAction":[{"@type":"ReadAction","target":["https:\/\/www.ecolenormalecortot.com\/en\/enseignants\/pierre-genisson\/"]}]},{"@type":"ImageObject","inLanguage":"en-US","@id":"https:\/\/www.ecolenormalecortot.com\/en\/enseignants\/pierre-genisson\/#primaryimage","url":"https:\/\/www.ecolenormalecortot.com\/wp-content\/uploads\/2023\/04\/GENISSON-Pierre-BD.jpg","contentUrl":"https:\/\/www.ecolenormalecortot.com\/wp-content\/uploads\/2023\/04\/GENISSON-Pierre-BD.jpg","width":429,"height":429},{"@type":"BreadcrumbList","@id":"https:\/\/www.ecolenormalecortot.com\/en\/enseignants\/pierre-genisson\/#breadcrumb","itemListElement":[{"@type":"ListItem","position":1,"name":"Accueil","item":"https:\/\/www.ecolenormalecortot.com\/en\/"},{"@type":"ListItem","position":2,"name":"Professeurs","item":"https:\/\/www.ecolenormalecortot.com\/en\/enseignants\/"},{"@type":"ListItem","position":3,"name":"GENISSON Pierre"}]},{"@type":"WebSite","@id":"https:\/\/www.ecolenormalecortot.com\/en\/#website","url":"https:\/\/www.ecolenormalecortot.com\/en\/","name":"Ecole Normale de Musique de Paris","description":"","publisher":{"@id":"https:\/\/www.ecolenormalecortot.com\/en\/#organization"},"potentialAction":[{"@type":"SearchAction","target":{"@type":"EntryPoint","urlTemplate":"https:\/\/www.ecolenormalecortot.com\/en\/?s={search_term_string}"},"query-input":{"@type":"PropertyValueSpecification","valueRequired":true,"valueName":"search_term_string"}}],"inLanguage":"en-US"},{"@type":"Organization","@id":"https:\/\/www.ecolenormalecortot.com\/en\/#organization","name":"Ecole Normale de Musique de Paris","url":"https:\/\/www.ecolenormalecortot.com\/en\/","logo":{"@type":"ImageObject","inLanguage":"en-US","@id":"https:\/\/www.ecolenormalecortot.com\/en\/#\/schema\/logo\/image\/","url":"https:\/\/www.ecolenormalecortot.com\/wp-content\/uploads\/2023\/02\/android-chrome-512x512-1.png","contentUrl":"https:\/\/www.ecolenormalecortot.com\/wp-content\/uploads\/2023\/02\/android-chrome-512x512-1.png","width":512,"height":512,"caption":"Ecole Normale de Musique de Paris"},"image":{"@id":"https:\/\/www.ecolenormalecortot.com\/en\/#\/schema\/logo\/image\/"}}]}</script>
<!-- / Yoast SEO plugin. -->

Lauréat du prestigieux Concours International Carl Nielsen, Pierre Genisson a remporté le 1er Prix et le Prix du public du [&hellip;]
