{"id":1830,"date":"2023-04-06T08:50:17","date_gmt":"2023-04-06T06:50:17","guid":{"rendered":"https:\/\/web.enmp.fr\/enseignants\/kudela-irene\/"},"modified":"2025-06-26T15:08:19","modified_gmt":"2025-06-26T13:08:19","slug":"kudela-irene","status":"publish","type":"teacher","link":"https:\/\/www.ecolenormalecortot.com\/en\/enseignants\/kudela-irene\/","title":{"rendered":"KUDELA Ir\u00e8ne"},"content":{"rendered":"\n<p>Chevalier of the Order of Arts and Letters, laureate of the Menuhin Foundation, and recipient of the Critics&#8217; Prize for Best Opera Production, Irene Kudela performs from Tokyo to Belgrade, from London to Helsinki, Paris, Salzburg, Orange, and Aix-en-Provence\u2026<\/p>\n\n\n\n<p>She records for Maguelone Records.<br>She has performed in concert alongside Barbara Hendricks, Galina Vishnevskaya, Alain Vanzo, Camille Maurane, Elizabeth Vidal, Aude Extr\u00e9mo, Eva Za\u00efcik, Florian Sempey, among others.<\/p>\n\n\n\n<p>Fluent in seven languages, she has been the trusted assistant to Mstislav Rostropovich, Pierre Boulez, Kent Nagano, Evelino Pid\u00f3, among others.<\/p>\n\n\n\n<p>As a vocal coach, she has worked in Paris, Rome, Washington, Philadelphia, New York, Stockholm, Brussels, Aix-en-Provence, Salzburg, and Glyndebourne\u2026<\/p>\n\n\n\n<p>She has coached singers such as Anna Netrebko, Karita Mattila, Ruggero Raimondi, Natalie Dessay, Roberto Alagna, Ludovic T\u00e9zier, Karine Deshayes, Florian Sempey, among others.<\/p>\n\n\n\n<p>Irene Kudela has served as Chorus Master at the Paris Opera, the Th\u00e9\u00e2tre des Champs-\u00c9lys\u00e9es, and with the Radio France Choir.<\/p>\n\n\n\n<p>Since October 2021, she has been Professor of Vocal Coaching at the \u00c9cole Normale de Musique Alfred Cortot in Paris, where she trains vocal coaches and welcomes singers from diverse backgrounds.<\/p>\n\n\n\n<p>Specializing in the French, Czech, and Russian repertoires, she shares her experience with young singers and pianists at:<\/p>\n\n\n\n<ul class=\"wp-block-list\">\n<li>the Paris Opera Academy<\/li>\n\n\n\n<li>the Bolshoi Theatre in Moscow<\/li>\n\n\n\n<li>the National Opera Studio in London<\/li>\n\n\n\n<li>the Dutch National Opera Studio in Amsterdam<\/li>\n\n\n\n<li>the Norwegian Opera Studio in Oslo<\/li>\n<\/ul>\n\n\n\n<p>&#8230;as well as through masterclasses around the world.<\/p>\n\n\n\n<p><\/p>\n","protected":false},"featured_media":10740,"template":"","discipline":[120],"class_list":["post-1830","teacher","type-teacher","status-publish","has-post-thumbnail","hentry","discipline-singing-direction"],"acf":[],"yoast_head":"<!-- This site is optimized with the Yoast SEO plugin v27.5 - https:\/\/yoast.com\/product\/yoast-seo-wordpress\/ -->\n<title>KUDELA Ir\u00e8ne - Ecole Normale de Musique de Paris<\/title>\n<meta name=\"description\" content=\"Knight of Arts and Letters, Irene Kudela is a vocal coach and professor at \u00c9cole Normale Cortot, training singers and coaches worldwide.\" \/>\n<meta name=\"robots\" content=\"index, follow, max-snippet:-1, max-image-preview:large, max-video-preview:-1\" \/>\n<link rel=\"canonical\" href=\"https:\/\/www.ecolenormalecortot.com\/en\/enseignants\/kudela-irene\/\" \/>\n<meta property=\"og:locale\" content=\"en_US\" \/>\n<meta property=\"og:type\" content=\"article\" \/>\n<meta property=\"og:title\" content=\"KUDELA Ir\u00e8ne - Ecole Normale de Musique de Paris\" \/>\n<meta property=\"og:description\" content=\"Knight of Arts and Letters, Irene Kudela is a vocal coach and professor at \u00c9cole Normale Cortot, training singers and coaches worldwide.\" \/>\n<meta property=\"og:url\" content=\"https:\/\/www.ecolenormalecortot.com\/en\/enseignants\/kudela-irene\/\" \/>\n<meta property=\"og:site_name\" content=\"Ecole Normale de Musique de Paris\" \/>\n<meta property=\"article:modified_time\" content=\"2025-06-26T13:08:19+00:00\" \/>\n<meta property=\"og:image\" content=\"https:\/\/www.ecolenormalecortot.com\/wp-content\/uploads\/2023\/04\/KUDELA-Irene.jpg\" \/>\n\t<meta property=\"og:image:width\" content=\"640\" \/>\n\t<meta property=\"og:image:height\" content=\"903\" \/>\n\t<meta property=\"og:image:type\" content=\"image\/jpeg\" \/>\n<meta name=\"twitter:card\" content=\"summary_large_image\" \/>\n<meta name=\"twitter:label1\" content=\"Est. reading time\" \/>\n\t<meta name=\"twitter:data1\" content=\"2 minutes\" \/>\n<script type=\"application\/ld+json\" class=\"yoast-schema-graph\">{\"@context\":\"https:\\\/\\\/schema.org\",\"@graph\":[{\"@type\":\"WebPage\",\"@id\":\"https:\\\/\\\/www.ecolenormalecortot.com\\\/en\\\/enseignants\\\/kudela-irene\\\/\",\"url\":\"https:\\\/\\\/www.ecolenormalecortot.com\\\/en\\\/enseignants\\\/kudela-irene\\\/\",\"name\":\"KUDELA Ir\u00e8ne - Ecole Normale de Musique de Paris\",\"isPartOf\":{\"@id\":\"https:\\\/\\\/www.ecolenormalecortot.com\\\/en\\\/#website\"},\"primaryImageOfPage\":{\"@id\":\"https:\\\/\\\/www.ecolenormalecortot.com\\\/en\\\/enseignants\\\/kudela-irene\\\/#primaryimage\"},\"image\":{\"@id\":\"https:\\\/\\\/www.ecolenormalecortot.com\\\/en\\\/enseignants\\\/kudela-irene\\\/#primaryimage\"},\"thumbnailUrl\":\"https:\\\/\\\/www.ecolenormalecortot.com\\\/wp-content\\\/uploads\\\/2023\\\/04\\\/KUDELA-Irene.jpg\",\"datePublished\":\"2023-04-06T06:50:17+00:00\",\"dateModified\":\"2025-06-26T13:08:19+00:00\",\"description\":\"Knight of Arts and Letters, Irene Kudela is a vocal coach and professor at \u00c9cole Normale Cortot, training singers and coaches worldwide.\",\"breadcrumb\":{\"@id\":\"https:\\\/\\\/www.ecolenormalecortot.com\\\/en\\\/enseignants\\\/kudela-irene\\\/#breadcrumb\"},\"inLanguage\":\"en-US\",\"potentialAction\":[{\"@type\":\"ReadAction\",\"target\":[\"https:\\\/\\\/www.ecolenormalecortot.com\\\/en\\\/enseignants\\\/kudela-irene\\\/\"]}]},{\"@type\":\"ImageObject\",\"inLanguage\":\"en-US\",\"@id\":\"https:\\\/\\\/www.ecolenormalecortot.com\\\/en\\\/enseignants\\\/kudela-irene\\\/#primaryimage\",\"url\":\"https:\\\/\\\/www.ecolenormalecortot.com\\\/wp-content\\\/uploads\\\/2023\\\/04\\\/KUDELA-Irene.jpg\",\"contentUrl\":\"https:\\\/\\\/www.ecolenormalecortot.com\\\/wp-content\\\/uploads\\\/2023\\\/04\\\/KUDELA-Irene.jpg\",\"width\":640,\"height\":903,\"caption\":\"Screenshot\"},{\"@type\":\"BreadcrumbList\",\"@id\":\"https:\\\/\\\/www.ecolenormalecortot.com\\\/en\\\/enseignants\\\/kudela-irene\\\/#breadcrumb\",\"itemListElement\":[{\"@type\":\"ListItem\",\"position\":1,\"name\":\"Accueil\",\"item\":\"https:\\\/\\\/www.ecolenormalecortot.com\\\/en\\\/\"},{\"@type\":\"ListItem\",\"position\":2,\"name\":\"Professeurs\",\"item\":\"https:\\\/\\\/www.ecolenormalecortot.com\\\/en\\\/enseignants\\\/\"},{\"@type\":\"ListItem\",\"position\":3,\"name\":\"KUDELA Ir\u00e8ne\"}]},{\"@type\":\"WebSite\",\"@id\":\"https:\\\/\\\/www.ecolenormalecortot.com\\\/en\\\/#website\",\"url\":\"https:\\\/\\\/www.ecolenormalecortot.com\\\/en\\\/\",\"name\":\"Ecole Normale de Musique de Paris\",\"description\":\"\",\"publisher\":{\"@id\":\"https:\\\/\\\/www.ecolenormalecortot.com\\\/en\\\/#organization\"},\"potentialAction\":[{\"@type\":\"SearchAction\",\"target\":{\"@type\":\"EntryPoint\",\"urlTemplate\":\"https:\\\/\\\/www.ecolenormalecortot.com\\\/en\\\/?s={search_term_string}\"},\"query-input\":{\"@type\":\"PropertyValueSpecification\",\"valueRequired\":true,\"valueName\":\"search_term_string\"}}],\"inLanguage\":\"en-US\"},{\"@type\":\"Organization\",\"@id\":\"https:\\\/\\\/www.ecolenormalecortot.com\\\/en\\\/#organization\",\"name\":\"Ecole Normale de Musique de Paris\",\"url\":\"https:\\\/\\\/www.ecolenormalecortot.com\\\/en\\\/\",\"logo\":{\"@type\":\"ImageObject\",\"inLanguage\":\"en-US\",\"@id\":\"https:\\\/\\\/www.ecolenormalecortot.com\\\/en\\\/#\\\/schema\\\/logo\\\/image\\\/\",\"url\":\"https:\\\/\\\/www.ecolenormalecortot.com\\\/wp-content\\\/uploads\\\/2023\\\/02\\\/android-chrome-512x512-1.png\",\"contentUrl\":\"https:\\\/\\\/www.ecolenormalecortot.com\\\/wp-content\\\/uploads\\\/2023\\\/02\\\/android-chrome-512x512-1.png\",\"width\":512,\"height\":512,\"caption\":\"Ecole Normale de Musique de Paris\"},\"image\":{\"@id\":\"https:\\\/\\\/www.ecolenormalecortot.com\\\/en\\\/#\\\/schema\\\/logo\\\/image\\\/\"}}]}<\/script>\n<!-- \/ Yoast SEO plugin. -->","yoast_head_json":{"title":"KUDELA Ir\u00e8ne - Ecole Normale de Musique de Paris","description":"Knight of Arts and Letters, Irene Kudela is a vocal coach and professor at \u00c9cole Normale Cortot, training singers and coaches worldwide.","robots":{"index":"index","follow":"follow","max-snippet":"max-snippet:-1","max-image-preview":"max-image-preview:large","max-video-preview":"max-video-preview:-1"},"canonical":"https:\/\/www.ecolenormalecortot.com\/en\/enseignants\/kudela-irene\/","og_locale":"en_US","og_type":"article","og_title":"KUDELA Ir\u00e8ne - Ecole Normale de Musique de Paris","og_description":"Knight of Arts and Letters, Irene Kudela is a vocal coach and professor at \u00c9cole Normale Cortot, training singers and coaches worldwide.","og_url":"https:\/\/www.ecolenormalecortot.com\/en\/enseignants\/kudela-irene\/","og_site_name":"Ecole Normale de Musique de Paris","article_modified_time":"2025-06-26T13:08:19+00:00","og_image":[{"width":640,"height":903,"url":"https:\/\/www.ecolenormalecortot.com\/wp-content\/uploads\/2023\/04\/KUDELA-Irene.jpg","type":"image\/jpeg"}],"twitter_card":"summary_large_image","twitter_misc":{"Est. reading time":"2 minutes"},"schema":{"@context":"https:\/\/schema.org","@graph":[{"@type":"WebPage","@id":"https:\/\/www.ecolenormalecortot.com\/en\/enseignants\/kudela-irene\/","url":"https:\/\/www.ecolenormalecortot.com\/en\/enseignants\/kudela-irene\/","name":"KUDELA Ir\u00e8ne - Ecole Normale de Musique de Paris","isPartOf":{"@id":"https:\/\/www.ecolenormalecortot.com\/en\/#website"},"primaryImageOfPage":{"@id":"https:\/\/www.ecolenormalecortot.com\/en\/enseignants\/kudela-irene\/#primaryimage"},"image":{"@id":"https:\/\/www.ecolenormalecortot.com\/en\/enseignants\/kudela-irene\/#primaryimage"},"thumbnailUrl":"https:\/\/www.ecolenormalecortot.com\/wp-content\/uploads\/2023\/04\/KUDELA-Irene.jpg","datePublished":"2023-04-06T06:50:17+00:00","dateModified":"2025-06-26T13:08:19+00:00","description":"Knight of Arts and Letters, Irene Kudela is a vocal coach and professor at \u00c9cole Normale Cortot, training singers and coaches worldwide.","breadcrumb":{"@id":"https:\/\/www.ecolenormalecortot.com\/en\/enseignants\/kudela-irene\/#breadcrumb"},"inLanguage":"en-US","potentialAction":[{"@type":"ReadAction","target":["https:\/\/www.ecolenormalecortot.com\/en\/enseignants\/kudela-irene\/"]}]},{"@type":"ImageObject","inLanguage":"en-US","@id":"https:\/\/www.ecolenormalecortot.com\/en\/enseignants\/kudela-irene\/#primaryimage","url":"https:\/\/www.ecolenormalecortot.com\/wp-content\/uploads\/2023\/04\/KUDELA-Irene.jpg","contentUrl":"https:\/\/www.ecolenormalecortot.com\/wp-content\/uploads\/2023\/04\/KUDELA-Irene.jpg","width":640,"height":903,"caption":"Screenshot"},{"@type":"BreadcrumbList","@id":"https:\/\/www.ecolenormalecortot.com\/en\/enseignants\/kudela-irene\/#breadcrumb","itemListElement":[{"@type":"ListItem","position":1,"name":"Accueil","item":"https:\/\/www.ecolenormalecortot.com\/en\/"},{"@type":"ListItem","position":2,"name":"Professeurs","item":"https:\/\/www.ecolenormalecortot.com\/en\/enseignants\/"},{"@type":"ListItem","position":3,"name":"KUDELA Ir\u00e8ne"}]},{"@type":"WebSite","@id":"https:\/\/www.ecolenormalecortot.com\/en\/#website","url":"https:\/\/www.ecolenormalecortot.com\/en\/","name":"Ecole Normale de Musique de Paris","description":"","publisher":{"@id":"https:\/\/www.ecolenormalecortot.com\/en\/#organization"},"potentialAction":[{"@type":"SearchAction","target":{"@type":"EntryPoint","urlTemplate":"https:\/\/www.ecolenormalecortot.com\/en\/?s={search_term_string}"},"query-input":{"@type":"PropertyValueSpecification","valueRequired":true,"valueName":"search_term_string"}}],"inLanguage":"en-US"},{"@type":"Organization","@id":"https:\/\/www.ecolenormalecortot.com\/en\/#organization","name":"Ecole Normale de Musique de Paris","url":"https:\/\/www.ecolenormalecortot.com\/en\/","logo":{"@type":"ImageObject","inLanguage":"en-US","@id":"https:\/\/www.ecolenormalecortot.com\/en\/#\/schema\/logo\/image\/","url":"https:\/\/www.ecolenormalecortot.com\/wp-content\/uploads\/2023\/02\/android-chrome-512x512-1.png","contentUrl":"https:\/\/www.ecolenormalecortot.com\/wp-content\/uploads\/2023\/02\/android-chrome-512x512-1.png","width":512,"height":512,"caption":"Ecole Normale de Musique de Paris"},"image":{"@id":"https:\/\/www.ecolenormalecortot.com\/en\/#\/schema\/logo\/image\/"}}]}},"_links":{"self":[{"href":"https:\/\/www.ecolenormalecortot.com\/en\/wp-json\/wp\/v2\/teacher\/1830","targetHints":{"allow":["GET"]}}],"collection":[{"href":"https:\/\/www.ecolenormalecortot.com\/en\/wp-json\/wp\/v2\/teacher"}],"about":[{"href":"https:\/\/www.ecolenormalecortot.com\/en\/wp-json\/wp\/v2\/types\/teacher"}],"wp:featuredmedia":[{"embeddable":true,"href":"https:\/\/www.ecolenormalecortot.com\/en\/wp-json\/wp\/v2\/media\/10740"}],"wp:attachment":[{"href":"https:\/\/www.ecolenormalecortot.com\/en\/wp-json\/wp\/v2\/media?parent=1830"}],"wp:term":[{"taxonomy":"discipline","embeddable":true,"href":"https:\/\/www.ecolenormalecortot.com\/en\/wp-json\/wp\/v2\/discipline?post=1830"}],"curies":[{"name":"wp","href":"https:\/\/api.w.org\/{rel}","templated":true}]}}

KUDELA Irène

<p>Chevalier of the Order of Arts and Letters, laureate of the Menuhin Foundation, and recipient of the Critics&#8217; Prize for Best Opera Production, Irene Kudela performs from Tokyo to Belgrade, from London to Helsinki, Paris, Salzburg, Orange, and Aix-en-Provence…</p>



<p>She records for Maguelone Records.<br>She has performed in concert alongside Barbara Hendricks, Galina Vishnevskaya, Alain Vanzo, Camille Maurane, Elizabeth Vidal, Aude Extrémo, Eva Zaïcik, Florian Sempey, among others.</p>



<p>Fluent in seven languages, she has been the trusted assistant to Mstislav Rostropovich, Pierre Boulez, Kent Nagano, Evelino Pidó, among others.</p>



<p>As a vocal coach, she has worked in Paris, Rome, Washington, Philadelphia, New York, Stockholm, Brussels, Aix-en-Provence, Salzburg, and Glyndebourne…</p>



<p>She has coached singers such as Anna Netrebko, Karita Mattila, Ruggero Raimondi, Natalie Dessay, Roberto Alagna, Ludovic Tézier, Karine Deshayes, Florian Sempey, among others.</p>



<p>Irene Kudela has served as Chorus Master at the Paris Opera, the Théâtre des Champs-Élysées, and with the Radio France Choir.</p>



<p>Since October 2021, she has been Professor of Vocal Coaching at the École Normale de Musique Alfred Cortot in Paris, where she trains vocal coaches and welcomes singers from diverse backgrounds.</p>



<p>Specializing in the French, Czech, and Russian repertoires, she shares her experience with young singers and pianists at:</p>



<ul class="wp-block-list">
<li>the Paris Opera Academy</li>



<li>the Bolshoi Theatre in Moscow</li>



<li>the National Opera Studio in London</li>



<li>the Dutch National Opera Studio in Amsterdam</li>



<li>the Norwegian Opera Studio in Oslo</li>
</ul>



<p>&#8230;as well as through masterclasses around the world.</p>



<p></p>

<!-- This site is optimized with the Yoast SEO plugin v27.5 - https://yoast.com/product/yoast-seo-wordpress/ -->
<title>KUDELA Irène - Ecole Normale de Musique de Paris</title>
<meta name="description" content="Knight of Arts and Letters, Irene Kudela is a vocal coach and professor at École Normale Cortot, training singers and coaches worldwide." />
<meta name="robots" content="index, follow, max-snippet:-1, max-image-preview:large, max-video-preview:-1" />
<link rel="canonical" href="https://www.ecolenormalecortot.com/en/enseignants/kudela-irene/" />
<meta property="og:locale" content="en_US" />
<meta property="og:type" content="article" />
<meta property="og:title" content="KUDELA Irène - Ecole Normale de Musique de Paris" />
<meta property="og:description" content="Knight of Arts and Letters, Irene Kudela is a vocal coach and professor at École Normale Cortot, training singers and coaches worldwide." />
<meta property="og:url" content="https://www.ecolenormalecortot.com/en/enseignants/kudela-irene/" />
<meta property="og:site_name" content="Ecole Normale de Musique de Paris" />
<meta property="article:modified_time" content="2025-06-26T13:08:19+00:00" />
<meta property="og:image" content="https://www.ecolenormalecortot.com/wp-content/uploads/2023/04/KUDELA-Irene.jpg" />
	<meta property="og:image:width" content="640" />
	<meta property="og:image:height" content="903" />
	<meta property="og:image:type" content="image/jpeg" />
<meta name="twitter:card" content="summary_large_image" />
<meta name="twitter:label1" content="Est. reading time" />
	<meta name="twitter:data1" content="2 minutes" />
<script type="application/ld+json" class="yoast-schema-graph">{"@context":"https:\/\/schema.org","@graph":[{"@type":"WebPage","@id":"https:\/\/www.ecolenormalecortot.com\/en\/enseignants\/kudela-irene\/","url":"https:\/\/www.ecolenormalecortot.com\/en\/enseignants\/kudela-irene\/","name":"KUDELA Irène - Ecole Normale de Musique de Paris","isPartOf":{"@id":"https:\/\/www.ecolenormalecortot.com\/en\/#website"},"primaryImageOfPage":{"@id":"https:\/\/www.ecolenormalecortot.com\/en\/enseignants\/kudela-irene\/#primaryimage"},"image":{"@id":"https:\/\/www.ecolenormalecortot.com\/en\/enseignants\/kudela-irene\/#primaryimage"},"thumbnailUrl":"https:\/\/www.ecolenormalecortot.com\/wp-content\/uploads\/2023\/04\/KUDELA-Irene.jpg","datePublished":"2023-04-06T06:50:17+00:00","dateModified":"2025-06-26T13:08:19+00:00","description":"Knight of Arts and Letters, Irene Kudela is a vocal coach and professor at École Normale Cortot, training singers and coaches worldwide.","breadcrumb":{"@id":"https:\/\/www.ecolenormalecortot.com\/en\/enseignants\/kudela-irene\/#breadcrumb"},"inLanguage":"en-US","potentialAction":[{"@type":"ReadAction","target":["https:\/\/www.ecolenormalecortot.com\/en\/enseignants\/kudela-irene\/"]}]},{"@type":"ImageObject","inLanguage":"en-US","@id":"https:\/\/www.ecolenormalecortot.com\/en\/enseignants\/kudela-irene\/#primaryimage","url":"https:\/\/www.ecolenormalecortot.com\/wp-content\/uploads\/2023\/04\/KUDELA-Irene.jpg","contentUrl":"https:\/\/www.ecolenormalecortot.com\/wp-content\/uploads\/2023\/04\/KUDELA-Irene.jpg","width":640,"height":903,"caption":"Screenshot"},{"@type":"BreadcrumbList","@id":"https:\/\/www.ecolenormalecortot.com\/en\/enseignants\/kudela-irene\/#breadcrumb","itemListElement":[{"@type":"ListItem","position":1,"name":"Accueil","item":"https:\/\/www.ecolenormalecortot.com\/en\/"},{"@type":"ListItem","position":2,"name":"Professeurs","item":"https:\/\/www.ecolenormalecortot.com\/en\/enseignants\/"},{"@type":"ListItem","position":3,"name":"KUDELA Irène"}]},{"@type":"WebSite","@id":"https:\/\/www.ecolenormalecortot.com\/en\/#website","url":"https:\/\/www.ecolenormalecortot.com\/en\/","name":"Ecole Normale de Musique de Paris","description":"","publisher":{"@id":"https:\/\/www.ecolenormalecortot.com\/en\/#organization"},"potentialAction":[{"@type":"SearchAction","target":{"@type":"EntryPoint","urlTemplate":"https:\/\/www.ecolenormalecortot.com\/en\/?s={search_term_string}"},"query-input":{"@type":"PropertyValueSpecification","valueRequired":true,"valueName":"search_term_string"}}],"inLanguage":"en-US"},{"@type":"Organization","@id":"https:\/\/www.ecolenormalecortot.com\/en\/#organization","name":"Ecole Normale de Musique de Paris","url":"https:\/\/www.ecolenormalecortot.com\/en\/","logo":{"@type":"ImageObject","inLanguage":"en-US","@id":"https:\/\/www.ecolenormalecortot.com\/en\/#\/schema\/logo\/image\/","url":"https:\/\/www.ecolenormalecortot.com\/wp-content\/uploads\/2023\/02\/android-chrome-512x512-1.png","contentUrl":"https:\/\/www.ecolenormalecortot.com\/wp-content\/uploads\/2023\/02\/android-chrome-512x512-1.png","width":512,"height":512,"caption":"Ecole Normale de Musique de Paris"},"image":{"@id":"https:\/\/www.ecolenormalecortot.com\/en\/#\/schema\/logo\/image\/"}}]}</script>
<!-- / Yoast SEO plugin. -->

KUDELA Irène - Ecole Normale de Musique de Paris

Knight of Arts and Letters, Irene Kudela is a vocal coach and professor at École Normale Cortot, training singers and coaches worldwide.
