{"id":1731,"date":"2023-04-06T10:38:29","date_gmt":"2023-04-06T08:38:29","guid":{"rendered":"https:\/\/web.enmp.fr\/enseignants\/ronald-van-spaendonck\/"},"modified":"2023-04-16T17:16:31","modified_gmt":"2023-04-16T15:16:31","slug":"ronald-van-spaendonck","status":"publish","type":"teacher","link":"https:\/\/www.ecolenormalecortot.com\/en\/enseignants\/ronald-van-spaendonck\/","title":{"rendered":"VAN SPAENDONCK Ronald"},"content":{"rendered":"\n<p>Disciple de L\u00e9on Jacot, Walter Boeykens, Anthony Pay et Karl Leister, Ronald Van Spaendonck est laur\u00e9at de nombreux concours internationaux.<\/p>\n\n\n\n<p>Il est invit\u00e9 \u00e0 se produire avec des orchestres prestigieux et des formations de musique de chambre dans le monde entier. Il joue au Wigmore Hall, aux Proms de Londres, au Suntory Hall de Tokyo, \u00e0 la Philharmonie de Berlin\u2026<\/p>\n\n\n\n<p>Ses partenaires de musique de chambre incluent les quatuors Tak\u00e1cs, Modigliani, Ysa\u00ffe,<\/p>\n\n\n\n<p>les pianistes Alexandre Tharaud, Muhiddin D\u00fcrr\u00fco\u011flu, le violoniste Gidon Kremer, l\u2019altiste Lawrence Power, les violoncellistes Marie Hallynck, Micha Maisky et bien d\u2019autres.<\/p>\n\n\n\n<p>Il a r\u00e9alis\u00e9 un nombre important d\u2019enregistrements salu\u00e9s par la critique.<\/p>\n\n\n\n<p>Parall\u00e8lement \u00e0 sa carri\u00e8re de concertiste, il est professeur \u00e0 l\u2019\u00c9cole Normale de Musique de Paris, \u00e0 ARTS2 de Mons et aux Conservatoire royal de Bruxelles.<\/p>\n\n\n\n<p>Il est essayeur chez Buffet Crampon et \u00ab Gold Performing Artist \u00bb des anches d\u2019Addario.<\/p>\n\n\n\r\n<div class=\"content-section-title\">\r\n    Site internet<\/div>\r\n\n\n\n<p><a href=\"http:\/\/www.vanspaendonck.be\/\">http:\/\/www.vanspaendonck.be\/<\/a><\/p>\n\n\n\n<p>photo \u00a9 Moti Goldman<\/p>\n","protected":false},"featured_media":1393,"template":"","discipline":[112],"class_list":["post-1731","teacher","type-teacher","status-publish","has-post-thumbnail","hentry","discipline-clarinet"],"acf":[],"yoast_head":"<!-- This site is optimized with the Yoast SEO plugin v27.5 - https:\/\/yoast.com\/product\/yoast-seo-wordpress\/ -->\n<title>VAN SPAENDONCK Ronald - Ecole Normale de Musique de Paris<\/title>\n<meta name=\"robots\" content=\"index, follow, max-snippet:-1, max-image-preview:large, max-video-preview:-1\" \/>\n<link rel=\"canonical\" href=\"https:\/\/www.ecolenormalecortot.com\/en\/enseignants\/ronald-van-spaendonck\/\" \/>\n<meta property=\"og:locale\" content=\"en_US\" \/>\n<meta property=\"og:type\" content=\"article\" \/>\n<meta property=\"og:title\" content=\"VAN SPAENDONCK Ronald - Ecole Normale de Musique de Paris\" \/>\n<meta property=\"og:description\" content=\"Disciple de L\u00e9on Jacot, Walter Boeykens, Anthony Pay et Karl Leister, Ronald Van Spaendonck est laur\u00e9at de nombreux concours internationaux. [&hellip;]\" \/>\n<meta property=\"og:url\" content=\"https:\/\/www.ecolenormalecortot.com\/en\/enseignants\/ronald-van-spaendonck\/\" \/>\n<meta property=\"og:site_name\" content=\"Ecole Normale de Musique de Paris\" \/>\n<meta property=\"article:modified_time\" content=\"2023-04-16T15:16:31+00:00\" \/>\n<meta property=\"og:image\" content=\"https:\/\/www.ecolenormalecortot.com\/wp-content\/uploads\/2023\/04\/Ronald-VAN-SPAENDONCK-624x624-1.jpg\" \/>\n\t<meta property=\"og:image:width\" content=\"624\" \/>\n\t<meta property=\"og:image:height\" content=\"624\" \/>\n\t<meta property=\"og:image:type\" content=\"image\/jpeg\" \/>\n<meta name=\"twitter:card\" content=\"summary_large_image\" \/>\n<meta name=\"twitter:label1\" content=\"Est. reading time\" \/>\n\t<meta name=\"twitter:data1\" content=\"1 minute\" \/>\n<script type=\"application\/ld+json\" class=\"yoast-schema-graph\">{\"@context\":\"https:\\\/\\\/schema.org\",\"@graph\":[{\"@type\":\"WebPage\",\"@id\":\"https:\\\/\\\/www.ecolenormalecortot.com\\\/en\\\/enseignants\\\/ronald-van-spaendonck\\\/\",\"url\":\"https:\\\/\\\/www.ecolenormalecortot.com\\\/en\\\/enseignants\\\/ronald-van-spaendonck\\\/\",\"name\":\"VAN SPAENDONCK Ronald - Ecole Normale de Musique de Paris\",\"isPartOf\":{\"@id\":\"https:\\\/\\\/www.ecolenormalecortot.com\\\/en\\\/#website\"},\"primaryImageOfPage\":{\"@id\":\"https:\\\/\\\/www.ecolenormalecortot.com\\\/en\\\/enseignants\\\/ronald-van-spaendonck\\\/#primaryimage\"},\"image\":{\"@id\":\"https:\\\/\\\/www.ecolenormalecortot.com\\\/en\\\/enseignants\\\/ronald-van-spaendonck\\\/#primaryimage\"},\"thumbnailUrl\":\"https:\\\/\\\/www.ecolenormalecortot.com\\\/wp-content\\\/uploads\\\/2023\\\/04\\\/Ronald-VAN-SPAENDONCK-624x624-1.jpg\",\"datePublished\":\"2023-04-06T08:38:29+00:00\",\"dateModified\":\"2023-04-16T15:16:31+00:00\",\"breadcrumb\":{\"@id\":\"https:\\\/\\\/www.ecolenormalecortot.com\\\/en\\\/enseignants\\\/ronald-van-spaendonck\\\/#breadcrumb\"},\"inLanguage\":\"en-US\",\"potentialAction\":[{\"@type\":\"ReadAction\",\"target\":[\"https:\\\/\\\/www.ecolenormalecortot.com\\\/en\\\/enseignants\\\/ronald-van-spaendonck\\\/\"]}]},{\"@type\":\"ImageObject\",\"inLanguage\":\"en-US\",\"@id\":\"https:\\\/\\\/www.ecolenormalecortot.com\\\/en\\\/enseignants\\\/ronald-van-spaendonck\\\/#primaryimage\",\"url\":\"https:\\\/\\\/www.ecolenormalecortot.com\\\/wp-content\\\/uploads\\\/2023\\\/04\\\/Ronald-VAN-SPAENDONCK-624x624-1.jpg\",\"contentUrl\":\"https:\\\/\\\/www.ecolenormalecortot.com\\\/wp-content\\\/uploads\\\/2023\\\/04\\\/Ronald-VAN-SPAENDONCK-624x624-1.jpg\",\"width\":624,\"height\":624},{\"@type\":\"BreadcrumbList\",\"@id\":\"https:\\\/\\\/www.ecolenormalecortot.com\\\/en\\\/enseignants\\\/ronald-van-spaendonck\\\/#breadcrumb\",\"itemListElement\":[{\"@type\":\"ListItem\",\"position\":1,\"name\":\"Accueil\",\"item\":\"https:\\\/\\\/www.ecolenormalecortot.com\\\/en\\\/\"},{\"@type\":\"ListItem\",\"position\":2,\"name\":\"Professeurs\",\"item\":\"https:\\\/\\\/www.ecolenormalecortot.com\\\/en\\\/enseignants\\\/\"},{\"@type\":\"ListItem\",\"position\":3,\"name\":\"VAN SPAENDONCK Ronald\"}]},{\"@type\":\"WebSite\",\"@id\":\"https:\\\/\\\/www.ecolenormalecortot.com\\\/en\\\/#website\",\"url\":\"https:\\\/\\\/www.ecolenormalecortot.com\\\/en\\\/\",\"name\":\"Ecole Normale de Musique de Paris\",\"description\":\"\",\"publisher\":{\"@id\":\"https:\\\/\\\/www.ecolenormalecortot.com\\\/en\\\/#organization\"},\"potentialAction\":[{\"@type\":\"SearchAction\",\"target\":{\"@type\":\"EntryPoint\",\"urlTemplate\":\"https:\\\/\\\/www.ecolenormalecortot.com\\\/en\\\/?s={search_term_string}\"},\"query-input\":{\"@type\":\"PropertyValueSpecification\",\"valueRequired\":true,\"valueName\":\"search_term_string\"}}],\"inLanguage\":\"en-US\"},{\"@type\":\"Organization\",\"@id\":\"https:\\\/\\\/www.ecolenormalecortot.com\\\/en\\\/#organization\",\"name\":\"Ecole Normale de Musique de Paris\",\"url\":\"https:\\\/\\\/www.ecolenormalecortot.com\\\/en\\\/\",\"logo\":{\"@type\":\"ImageObject\",\"inLanguage\":\"en-US\",\"@id\":\"https:\\\/\\\/www.ecolenormalecortot.com\\\/en\\\/#\\\/schema\\\/logo\\\/image\\\/\",\"url\":\"https:\\\/\\\/www.ecolenormalecortot.com\\\/wp-content\\\/uploads\\\/2023\\\/02\\\/android-chrome-512x512-1.png\",\"contentUrl\":\"https:\\\/\\\/www.ecolenormalecortot.com\\\/wp-content\\\/uploads\\\/2023\\\/02\\\/android-chrome-512x512-1.png\",\"width\":512,\"height\":512,\"caption\":\"Ecole Normale de Musique de Paris\"},\"image\":{\"@id\":\"https:\\\/\\\/www.ecolenormalecortot.com\\\/en\\\/#\\\/schema\\\/logo\\\/image\\\/\"}}]}<\/script>\n<!-- \/ Yoast SEO plugin. -->","yoast_head_json":{"title":"VAN SPAENDONCK Ronald - Ecole Normale de Musique de Paris","robots":{"index":"index","follow":"follow","max-snippet":"max-snippet:-1","max-image-preview":"max-image-preview:large","max-video-preview":"max-video-preview:-1"},"canonical":"https:\/\/www.ecolenormalecortot.com\/en\/enseignants\/ronald-van-spaendonck\/","og_locale":"en_US","og_type":"article","og_title":"VAN SPAENDONCK Ronald - Ecole Normale de Musique de Paris","og_description":"Disciple de L\u00e9on Jacot, Walter Boeykens, Anthony Pay et Karl Leister, Ronald Van Spaendonck est laur\u00e9at de nombreux concours internationaux. [&hellip;]","og_url":"https:\/\/www.ecolenormalecortot.com\/en\/enseignants\/ronald-van-spaendonck\/","og_site_name":"Ecole Normale de Musique de Paris","article_modified_time":"2023-04-16T15:16:31+00:00","og_image":[{"width":624,"height":624,"url":"https:\/\/www.ecolenormalecortot.com\/wp-content\/uploads\/2023\/04\/Ronald-VAN-SPAENDONCK-624x624-1.jpg","type":"image\/jpeg"}],"twitter_card":"summary_large_image","twitter_misc":{"Est. reading time":"1 minute"},"schema":{"@context":"https:\/\/schema.org","@graph":[{"@type":"WebPage","@id":"https:\/\/www.ecolenormalecortot.com\/en\/enseignants\/ronald-van-spaendonck\/","url":"https:\/\/www.ecolenormalecortot.com\/en\/enseignants\/ronald-van-spaendonck\/","name":"VAN SPAENDONCK Ronald - Ecole Normale de Musique de Paris","isPartOf":{"@id":"https:\/\/www.ecolenormalecortot.com\/en\/#website"},"primaryImageOfPage":{"@id":"https:\/\/www.ecolenormalecortot.com\/en\/enseignants\/ronald-van-spaendonck\/#primaryimage"},"image":{"@id":"https:\/\/www.ecolenormalecortot.com\/en\/enseignants\/ronald-van-spaendonck\/#primaryimage"},"thumbnailUrl":"https:\/\/www.ecolenormalecortot.com\/wp-content\/uploads\/2023\/04\/Ronald-VAN-SPAENDONCK-624x624-1.jpg","datePublished":"2023-04-06T08:38:29+00:00","dateModified":"2023-04-16T15:16:31+00:00","breadcrumb":{"@id":"https:\/\/www.ecolenormalecortot.com\/en\/enseignants\/ronald-van-spaendonck\/#breadcrumb"},"inLanguage":"en-US","potentialAction":[{"@type":"ReadAction","target":["https:\/\/www.ecolenormalecortot.com\/en\/enseignants\/ronald-van-spaendonck\/"]}]},{"@type":"ImageObject","inLanguage":"en-US","@id":"https:\/\/www.ecolenormalecortot.com\/en\/enseignants\/ronald-van-spaendonck\/#primaryimage","url":"https:\/\/www.ecolenormalecortot.com\/wp-content\/uploads\/2023\/04\/Ronald-VAN-SPAENDONCK-624x624-1.jpg","contentUrl":"https:\/\/www.ecolenormalecortot.com\/wp-content\/uploads\/2023\/04\/Ronald-VAN-SPAENDONCK-624x624-1.jpg","width":624,"height":624},{"@type":"BreadcrumbList","@id":"https:\/\/www.ecolenormalecortot.com\/en\/enseignants\/ronald-van-spaendonck\/#breadcrumb","itemListElement":[{"@type":"ListItem","position":1,"name":"Accueil","item":"https:\/\/www.ecolenormalecortot.com\/en\/"},{"@type":"ListItem","position":2,"name":"Professeurs","item":"https:\/\/www.ecolenormalecortot.com\/en\/enseignants\/"},{"@type":"ListItem","position":3,"name":"VAN SPAENDONCK Ronald"}]},{"@type":"WebSite","@id":"https:\/\/www.ecolenormalecortot.com\/en\/#website","url":"https:\/\/www.ecolenormalecortot.com\/en\/","name":"Ecole Normale de Musique de Paris","description":"","publisher":{"@id":"https:\/\/www.ecolenormalecortot.com\/en\/#organization"},"potentialAction":[{"@type":"SearchAction","target":{"@type":"EntryPoint","urlTemplate":"https:\/\/www.ecolenormalecortot.com\/en\/?s={search_term_string}"},"query-input":{"@type":"PropertyValueSpecification","valueRequired":true,"valueName":"search_term_string"}}],"inLanguage":"en-US"},{"@type":"Organization","@id":"https:\/\/www.ecolenormalecortot.com\/en\/#organization","name":"Ecole Normale de Musique de Paris","url":"https:\/\/www.ecolenormalecortot.com\/en\/","logo":{"@type":"ImageObject","inLanguage":"en-US","@id":"https:\/\/www.ecolenormalecortot.com\/en\/#\/schema\/logo\/image\/","url":"https:\/\/www.ecolenormalecortot.com\/wp-content\/uploads\/2023\/02\/android-chrome-512x512-1.png","contentUrl":"https:\/\/www.ecolenormalecortot.com\/wp-content\/uploads\/2023\/02\/android-chrome-512x512-1.png","width":512,"height":512,"caption":"Ecole Normale de Musique de Paris"},"image":{"@id":"https:\/\/www.ecolenormalecortot.com\/en\/#\/schema\/logo\/image\/"}}]}},"_links":{"self":[{"href":"https:\/\/www.ecolenormalecortot.com\/en\/wp-json\/wp\/v2\/teacher\/1731","targetHints":{"allow":["GET"]}}],"collection":[{"href":"https:\/\/www.ecolenormalecortot.com\/en\/wp-json\/wp\/v2\/teacher"}],"about":[{"href":"https:\/\/www.ecolenormalecortot.com\/en\/wp-json\/wp\/v2\/types\/teacher"}],"wp:featuredmedia":[{"embeddable":true,"href":"https:\/\/www.ecolenormalecortot.com\/en\/wp-json\/wp\/v2\/media\/1393"}],"wp:attachment":[{"href":"https:\/\/www.ecolenormalecortot.com\/en\/wp-json\/wp\/v2\/media?parent=1731"}],"wp:term":[{"taxonomy":"discipline","embeddable":true,"href":"https:\/\/www.ecolenormalecortot.com\/en\/wp-json\/wp\/v2\/discipline?post=1731"}],"curies":[{"name":"wp","href":"https:\/\/api.w.org\/{rel}","templated":true}]}}

<p>Disciple de Léon Jacot, Walter Boeykens, Anthony Pay et Karl Leister, Ronald Van Spaendonck est lauréat de nombreux concours internationaux.</p>



<p>Il est invité à se produire avec des orchestres prestigieux et des formations de musique de chambre dans le monde entier. Il joue au Wigmore Hall, aux Proms de Londres, au Suntory Hall de Tokyo, à la Philharmonie de Berlin…</p>



<p>Ses partenaires de musique de chambre incluent les quatuors Takács, Modigliani, Ysaÿe,</p>



<p>les pianistes Alexandre Tharaud, Muhiddin Dürrüoğlu, le violoniste Gidon Kremer, l’altiste Lawrence Power, les violoncellistes Marie Hallynck, Micha Maisky et bien d’autres.</p>



<p>Il a réalisé un nombre important d’enregistrements salués par la critique.</p>



<p>Parallèlement à sa carrière de concertiste, il est professeur à l’École Normale de Musique de Paris, à ARTS2 de Mons et aux Conservatoire royal de Bruxelles.</p>



<p>Il est essayeur chez Buffet Crampon et « Gold Performing Artist » des anches d’Addario.</p>



<div class="content-section-title">
    Site internet</div>



<p><a href="http://www.vanspaendonck.be/">http://www.vanspaendonck.be/</a></p>



<p>photo © Moti Goldman</p>

<!-- This site is optimized with the Yoast SEO plugin v27.5 - https://yoast.com/product/yoast-seo-wordpress/ -->
<title>VAN SPAENDONCK Ronald - Ecole Normale de Musique de Paris</title>
<meta name="robots" content="index, follow, max-snippet:-1, max-image-preview:large, max-video-preview:-1" />
<link rel="canonical" href="https://www.ecolenormalecortot.com/en/enseignants/ronald-van-spaendonck/" />
<meta property="og:locale" content="en_US" />
<meta property="og:type" content="article" />
<meta property="og:title" content="VAN SPAENDONCK Ronald - Ecole Normale de Musique de Paris" />
<meta property="og:description" content="Disciple de Léon Jacot, Walter Boeykens, Anthony Pay et Karl Leister, Ronald Van Spaendonck est lauréat de nombreux concours internationaux. [&hellip;]" />
<meta property="og:url" content="https://www.ecolenormalecortot.com/en/enseignants/ronald-van-spaendonck/" />
<meta property="og:site_name" content="Ecole Normale de Musique de Paris" />
<meta property="article:modified_time" content="2023-04-16T15:16:31+00:00" />
<meta property="og:image" content="https://www.ecolenormalecortot.com/wp-content/uploads/2023/04/Ronald-VAN-SPAENDONCK-624x624-1.jpg" />
	<meta property="og:image:width" content="624" />
	<meta property="og:image:height" content="624" />
	<meta property="og:image:type" content="image/jpeg" />
<meta name="twitter:card" content="summary_large_image" />
<meta name="twitter:label1" content="Est. reading time" />
	<meta name="twitter:data1" content="1 minute" />
<script type="application/ld+json" class="yoast-schema-graph">{"@context":"https:\/\/schema.org","@graph":[{"@type":"WebPage","@id":"https:\/\/www.ecolenormalecortot.com\/en\/enseignants\/ronald-van-spaendonck\/","url":"https:\/\/www.ecolenormalecortot.com\/en\/enseignants\/ronald-van-spaendonck\/","name":"VAN SPAENDONCK Ronald - Ecole Normale de Musique de Paris","isPartOf":{"@id":"https:\/\/www.ecolenormalecortot.com\/en\/#website"},"primaryImageOfPage":{"@id":"https:\/\/www.ecolenormalecortot.com\/en\/enseignants\/ronald-van-spaendonck\/#primaryimage"},"image":{"@id":"https:\/\/www.ecolenormalecortot.com\/en\/enseignants\/ronald-van-spaendonck\/#primaryimage"},"thumbnailUrl":"https:\/\/www.ecolenormalecortot.com\/wp-content\/uploads\/2023\/04\/Ronald-VAN-SPAENDONCK-624x624-1.jpg","datePublished":"2023-04-06T08:38:29+00:00","dateModified":"2023-04-16T15:16:31+00:00","breadcrumb":{"@id":"https:\/\/www.ecolenormalecortot.com\/en\/enseignants\/ronald-van-spaendonck\/#breadcrumb"},"inLanguage":"en-US","potentialAction":[{"@type":"ReadAction","target":["https:\/\/www.ecolenormalecortot.com\/en\/enseignants\/ronald-van-spaendonck\/"]}]},{"@type":"ImageObject","inLanguage":"en-US","@id":"https:\/\/www.ecolenormalecortot.com\/en\/enseignants\/ronald-van-spaendonck\/#primaryimage","url":"https:\/\/www.ecolenormalecortot.com\/wp-content\/uploads\/2023\/04\/Ronald-VAN-SPAENDONCK-624x624-1.jpg","contentUrl":"https:\/\/www.ecolenormalecortot.com\/wp-content\/uploads\/2023\/04\/Ronald-VAN-SPAENDONCK-624x624-1.jpg","width":624,"height":624},{"@type":"BreadcrumbList","@id":"https:\/\/www.ecolenormalecortot.com\/en\/enseignants\/ronald-van-spaendonck\/#breadcrumb","itemListElement":[{"@type":"ListItem","position":1,"name":"Accueil","item":"https:\/\/www.ecolenormalecortot.com\/en\/"},{"@type":"ListItem","position":2,"name":"Professeurs","item":"https:\/\/www.ecolenormalecortot.com\/en\/enseignants\/"},{"@type":"ListItem","position":3,"name":"VAN SPAENDONCK Ronald"}]},{"@type":"WebSite","@id":"https:\/\/www.ecolenormalecortot.com\/en\/#website","url":"https:\/\/www.ecolenormalecortot.com\/en\/","name":"Ecole Normale de Musique de Paris","description":"","publisher":{"@id":"https:\/\/www.ecolenormalecortot.com\/en\/#organization"},"potentialAction":[{"@type":"SearchAction","target":{"@type":"EntryPoint","urlTemplate":"https:\/\/www.ecolenormalecortot.com\/en\/?s={search_term_string}"},"query-input":{"@type":"PropertyValueSpecification","valueRequired":true,"valueName":"search_term_string"}}],"inLanguage":"en-US"},{"@type":"Organization","@id":"https:\/\/www.ecolenormalecortot.com\/en\/#organization","name":"Ecole Normale de Musique de Paris","url":"https:\/\/www.ecolenormalecortot.com\/en\/","logo":{"@type":"ImageObject","inLanguage":"en-US","@id":"https:\/\/www.ecolenormalecortot.com\/en\/#\/schema\/logo\/image\/","url":"https:\/\/www.ecolenormalecortot.com\/wp-content\/uploads\/2023\/02\/android-chrome-512x512-1.png","contentUrl":"https:\/\/www.ecolenormalecortot.com\/wp-content\/uploads\/2023\/02\/android-chrome-512x512-1.png","width":512,"height":512,"caption":"Ecole Normale de Musique de Paris"},"image":{"@id":"https:\/\/www.ecolenormalecortot.com\/en\/#\/schema\/logo\/image\/"}}]}</script>
<!-- / Yoast SEO plugin. -->

Disciple de Léon Jacot, Walter Boeykens, Anthony Pay et Karl Leister, Ronald Van Spaendonck est lauréat de nombreux concours internationaux. [&hellip;]
