{"id":1719,"date":"2023-04-06T17:24:36","date_gmt":"2023-04-06T15:24:36","guid":{"rendered":"https:\/\/web.enmp.fr\/enseignants\/herchenroder-edwige\/"},"modified":"2023-04-10T20:02:32","modified_gmt":"2023-04-10T18:02:32","slug":"herchenroder-edwige","status":"publish","type":"teacher","link":"https:\/\/www.ecolenormalecortot.com\/en\/enseignants\/herchenroder-edwige\/","title":{"rendered":"HERCHENRODER Edwige"},"content":{"rendered":"\n<p>Edwige Herchenroder travaille en tant que pianiste cheffe de chant au sein de plusieurs op\u00e9ras (notamment le Th\u00e9\u00e2tre des Champs Elys\u00e9es, Op\u00e9ra de Toulon, Soir\u00e9es lyriques de Sanxay, en Italie au Donizetti Opera, en Angleterre au Garsington Opera, en Chine au National Centre for the Performing Arts&#8230;) Elle se sp\u00e9cialise \u00e9galement dans la pr\u00e9paration des op\u00e9ras fran\u00e7ais en tant que vocal coach \u00e0 Londres au Royal Opera House, Royal Academy of Music, English Touring Opera, Royal Northern College of Music, Royal College of Music, Guildhall School of Music et en Italie notamment au Teatro Regio di Parma.<\/p>\n\n\n\n<p>Elle collabore avec l\u2019Orchestre de chambre de Paris, l\u2019Orchestre National d\u2019Ile-de-France, le ch\u0153ur de chambre Les \u00c9l\u00e9ments.&nbsp;<\/p>\n\n\n\n<p>Sur sc\u00e8ne, elle accompagne des r\u00e9citals au Festival d&#8217;Aix en Provence, \u00e0 la Philharmonie de Paris, \u00e0 l&#8217;Op\u00e9ra de Lille, \u00e0 Toulouse (Les Grands Interpr\u00e8tes), au Petit Palais de Paris, \u00e0 la Fondation Royaumont, en Angleterre au Victoria and Albert museum, Oxford Lieder Festival, St John\u2019s Smith, en Islande pour la radio de Reykjavik, \u00e0 Istanbul etc. Son disque \u201cNocturnes\u201d avec le t\u00e9nor Rupert Charlesworth est sorti chez Outhere music.<\/p>\n\n\n\n<p>Elle a obtenu un Master d\u2019accompagnement au piano \u00e0 la Royal Academy of Music \u00e0 Londres, mais \u00e9galement suivi des \u00e9tudes de direction d&#8217;orchestre et de direction de choeur.<\/p>\n\n\n\n<p>Edwige Herchenroder enseigne l\u2019\u00e9tude de r\u00f4les d\u2019op\u00e9ra et la diction lyrique fran\u00e7aise \u00e0 l\u2019Ecole Normale de musique Alfred Cortot \u00e0 Paris.<\/p>\n","protected":false},"featured_media":2177,"template":"","discipline":[90],"class_list":["post-1719","teacher","type-teacher","status-publish","has-post-thumbnail","hentry","discipline-role-study-and-lyrical-diction"],"acf":[],"yoast_head":"<!-- This site is optimized with the Yoast SEO plugin v27.5 - https:\/\/yoast.com\/product\/yoast-seo-wordpress\/ -->\n<title>HERCHENRODER Edwige - Ecole Normale de Musique de Paris<\/title>\n<meta name=\"robots\" content=\"index, follow, max-snippet:-1, max-image-preview:large, max-video-preview:-1\" \/>\n<link rel=\"canonical\" href=\"https:\/\/www.ecolenormalecortot.com\/en\/enseignants\/herchenroder-edwige\/\" \/>\n<meta property=\"og:locale\" content=\"en_US\" \/>\n<meta property=\"og:type\" content=\"article\" \/>\n<meta property=\"og:title\" content=\"HERCHENRODER Edwige - Ecole Normale de Musique de Paris\" \/>\n<meta property=\"og:description\" content=\"Edwige Herchenroder travaille en tant que pianiste cheffe de chant au sein de plusieurs op\u00e9ras (notamment le Th\u00e9\u00e2tre des Champs [&hellip;]\" \/>\n<meta property=\"og:url\" content=\"https:\/\/www.ecolenormalecortot.com\/en\/enseignants\/herchenroder-edwige\/\" \/>\n<meta property=\"og:site_name\" content=\"Ecole Normale de Musique de Paris\" \/>\n<meta property=\"article:modified_time\" content=\"2023-04-10T18:02:32+00:00\" \/>\n<meta property=\"og:image\" content=\"https:\/\/www.ecolenormalecortot.com\/wp-content\/uploads\/2023\/04\/HERCHERODER-EDWIGE.jpeg\" \/>\n\t<meta property=\"og:image:width\" content=\"1000\" \/>\n\t<meta property=\"og:image:height\" content=\"1500\" \/>\n\t<meta property=\"og:image:type\" content=\"image\/jpeg\" \/>\n<meta name=\"twitter:card\" content=\"summary_large_image\" \/>\n<meta name=\"twitter:label1\" content=\"Est. reading time\" \/>\n\t<meta name=\"twitter:data1\" content=\"2 minutes\" \/>\n<script type=\"application\/ld+json\" class=\"yoast-schema-graph\">{\"@context\":\"https:\\\/\\\/schema.org\",\"@graph\":[{\"@type\":\"WebPage\",\"@id\":\"https:\\\/\\\/www.ecolenormalecortot.com\\\/en\\\/enseignants\\\/herchenroder-edwige\\\/\",\"url\":\"https:\\\/\\\/www.ecolenormalecortot.com\\\/en\\\/enseignants\\\/herchenroder-edwige\\\/\",\"name\":\"HERCHENRODER Edwige - Ecole Normale de Musique de Paris\",\"isPartOf\":{\"@id\":\"https:\\\/\\\/www.ecolenormalecortot.com\\\/en\\\/#website\"},\"primaryImageOfPage\":{\"@id\":\"https:\\\/\\\/www.ecolenormalecortot.com\\\/en\\\/enseignants\\\/herchenroder-edwige\\\/#primaryimage\"},\"image\":{\"@id\":\"https:\\\/\\\/www.ecolenormalecortot.com\\\/en\\\/enseignants\\\/herchenroder-edwige\\\/#primaryimage\"},\"thumbnailUrl\":\"https:\\\/\\\/www.ecolenormalecortot.com\\\/wp-content\\\/uploads\\\/2023\\\/04\\\/HERCHERODER-EDWIGE.jpeg\",\"datePublished\":\"2023-04-06T15:24:36+00:00\",\"dateModified\":\"2023-04-10T18:02:32+00:00\",\"breadcrumb\":{\"@id\":\"https:\\\/\\\/www.ecolenormalecortot.com\\\/en\\\/enseignants\\\/herchenroder-edwige\\\/#breadcrumb\"},\"inLanguage\":\"en-US\",\"potentialAction\":[{\"@type\":\"ReadAction\",\"target\":[\"https:\\\/\\\/www.ecolenormalecortot.com\\\/en\\\/enseignants\\\/herchenroder-edwige\\\/\"]}]},{\"@type\":\"ImageObject\",\"inLanguage\":\"en-US\",\"@id\":\"https:\\\/\\\/www.ecolenormalecortot.com\\\/en\\\/enseignants\\\/herchenroder-edwige\\\/#primaryimage\",\"url\":\"https:\\\/\\\/www.ecolenormalecortot.com\\\/wp-content\\\/uploads\\\/2023\\\/04\\\/HERCHERODER-EDWIGE.jpeg\",\"contentUrl\":\"https:\\\/\\\/www.ecolenormalecortot.com\\\/wp-content\\\/uploads\\\/2023\\\/04\\\/HERCHERODER-EDWIGE.jpeg\",\"width\":1000,\"height\":1500},{\"@type\":\"BreadcrumbList\",\"@id\":\"https:\\\/\\\/www.ecolenormalecortot.com\\\/en\\\/enseignants\\\/herchenroder-edwige\\\/#breadcrumb\",\"itemListElement\":[{\"@type\":\"ListItem\",\"position\":1,\"name\":\"Accueil\",\"item\":\"https:\\\/\\\/www.ecolenormalecortot.com\\\/en\\\/\"},{\"@type\":\"ListItem\",\"position\":2,\"name\":\"Professeurs\",\"item\":\"https:\\\/\\\/www.ecolenormalecortot.com\\\/en\\\/enseignants\\\/\"},{\"@type\":\"ListItem\",\"position\":3,\"name\":\"HERCHENRODER Edwige\"}]},{\"@type\":\"WebSite\",\"@id\":\"https:\\\/\\\/www.ecolenormalecortot.com\\\/en\\\/#website\",\"url\":\"https:\\\/\\\/www.ecolenormalecortot.com\\\/en\\\/\",\"name\":\"Ecole Normale de Musique de Paris\",\"description\":\"\",\"publisher\":{\"@id\":\"https:\\\/\\\/www.ecolenormalecortot.com\\\/en\\\/#organization\"},\"potentialAction\":[{\"@type\":\"SearchAction\",\"target\":{\"@type\":\"EntryPoint\",\"urlTemplate\":\"https:\\\/\\\/www.ecolenormalecortot.com\\\/en\\\/?s={search_term_string}\"},\"query-input\":{\"@type\":\"PropertyValueSpecification\",\"valueRequired\":true,\"valueName\":\"search_term_string\"}}],\"inLanguage\":\"en-US\"},{\"@type\":\"Organization\",\"@id\":\"https:\\\/\\\/www.ecolenormalecortot.com\\\/en\\\/#organization\",\"name\":\"Ecole Normale de Musique de Paris\",\"url\":\"https:\\\/\\\/www.ecolenormalecortot.com\\\/en\\\/\",\"logo\":{\"@type\":\"ImageObject\",\"inLanguage\":\"en-US\",\"@id\":\"https:\\\/\\\/www.ecolenormalecortot.com\\\/en\\\/#\\\/schema\\\/logo\\\/image\\\/\",\"url\":\"https:\\\/\\\/www.ecolenormalecortot.com\\\/wp-content\\\/uploads\\\/2023\\\/02\\\/android-chrome-512x512-1.png\",\"contentUrl\":\"https:\\\/\\\/www.ecolenormalecortot.com\\\/wp-content\\\/uploads\\\/2023\\\/02\\\/android-chrome-512x512-1.png\",\"width\":512,\"height\":512,\"caption\":\"Ecole Normale de Musique de Paris\"},\"image\":{\"@id\":\"https:\\\/\\\/www.ecolenormalecortot.com\\\/en\\\/#\\\/schema\\\/logo\\\/image\\\/\"}}]}<\/script>\n<!-- \/ Yoast SEO plugin. -->","yoast_head_json":{"title":"HERCHENRODER Edwige - Ecole Normale de Musique de Paris","robots":{"index":"index","follow":"follow","max-snippet":"max-snippet:-1","max-image-preview":"max-image-preview:large","max-video-preview":"max-video-preview:-1"},"canonical":"https:\/\/www.ecolenormalecortot.com\/en\/enseignants\/herchenroder-edwige\/","og_locale":"en_US","og_type":"article","og_title":"HERCHENRODER Edwige - Ecole Normale de Musique de Paris","og_description":"Edwige Herchenroder travaille en tant que pianiste cheffe de chant au sein de plusieurs op\u00e9ras (notamment le Th\u00e9\u00e2tre des Champs [&hellip;]","og_url":"https:\/\/www.ecolenormalecortot.com\/en\/enseignants\/herchenroder-edwige\/","og_site_name":"Ecole Normale de Musique de Paris","article_modified_time":"2023-04-10T18:02:32+00:00","og_image":[{"width":1000,"height":1500,"url":"https:\/\/www.ecolenormalecortot.com\/wp-content\/uploads\/2023\/04\/HERCHERODER-EDWIGE.jpeg","type":"image\/jpeg"}],"twitter_card":"summary_large_image","twitter_misc":{"Est. reading time":"2 minutes"},"schema":{"@context":"https:\/\/schema.org","@graph":[{"@type":"WebPage","@id":"https:\/\/www.ecolenormalecortot.com\/en\/enseignants\/herchenroder-edwige\/","url":"https:\/\/www.ecolenormalecortot.com\/en\/enseignants\/herchenroder-edwige\/","name":"HERCHENRODER Edwige - Ecole Normale de Musique de Paris","isPartOf":{"@id":"https:\/\/www.ecolenormalecortot.com\/en\/#website"},"primaryImageOfPage":{"@id":"https:\/\/www.ecolenormalecortot.com\/en\/enseignants\/herchenroder-edwige\/#primaryimage"},"image":{"@id":"https:\/\/www.ecolenormalecortot.com\/en\/enseignants\/herchenroder-edwige\/#primaryimage"},"thumbnailUrl":"https:\/\/www.ecolenormalecortot.com\/wp-content\/uploads\/2023\/04\/HERCHERODER-EDWIGE.jpeg","datePublished":"2023-04-06T15:24:36+00:00","dateModified":"2023-04-10T18:02:32+00:00","breadcrumb":{"@id":"https:\/\/www.ecolenormalecortot.com\/en\/enseignants\/herchenroder-edwige\/#breadcrumb"},"inLanguage":"en-US","potentialAction":[{"@type":"ReadAction","target":["https:\/\/www.ecolenormalecortot.com\/en\/enseignants\/herchenroder-edwige\/"]}]},{"@type":"ImageObject","inLanguage":"en-US","@id":"https:\/\/www.ecolenormalecortot.com\/en\/enseignants\/herchenroder-edwige\/#primaryimage","url":"https:\/\/www.ecolenormalecortot.com\/wp-content\/uploads\/2023\/04\/HERCHERODER-EDWIGE.jpeg","contentUrl":"https:\/\/www.ecolenormalecortot.com\/wp-content\/uploads\/2023\/04\/HERCHERODER-EDWIGE.jpeg","width":1000,"height":1500},{"@type":"BreadcrumbList","@id":"https:\/\/www.ecolenormalecortot.com\/en\/enseignants\/herchenroder-edwige\/#breadcrumb","itemListElement":[{"@type":"ListItem","position":1,"name":"Accueil","item":"https:\/\/www.ecolenormalecortot.com\/en\/"},{"@type":"ListItem","position":2,"name":"Professeurs","item":"https:\/\/www.ecolenormalecortot.com\/en\/enseignants\/"},{"@type":"ListItem","position":3,"name":"HERCHENRODER Edwige"}]},{"@type":"WebSite","@id":"https:\/\/www.ecolenormalecortot.com\/en\/#website","url":"https:\/\/www.ecolenormalecortot.com\/en\/","name":"Ecole Normale de Musique de Paris","description":"","publisher":{"@id":"https:\/\/www.ecolenormalecortot.com\/en\/#organization"},"potentialAction":[{"@type":"SearchAction","target":{"@type":"EntryPoint","urlTemplate":"https:\/\/www.ecolenormalecortot.com\/en\/?s={search_term_string}"},"query-input":{"@type":"PropertyValueSpecification","valueRequired":true,"valueName":"search_term_string"}}],"inLanguage":"en-US"},{"@type":"Organization","@id":"https:\/\/www.ecolenormalecortot.com\/en\/#organization","name":"Ecole Normale de Musique de Paris","url":"https:\/\/www.ecolenormalecortot.com\/en\/","logo":{"@type":"ImageObject","inLanguage":"en-US","@id":"https:\/\/www.ecolenormalecortot.com\/en\/#\/schema\/logo\/image\/","url":"https:\/\/www.ecolenormalecortot.com\/wp-content\/uploads\/2023\/02\/android-chrome-512x512-1.png","contentUrl":"https:\/\/www.ecolenormalecortot.com\/wp-content\/uploads\/2023\/02\/android-chrome-512x512-1.png","width":512,"height":512,"caption":"Ecole Normale de Musique de Paris"},"image":{"@id":"https:\/\/www.ecolenormalecortot.com\/en\/#\/schema\/logo\/image\/"}}]}},"_links":{"self":[{"href":"https:\/\/www.ecolenormalecortot.com\/en\/wp-json\/wp\/v2\/teacher\/1719","targetHints":{"allow":["GET"]}}],"collection":[{"href":"https:\/\/www.ecolenormalecortot.com\/en\/wp-json\/wp\/v2\/teacher"}],"about":[{"href":"https:\/\/www.ecolenormalecortot.com\/en\/wp-json\/wp\/v2\/types\/teacher"}],"wp:featuredmedia":[{"embeddable":true,"href":"https:\/\/www.ecolenormalecortot.com\/en\/wp-json\/wp\/v2\/media\/2177"}],"wp:attachment":[{"href":"https:\/\/www.ecolenormalecortot.com\/en\/wp-json\/wp\/v2\/media?parent=1719"}],"wp:term":[{"taxonomy":"discipline","embeddable":true,"href":"https:\/\/www.ecolenormalecortot.com\/en\/wp-json\/wp\/v2\/discipline?post=1719"}],"curies":[{"name":"wp","href":"https:\/\/api.w.org\/{rel}","templated":true}]}}

<p>Edwige Herchenroder travaille en tant que pianiste cheffe de chant au sein de plusieurs opéras (notamment le Théâtre des Champs Elysées, Opéra de Toulon, Soirées lyriques de Sanxay, en Italie au Donizetti Opera, en Angleterre au Garsington Opera, en Chine au National Centre for the Performing Arts&#8230;) Elle se spécialise également dans la préparation des opéras français en tant que vocal coach à Londres au Royal Opera House, Royal Academy of Music, English Touring Opera, Royal Northern College of Music, Royal College of Music, Guildhall School of Music et en Italie notamment au Teatro Regio di Parma.</p>



<p>Elle collabore avec l’Orchestre de chambre de Paris, l’Orchestre National d’Ile-de-France, le chœur de chambre Les Éléments.&nbsp;</p>



<p>Sur scène, elle accompagne des récitals au Festival d&#8217;Aix en Provence, à la Philharmonie de Paris, à l&#8217;Opéra de Lille, à Toulouse (Les Grands Interprètes), au Petit Palais de Paris, à la Fondation Royaumont, en Angleterre au Victoria and Albert museum, Oxford Lieder Festival, St John’s Smith, en Islande pour la radio de Reykjavik, à Istanbul etc. Son disque “Nocturnes” avec le ténor Rupert Charlesworth est sorti chez Outhere music.</p>



<p>Elle a obtenu un Master d’accompagnement au piano à la Royal Academy of Music à Londres, mais également suivi des études de direction d&#8217;orchestre et de direction de choeur.</p>



<p>Edwige Herchenroder enseigne l’étude de rôles d’opéra et la diction lyrique française à l’Ecole Normale de musique Alfred Cortot à Paris.</p>

<!-- This site is optimized with the Yoast SEO plugin v27.5 - https://yoast.com/product/yoast-seo-wordpress/ -->
<title>HERCHENRODER Edwige - Ecole Normale de Musique de Paris</title>
<meta name="robots" content="index, follow, max-snippet:-1, max-image-preview:large, max-video-preview:-1" />
<link rel="canonical" href="https://www.ecolenormalecortot.com/en/enseignants/herchenroder-edwige/" />
<meta property="og:locale" content="en_US" />
<meta property="og:type" content="article" />
<meta property="og:title" content="HERCHENRODER Edwige - Ecole Normale de Musique de Paris" />
<meta property="og:description" content="Edwige Herchenroder travaille en tant que pianiste cheffe de chant au sein de plusieurs opéras (notamment le Théâtre des Champs [&hellip;]" />
<meta property="og:url" content="https://www.ecolenormalecortot.com/en/enseignants/herchenroder-edwige/" />
<meta property="og:site_name" content="Ecole Normale de Musique de Paris" />
<meta property="article:modified_time" content="2023-04-10T18:02:32+00:00" />
<meta property="og:image" content="https://www.ecolenormalecortot.com/wp-content/uploads/2023/04/HERCHERODER-EDWIGE.jpeg" />
	<meta property="og:image:width" content="1000" />
	<meta property="og:image:height" content="1500" />
	<meta property="og:image:type" content="image/jpeg" />
<meta name="twitter:card" content="summary_large_image" />
<meta name="twitter:label1" content="Est. reading time" />
	<meta name="twitter:data1" content="2 minutes" />
<script type="application/ld+json" class="yoast-schema-graph">{"@context":"https:\/\/schema.org","@graph":[{"@type":"WebPage","@id":"https:\/\/www.ecolenormalecortot.com\/en\/enseignants\/herchenroder-edwige\/","url":"https:\/\/www.ecolenormalecortot.com\/en\/enseignants\/herchenroder-edwige\/","name":"HERCHENRODER Edwige - Ecole Normale de Musique de Paris","isPartOf":{"@id":"https:\/\/www.ecolenormalecortot.com\/en\/#website"},"primaryImageOfPage":{"@id":"https:\/\/www.ecolenormalecortot.com\/en\/enseignants\/herchenroder-edwige\/#primaryimage"},"image":{"@id":"https:\/\/www.ecolenormalecortot.com\/en\/enseignants\/herchenroder-edwige\/#primaryimage"},"thumbnailUrl":"https:\/\/www.ecolenormalecortot.com\/wp-content\/uploads\/2023\/04\/HERCHERODER-EDWIGE.jpeg","datePublished":"2023-04-06T15:24:36+00:00","dateModified":"2023-04-10T18:02:32+00:00","breadcrumb":{"@id":"https:\/\/www.ecolenormalecortot.com\/en\/enseignants\/herchenroder-edwige\/#breadcrumb"},"inLanguage":"en-US","potentialAction":[{"@type":"ReadAction","target":["https:\/\/www.ecolenormalecortot.com\/en\/enseignants\/herchenroder-edwige\/"]}]},{"@type":"ImageObject","inLanguage":"en-US","@id":"https:\/\/www.ecolenormalecortot.com\/en\/enseignants\/herchenroder-edwige\/#primaryimage","url":"https:\/\/www.ecolenormalecortot.com\/wp-content\/uploads\/2023\/04\/HERCHERODER-EDWIGE.jpeg","contentUrl":"https:\/\/www.ecolenormalecortot.com\/wp-content\/uploads\/2023\/04\/HERCHERODER-EDWIGE.jpeg","width":1000,"height":1500},{"@type":"BreadcrumbList","@id":"https:\/\/www.ecolenormalecortot.com\/en\/enseignants\/herchenroder-edwige\/#breadcrumb","itemListElement":[{"@type":"ListItem","position":1,"name":"Accueil","item":"https:\/\/www.ecolenormalecortot.com\/en\/"},{"@type":"ListItem","position":2,"name":"Professeurs","item":"https:\/\/www.ecolenormalecortot.com\/en\/enseignants\/"},{"@type":"ListItem","position":3,"name":"HERCHENRODER Edwige"}]},{"@type":"WebSite","@id":"https:\/\/www.ecolenormalecortot.com\/en\/#website","url":"https:\/\/www.ecolenormalecortot.com\/en\/","name":"Ecole Normale de Musique de Paris","description":"","publisher":{"@id":"https:\/\/www.ecolenormalecortot.com\/en\/#organization"},"potentialAction":[{"@type":"SearchAction","target":{"@type":"EntryPoint","urlTemplate":"https:\/\/www.ecolenormalecortot.com\/en\/?s={search_term_string}"},"query-input":{"@type":"PropertyValueSpecification","valueRequired":true,"valueName":"search_term_string"}}],"inLanguage":"en-US"},{"@type":"Organization","@id":"https:\/\/www.ecolenormalecortot.com\/en\/#organization","name":"Ecole Normale de Musique de Paris","url":"https:\/\/www.ecolenormalecortot.com\/en\/","logo":{"@type":"ImageObject","inLanguage":"en-US","@id":"https:\/\/www.ecolenormalecortot.com\/en\/#\/schema\/logo\/image\/","url":"https:\/\/www.ecolenormalecortot.com\/wp-content\/uploads\/2023\/02\/android-chrome-512x512-1.png","contentUrl":"https:\/\/www.ecolenormalecortot.com\/wp-content\/uploads\/2023\/02\/android-chrome-512x512-1.png","width":512,"height":512,"caption":"Ecole Normale de Musique de Paris"},"image":{"@id":"https:\/\/www.ecolenormalecortot.com\/en\/#\/schema\/logo\/image\/"}}]}</script>
<!-- / Yoast SEO plugin. -->

Edwige Herchenroder travaille en tant que pianiste cheffe de chant au sein de plusieurs opéras (notamment le Théâtre des Champs [&hellip;]
