{"id":1714,"date":"2023-04-06T17:30:34","date_gmt":"2023-04-06T15:30:34","guid":{"rendered":"https:\/\/web.enmp.fr\/enseignants\/louwerse-david\/"},"modified":"2025-06-20T15:29:52","modified_gmt":"2025-06-20T13:29:52","slug":"louwerse-david","status":"publish","type":"teacher","link":"https:\/\/www.ecolenormalecortot.com\/en\/enseignants\/louwerse-david\/","title":{"rendered":"LOUWERSE David"},"content":{"rendered":"\n<p><strong>\u201cA profound and inspired cellist, with superb technique!\u201d \u2014 <em>Classica<\/em><\/strong><\/p>\n\n\n\n<p>A multifaceted French cellist, <strong>David Louwerse<\/strong> is passionate about musical creation in all its forms.<\/p>\n\n\n\n<p>He holds a Premier Prix with unanimous distinction in both cello and chamber music from the Conservatoire National Sup\u00e9rieur de Musique de Paris, as well as the Lucy G. Moses Award from Yale University.<\/p>\n\n\n\n<p>He is currently the cellist of <strong><a href=\"https:\/\/www.ensemblevariances.com\/fr\/\">Ensemble Variances<\/a><\/strong>, under the artistic direction of composer Thierry P\u00e9cou, and performs \u2014 or has performed \u2014 as a soloist and chamber musician in France at venues and festivals including the Op\u00e9ra de Lyon, Maison de la Radio France, Arsenal de Metz, Lille Piano Festival, D\u00e9tours de Babel in Grenoble, Journ\u00e9es Musicales de Dieulefit, Festival Flam\u2019 in Blaye, Th\u00e9\u00e2tre des Arts in Rouen, Rostropovich Auditorium in Paris, Ault en Musiques!, Offenbach Festival in \u00c9tretat, Nocturnes de la Cath\u00e9drale de Rouen, Ambronay Festival, and the Cathedrals of Riez and La Force.<\/p>\n\n\n\n<p>In Canada and the United States, he has appeared at Bourgie Hall in Montreal, Music on Main in Vancouver, Quebec City, the Ottawa Chamber Festival, Bargemusic in New York, the Ferst Center for the Arts in Atlanta, Town Hall in Seattle, as well as in Los Angeles and Washington. In Asia, he has performed in Taipei, Kaohsiung, and Yilan.<\/p>\n\n\n\n<p>He has also toured extensively throughout Europe, including Unerh\u00f4rte Musik in Berlin, Arabesque Festival in Hamburg, Heidelberg Festival, Sanssouci Palace in Potsdam (Berlin), Gregynog Music Festival, St John\u2019s Smith Square in London, St George\u2019s Church in Bristol, Brighton Festival, Lisinski Hall in Zagreb, Ossiach Festival in Villach (Austria), Utrecht, and Maastricht.<\/p>\n\n\n\n<p>David Louwerse is also the <strong>Artistic Director<\/strong> of the <em>Ault en Musiques!<\/em> festival, held over five days in early July in the south of the Baie de Somme, the <em>Musiqu\u2019Eure<\/em> festival in \u00c9vreux, and <em>Les Musiciens de l\u2019Instant<\/em>, an association of musicians devoted to the art of chamber music.<\/p>\n\n\n\n<p>He teaches cello at the <strong>Conservatories of the City of Paris<\/strong>, <a href=\"https:\/\/www.ecolenormalecortot.com\/en\/les-etudes\/disciplines\/chamber-music\/\">chamber music<\/a> at <strong>P\u00f4le Sup\u201993<\/strong>, and at the <strong>\u00c9cole Normale de Musique de Paris<\/strong>.<\/p>\n","protected":false},"featured_media":10637,"template":"","discipline":[99],"class_list":["post-1714","teacher","type-teacher","status-publish","has-post-thumbnail","hentry","discipline-chamber-music"],"acf":[],"yoast_head":"<!-- This site is optimized with the Yoast SEO plugin v27.5 - https:\/\/yoast.com\/product\/yoast-seo-wordpress\/ -->\n<title>LOUWERSE David - Ecole Normale de Musique de Paris<\/title>\n<meta name=\"description\" content=\"David Louwerse, violoncelliste fran\u00e7ais, allie virtuosit\u00e9, cr\u00e9ation contemporaine et passion p\u00e9dagogique sur les sc\u00e8nes du monde entier.\" \/>\n<meta name=\"robots\" content=\"index, follow, max-snippet:-1, max-image-preview:large, max-video-preview:-1\" \/>\n<link rel=\"canonical\" href=\"https:\/\/www.ecolenormalecortot.com\/en\/enseignants\/louwerse-david\/\" \/>\n<meta property=\"og:locale\" content=\"en_US\" \/>\n<meta property=\"og:type\" content=\"article\" \/>\n<meta property=\"og:title\" content=\"LOUWERSE David - Ecole Normale de Musique de Paris\" \/>\n<meta property=\"og:description\" content=\"David Louwerse, violoncelliste fran\u00e7ais, allie virtuosit\u00e9, cr\u00e9ation contemporaine et passion p\u00e9dagogique sur les sc\u00e8nes du monde entier.\" \/>\n<meta property=\"og:url\" content=\"https:\/\/www.ecolenormalecortot.com\/en\/enseignants\/louwerse-david\/\" \/>\n<meta property=\"og:site_name\" content=\"Ecole Normale de Musique de Paris\" \/>\n<meta property=\"article:modified_time\" content=\"2025-06-20T13:29:52+00:00\" \/>\n<meta property=\"og:image\" content=\"https:\/\/www.ecolenormalecortot.com\/wp-content\/uploads\/2023\/04\/LOUWERSE-David-1024x682.jpeg\" \/>\n\t<meta property=\"og:image:width\" content=\"1024\" \/>\n\t<meta property=\"og:image:height\" content=\"682\" \/>\n\t<meta property=\"og:image:type\" content=\"image\/jpeg\" \/>\n<meta name=\"twitter:card\" content=\"summary_large_image\" \/>\n<meta name=\"twitter:label1\" content=\"Est. reading time\" \/>\n\t<meta name=\"twitter:data1\" content=\"2 minutes\" \/>\n<script type=\"application\/ld+json\" class=\"yoast-schema-graph\">{\"@context\":\"https:\\\/\\\/schema.org\",\"@graph\":[{\"@type\":\"WebPage\",\"@id\":\"https:\\\/\\\/www.ecolenormalecortot.com\\\/en\\\/enseignants\\\/louwerse-david\\\/\",\"url\":\"https:\\\/\\\/www.ecolenormalecortot.com\\\/en\\\/enseignants\\\/louwerse-david\\\/\",\"name\":\"LOUWERSE David - Ecole Normale de Musique de Paris\",\"isPartOf\":{\"@id\":\"https:\\\/\\\/www.ecolenormalecortot.com\\\/en\\\/#website\"},\"primaryImageOfPage\":{\"@id\":\"https:\\\/\\\/www.ecolenormalecortot.com\\\/en\\\/enseignants\\\/louwerse-david\\\/#primaryimage\"},\"image\":{\"@id\":\"https:\\\/\\\/www.ecolenormalecortot.com\\\/en\\\/enseignants\\\/louwerse-david\\\/#primaryimage\"},\"thumbnailUrl\":\"https:\\\/\\\/www.ecolenormalecortot.com\\\/wp-content\\\/uploads\\\/2023\\\/04\\\/LOUWERSE-David.jpeg\",\"datePublished\":\"2023-04-06T15:30:34+00:00\",\"dateModified\":\"2025-06-20T13:29:52+00:00\",\"description\":\"David Louwerse, violoncelliste fran\u00e7ais, allie virtuosit\u00e9, cr\u00e9ation contemporaine et passion p\u00e9dagogique sur les sc\u00e8nes du monde entier.\",\"breadcrumb\":{\"@id\":\"https:\\\/\\\/www.ecolenormalecortot.com\\\/en\\\/enseignants\\\/louwerse-david\\\/#breadcrumb\"},\"inLanguage\":\"en-US\",\"potentialAction\":[{\"@type\":\"ReadAction\",\"target\":[\"https:\\\/\\\/www.ecolenormalecortot.com\\\/en\\\/enseignants\\\/louwerse-david\\\/\"]}]},{\"@type\":\"ImageObject\",\"inLanguage\":\"en-US\",\"@id\":\"https:\\\/\\\/www.ecolenormalecortot.com\\\/en\\\/enseignants\\\/louwerse-david\\\/#primaryimage\",\"url\":\"https:\\\/\\\/www.ecolenormalecortot.com\\\/wp-content\\\/uploads\\\/2023\\\/04\\\/LOUWERSE-David.jpeg\",\"contentUrl\":\"https:\\\/\\\/www.ecolenormalecortot.com\\\/wp-content\\\/uploads\\\/2023\\\/04\\\/LOUWERSE-David.jpeg\",\"width\":2047,\"height\":1364,\"caption\":\"LOUWERSE David\"},{\"@type\":\"BreadcrumbList\",\"@id\":\"https:\\\/\\\/www.ecolenormalecortot.com\\\/en\\\/enseignants\\\/louwerse-david\\\/#breadcrumb\",\"itemListElement\":[{\"@type\":\"ListItem\",\"position\":1,\"name\":\"Accueil\",\"item\":\"https:\\\/\\\/www.ecolenormalecortot.com\\\/en\\\/\"},{\"@type\":\"ListItem\",\"position\":2,\"name\":\"Professeurs\",\"item\":\"https:\\\/\\\/www.ecolenormalecortot.com\\\/en\\\/enseignants\\\/\"},{\"@type\":\"ListItem\",\"position\":3,\"name\":\"LOUWERSE David\"}]},{\"@type\":\"WebSite\",\"@id\":\"https:\\\/\\\/www.ecolenormalecortot.com\\\/en\\\/#website\",\"url\":\"https:\\\/\\\/www.ecolenormalecortot.com\\\/en\\\/\",\"name\":\"Ecole Normale de Musique de Paris\",\"description\":\"\",\"publisher\":{\"@id\":\"https:\\\/\\\/www.ecolenormalecortot.com\\\/en\\\/#organization\"},\"potentialAction\":[{\"@type\":\"SearchAction\",\"target\":{\"@type\":\"EntryPoint\",\"urlTemplate\":\"https:\\\/\\\/www.ecolenormalecortot.com\\\/en\\\/?s={search_term_string}\"},\"query-input\":{\"@type\":\"PropertyValueSpecification\",\"valueRequired\":true,\"valueName\":\"search_term_string\"}}],\"inLanguage\":\"en-US\"},{\"@type\":\"Organization\",\"@id\":\"https:\\\/\\\/www.ecolenormalecortot.com\\\/en\\\/#organization\",\"name\":\"Ecole Normale de Musique de Paris\",\"url\":\"https:\\\/\\\/www.ecolenormalecortot.com\\\/en\\\/\",\"logo\":{\"@type\":\"ImageObject\",\"inLanguage\":\"en-US\",\"@id\":\"https:\\\/\\\/www.ecolenormalecortot.com\\\/en\\\/#\\\/schema\\\/logo\\\/image\\\/\",\"url\":\"https:\\\/\\\/www.ecolenormalecortot.com\\\/wp-content\\\/uploads\\\/2023\\\/02\\\/android-chrome-512x512-1.png\",\"contentUrl\":\"https:\\\/\\\/www.ecolenormalecortot.com\\\/wp-content\\\/uploads\\\/2023\\\/02\\\/android-chrome-512x512-1.png\",\"width\":512,\"height\":512,\"caption\":\"Ecole Normale de Musique de Paris\"},\"image\":{\"@id\":\"https:\\\/\\\/www.ecolenormalecortot.com\\\/en\\\/#\\\/schema\\\/logo\\\/image\\\/\"}}]}<\/script>\n<!-- \/ Yoast SEO plugin. -->","yoast_head_json":{"title":"LOUWERSE David - Ecole Normale de Musique de Paris","description":"David Louwerse, violoncelliste fran\u00e7ais, allie virtuosit\u00e9, cr\u00e9ation contemporaine et passion p\u00e9dagogique sur les sc\u00e8nes du monde entier.","robots":{"index":"index","follow":"follow","max-snippet":"max-snippet:-1","max-image-preview":"max-image-preview:large","max-video-preview":"max-video-preview:-1"},"canonical":"https:\/\/www.ecolenormalecortot.com\/en\/enseignants\/louwerse-david\/","og_locale":"en_US","og_type":"article","og_title":"LOUWERSE David - Ecole Normale de Musique de Paris","og_description":"David Louwerse, violoncelliste fran\u00e7ais, allie virtuosit\u00e9, cr\u00e9ation contemporaine et passion p\u00e9dagogique sur les sc\u00e8nes du monde entier.","og_url":"https:\/\/www.ecolenormalecortot.com\/en\/enseignants\/louwerse-david\/","og_site_name":"Ecole Normale de Musique de Paris","article_modified_time":"2025-06-20T13:29:52+00:00","og_image":[{"width":1024,"height":682,"url":"https:\/\/www.ecolenormalecortot.com\/wp-content\/uploads\/2023\/04\/LOUWERSE-David-1024x682.jpeg","type":"image\/jpeg"}],"twitter_card":"summary_large_image","twitter_misc":{"Est. reading time":"2 minutes"},"schema":{"@context":"https:\/\/schema.org","@graph":[{"@type":"WebPage","@id":"https:\/\/www.ecolenormalecortot.com\/en\/enseignants\/louwerse-david\/","url":"https:\/\/www.ecolenormalecortot.com\/en\/enseignants\/louwerse-david\/","name":"LOUWERSE David - Ecole Normale de Musique de Paris","isPartOf":{"@id":"https:\/\/www.ecolenormalecortot.com\/en\/#website"},"primaryImageOfPage":{"@id":"https:\/\/www.ecolenormalecortot.com\/en\/enseignants\/louwerse-david\/#primaryimage"},"image":{"@id":"https:\/\/www.ecolenormalecortot.com\/en\/enseignants\/louwerse-david\/#primaryimage"},"thumbnailUrl":"https:\/\/www.ecolenormalecortot.com\/wp-content\/uploads\/2023\/04\/LOUWERSE-David.jpeg","datePublished":"2023-04-06T15:30:34+00:00","dateModified":"2025-06-20T13:29:52+00:00","description":"David Louwerse, violoncelliste fran\u00e7ais, allie virtuosit\u00e9, cr\u00e9ation contemporaine et passion p\u00e9dagogique sur les sc\u00e8nes du monde entier.","breadcrumb":{"@id":"https:\/\/www.ecolenormalecortot.com\/en\/enseignants\/louwerse-david\/#breadcrumb"},"inLanguage":"en-US","potentialAction":[{"@type":"ReadAction","target":["https:\/\/www.ecolenormalecortot.com\/en\/enseignants\/louwerse-david\/"]}]},{"@type":"ImageObject","inLanguage":"en-US","@id":"https:\/\/www.ecolenormalecortot.com\/en\/enseignants\/louwerse-david\/#primaryimage","url":"https:\/\/www.ecolenormalecortot.com\/wp-content\/uploads\/2023\/04\/LOUWERSE-David.jpeg","contentUrl":"https:\/\/www.ecolenormalecortot.com\/wp-content\/uploads\/2023\/04\/LOUWERSE-David.jpeg","width":2047,"height":1364,"caption":"LOUWERSE David"},{"@type":"BreadcrumbList","@id":"https:\/\/www.ecolenormalecortot.com\/en\/enseignants\/louwerse-david\/#breadcrumb","itemListElement":[{"@type":"ListItem","position":1,"name":"Accueil","item":"https:\/\/www.ecolenormalecortot.com\/en\/"},{"@type":"ListItem","position":2,"name":"Professeurs","item":"https:\/\/www.ecolenormalecortot.com\/en\/enseignants\/"},{"@type":"ListItem","position":3,"name":"LOUWERSE David"}]},{"@type":"WebSite","@id":"https:\/\/www.ecolenormalecortot.com\/en\/#website","url":"https:\/\/www.ecolenormalecortot.com\/en\/","name":"Ecole Normale de Musique de Paris","description":"","publisher":{"@id":"https:\/\/www.ecolenormalecortot.com\/en\/#organization"},"potentialAction":[{"@type":"SearchAction","target":{"@type":"EntryPoint","urlTemplate":"https:\/\/www.ecolenormalecortot.com\/en\/?s={search_term_string}"},"query-input":{"@type":"PropertyValueSpecification","valueRequired":true,"valueName":"search_term_string"}}],"inLanguage":"en-US"},{"@type":"Organization","@id":"https:\/\/www.ecolenormalecortot.com\/en\/#organization","name":"Ecole Normale de Musique de Paris","url":"https:\/\/www.ecolenormalecortot.com\/en\/","logo":{"@type":"ImageObject","inLanguage":"en-US","@id":"https:\/\/www.ecolenormalecortot.com\/en\/#\/schema\/logo\/image\/","url":"https:\/\/www.ecolenormalecortot.com\/wp-content\/uploads\/2023\/02\/android-chrome-512x512-1.png","contentUrl":"https:\/\/www.ecolenormalecortot.com\/wp-content\/uploads\/2023\/02\/android-chrome-512x512-1.png","width":512,"height":512,"caption":"Ecole Normale de Musique de Paris"},"image":{"@id":"https:\/\/www.ecolenormalecortot.com\/en\/#\/schema\/logo\/image\/"}}]}},"_links":{"self":[{"href":"https:\/\/www.ecolenormalecortot.com\/en\/wp-json\/wp\/v2\/teacher\/1714","targetHints":{"allow":["GET"]}}],"collection":[{"href":"https:\/\/www.ecolenormalecortot.com\/en\/wp-json\/wp\/v2\/teacher"}],"about":[{"href":"https:\/\/www.ecolenormalecortot.com\/en\/wp-json\/wp\/v2\/types\/teacher"}],"wp:featuredmedia":[{"embeddable":true,"href":"https:\/\/www.ecolenormalecortot.com\/en\/wp-json\/wp\/v2\/media\/10637"}],"wp:attachment":[{"href":"https:\/\/www.ecolenormalecortot.com\/en\/wp-json\/wp\/v2\/media?parent=1714"}],"wp:term":[{"taxonomy":"discipline","embeddable":true,"href":"https:\/\/www.ecolenormalecortot.com\/en\/wp-json\/wp\/v2\/discipline?post=1714"}],"curies":[{"name":"wp","href":"https:\/\/api.w.org\/{rel}","templated":true}]}}

<p><strong>“A profound and inspired cellist, with superb technique!” — <em>Classica</em></strong></p>



<p>A multifaceted French cellist, <strong>David Louwerse</strong> is passionate about musical creation in all its forms.</p>



<p>He holds a Premier Prix with unanimous distinction in both cello and chamber music from the Conservatoire National Supérieur de Musique de Paris, as well as the Lucy G. Moses Award from Yale University.</p>



<p>He is currently the cellist of <strong><a href="https://www.ensemblevariances.com/fr/">Ensemble Variances</a></strong>, under the artistic direction of composer Thierry Pécou, and performs — or has performed — as a soloist and chamber musician in France at venues and festivals including the Opéra de Lyon, Maison de la Radio France, Arsenal de Metz, Lille Piano Festival, Détours de Babel in Grenoble, Journées Musicales de Dieulefit, Festival Flam’ in Blaye, Théâtre des Arts in Rouen, Rostropovich Auditorium in Paris, Ault en Musiques!, Offenbach Festival in Étretat, Nocturnes de la Cathédrale de Rouen, Ambronay Festival, and the Cathedrals of Riez and La Force.</p>



<p>In Canada and the United States, he has appeared at Bourgie Hall in Montreal, Music on Main in Vancouver, Quebec City, the Ottawa Chamber Festival, Bargemusic in New York, the Ferst Center for the Arts in Atlanta, Town Hall in Seattle, as well as in Los Angeles and Washington. In Asia, he has performed in Taipei, Kaohsiung, and Yilan.</p>



<p>He has also toured extensively throughout Europe, including Unerhôrte Musik in Berlin, Arabesque Festival in Hamburg, Heidelberg Festival, Sanssouci Palace in Potsdam (Berlin), Gregynog Music Festival, St John’s Smith Square in London, St George’s Church in Bristol, Brighton Festival, Lisinski Hall in Zagreb, Ossiach Festival in Villach (Austria), Utrecht, and Maastricht.</p>



<p>David Louwerse is also the <strong>Artistic Director</strong> of the <em>Ault en Musiques!</em> festival, held over five days in early July in the south of the Baie de Somme, the <em>Musiqu’Eure</em> festival in Évreux, and <em>Les Musiciens de l’Instant</em>, an association of musicians devoted to the art of chamber music.</p>



<p>He teaches cello at the <strong>Conservatories of the City of Paris</strong>, <a href="https://www.ecolenormalecortot.com/en/les-etudes/disciplines/chamber-music/">chamber music</a> at <strong>Pôle Sup’93</strong>, and at the <strong>École Normale de Musique de Paris</strong>.</p>

<!-- This site is optimized with the Yoast SEO plugin v27.5 - https://yoast.com/product/yoast-seo-wordpress/ -->
<title>LOUWERSE David - Ecole Normale de Musique de Paris</title>
<meta name="description" content="David Louwerse, violoncelliste français, allie virtuosité, création contemporaine et passion pédagogique sur les scènes du monde entier." />
<meta name="robots" content="index, follow, max-snippet:-1, max-image-preview:large, max-video-preview:-1" />
<link rel="canonical" href="https://www.ecolenormalecortot.com/en/enseignants/louwerse-david/" />
<meta property="og:locale" content="en_US" />
<meta property="og:type" content="article" />
<meta property="og:title" content="LOUWERSE David - Ecole Normale de Musique de Paris" />
<meta property="og:description" content="David Louwerse, violoncelliste français, allie virtuosité, création contemporaine et passion pédagogique sur les scènes du monde entier." />
<meta property="og:url" content="https://www.ecolenormalecortot.com/en/enseignants/louwerse-david/" />
<meta property="og:site_name" content="Ecole Normale de Musique de Paris" />
<meta property="article:modified_time" content="2025-06-20T13:29:52+00:00" />
<meta property="og:image" content="https://www.ecolenormalecortot.com/wp-content/uploads/2023/04/LOUWERSE-David-1024x682.jpeg" />
	<meta property="og:image:width" content="1024" />
	<meta property="og:image:height" content="682" />
	<meta property="og:image:type" content="image/jpeg" />
<meta name="twitter:card" content="summary_large_image" />
<meta name="twitter:label1" content="Est. reading time" />
	<meta name="twitter:data1" content="2 minutes" />
<script type="application/ld+json" class="yoast-schema-graph">{"@context":"https:\/\/schema.org","@graph":[{"@type":"WebPage","@id":"https:\/\/www.ecolenormalecortot.com\/en\/enseignants\/louwerse-david\/","url":"https:\/\/www.ecolenormalecortot.com\/en\/enseignants\/louwerse-david\/","name":"LOUWERSE David - Ecole Normale de Musique de Paris","isPartOf":{"@id":"https:\/\/www.ecolenormalecortot.com\/en\/#website"},"primaryImageOfPage":{"@id":"https:\/\/www.ecolenormalecortot.com\/en\/enseignants\/louwerse-david\/#primaryimage"},"image":{"@id":"https:\/\/www.ecolenormalecortot.com\/en\/enseignants\/louwerse-david\/#primaryimage"},"thumbnailUrl":"https:\/\/www.ecolenormalecortot.com\/wp-content\/uploads\/2023\/04\/LOUWERSE-David.jpeg","datePublished":"2023-04-06T15:30:34+00:00","dateModified":"2025-06-20T13:29:52+00:00","description":"David Louwerse, violoncelliste français, allie virtuosité, création contemporaine et passion pédagogique sur les scènes du monde entier.","breadcrumb":{"@id":"https:\/\/www.ecolenormalecortot.com\/en\/enseignants\/louwerse-david\/#breadcrumb"},"inLanguage":"en-US","potentialAction":[{"@type":"ReadAction","target":["https:\/\/www.ecolenormalecortot.com\/en\/enseignants\/louwerse-david\/"]}]},{"@type":"ImageObject","inLanguage":"en-US","@id":"https:\/\/www.ecolenormalecortot.com\/en\/enseignants\/louwerse-david\/#primaryimage","url":"https:\/\/www.ecolenormalecortot.com\/wp-content\/uploads\/2023\/04\/LOUWERSE-David.jpeg","contentUrl":"https:\/\/www.ecolenormalecortot.com\/wp-content\/uploads\/2023\/04\/LOUWERSE-David.jpeg","width":2047,"height":1364,"caption":"LOUWERSE David"},{"@type":"BreadcrumbList","@id":"https:\/\/www.ecolenormalecortot.com\/en\/enseignants\/louwerse-david\/#breadcrumb","itemListElement":[{"@type":"ListItem","position":1,"name":"Accueil","item":"https:\/\/www.ecolenormalecortot.com\/en\/"},{"@type":"ListItem","position":2,"name":"Professeurs","item":"https:\/\/www.ecolenormalecortot.com\/en\/enseignants\/"},{"@type":"ListItem","position":3,"name":"LOUWERSE David"}]},{"@type":"WebSite","@id":"https:\/\/www.ecolenormalecortot.com\/en\/#website","url":"https:\/\/www.ecolenormalecortot.com\/en\/","name":"Ecole Normale de Musique de Paris","description":"","publisher":{"@id":"https:\/\/www.ecolenormalecortot.com\/en\/#organization"},"potentialAction":[{"@type":"SearchAction","target":{"@type":"EntryPoint","urlTemplate":"https:\/\/www.ecolenormalecortot.com\/en\/?s={search_term_string}"},"query-input":{"@type":"PropertyValueSpecification","valueRequired":true,"valueName":"search_term_string"}}],"inLanguage":"en-US"},{"@type":"Organization","@id":"https:\/\/www.ecolenormalecortot.com\/en\/#organization","name":"Ecole Normale de Musique de Paris","url":"https:\/\/www.ecolenormalecortot.com\/en\/","logo":{"@type":"ImageObject","inLanguage":"en-US","@id":"https:\/\/www.ecolenormalecortot.com\/en\/#\/schema\/logo\/image\/","url":"https:\/\/www.ecolenormalecortot.com\/wp-content\/uploads\/2023\/02\/android-chrome-512x512-1.png","contentUrl":"https:\/\/www.ecolenormalecortot.com\/wp-content\/uploads\/2023\/02\/android-chrome-512x512-1.png","width":512,"height":512,"caption":"Ecole Normale de Musique de Paris"},"image":{"@id":"https:\/\/www.ecolenormalecortot.com\/en\/#\/schema\/logo\/image\/"}}]}</script>
<!-- / Yoast SEO plugin. -->

David Louwerse, violoncelliste français, allie virtuosité, création contemporaine et passion pédagogique sur les scènes du monde entier.
