{"id":1713,"date":"2023-04-06T17:31:59","date_gmt":"2023-04-06T15:31:59","guid":{"rendered":"https:\/\/web.enmp.fr\/enseignants\/pikulski-maciej\/"},"modified":"2023-04-15T11:50:53","modified_gmt":"2023-04-15T09:50:53","slug":"pikulski-maciej","status":"publish","type":"teacher","link":"https:\/\/www.ecolenormalecortot.com\/en\/enseignants\/pikulski-maciej\/","title":{"rendered":"PIKULSKI Maciej"},"content":{"rendered":"\n<p>Pianiste soliste, musicien de chambre et accompagnateur de grandes voix, Maciej Pikulski s\u2019est d\u00e9j\u00e0 produit en concert dans plus de 300 salles sur cinq continents.<\/p>\n\n\n\n<p>En tant que soliste, il a jou\u00e9 au Teatro Colon de Buenos Aires et \u00e0 la Sala Sao Paulo (Concerto en Fa de Gershwin) avec l\u2019Orchestre de Bamberg, \u00e0 l\u2019Auditorium de la Rioja \u00e0 Logrono (Concerto n\u00b02 de Rachmaninoff et Concerto en fa de Chopin), au Festival de Trancoso au Br\u00e9sil, dans le \u00ab Totentanz \u00bb de Liszt et dans la \u00ab Rhapsody in Blue \u00bb de Geshwin, \u00e0 la Gare du Midi \u00e0 Biarritz dans le 5e Concerto de Beethoven, au Th\u00e9\u00e2tre de Mons, en Belgique, dans le Concerto de Mozart KV 467, et en r\u00e9cital en Chine, Sri Lanka, Russie, Uruguay, Allemagne, Espagne, Suisse, Pologne, Belgique, France et Slovaquie.\u00a0<\/p>\n\n\n\n<p>Il accompagne en r\u00e9cital Jos\u00e9 Van Dam, Ren\u00e9e Fleming, Dame Felicity Lott, Thomas Hampson, Natalie Dessay, Diana Damrau, Elina Garanca, Aida Garifulina, Patricia Petibon, V\u00e9ronique Gens, Maria Bayo, Laurent Naouri, Luca Pisaroni, Nicolas Test\u00e9, Anna-Caterina Antonacci, Joseph Calleja, et Sumi Jo.<\/p>\n\n\n\n<p>Il a donn\u00e9 des masterclasses dans de nombreuses grandes villes dont Paris, Londres, Vienne, Rome, Bruxelles\u2026 <\/p>\n","protected":false},"featured_media":1659,"template":"","discipline":[103],"class_list":["post-1713","teacher","type-teacher","status-publish","has-post-thumbnail","hentry","discipline-piano-en"],"acf":[],"yoast_head":"<!-- This site is optimized with the Yoast SEO plugin v27.5 - https:\/\/yoast.com\/product\/yoast-seo-wordpress\/ -->\n<title>PIKULSKI Maciej - Ecole Normale de Musique de Paris<\/title>\n<meta name=\"robots\" content=\"index, follow, max-snippet:-1, max-image-preview:large, max-video-preview:-1\" \/>\n<link rel=\"canonical\" href=\"https:\/\/www.ecolenormalecortot.com\/en\/enseignants\/pikulski-maciej\/\" \/>\n<meta property=\"og:locale\" content=\"en_US\" \/>\n<meta property=\"og:type\" content=\"article\" \/>\n<meta property=\"og:title\" content=\"PIKULSKI Maciej - Ecole Normale de Musique de Paris\" \/>\n<meta property=\"og:description\" content=\"Pianiste soliste, musicien de chambre et accompagnateur de grandes voix, Maciej Pikulski s\u2019est d\u00e9j\u00e0 produit en concert dans plus de [&hellip;]\" \/>\n<meta property=\"og:url\" content=\"https:\/\/www.ecolenormalecortot.com\/en\/enseignants\/pikulski-maciej\/\" \/>\n<meta property=\"og:site_name\" content=\"Ecole Normale de Musique de Paris\" \/>\n<meta property=\"article:modified_time\" content=\"2023-04-15T09:50:53+00:00\" \/>\n<meta property=\"og:image\" content=\"https:\/\/www.ecolenormalecortot.com\/wp-content\/uploads\/2023\/04\/PIKULSKI_Maciej.jpg\" \/>\n\t<meta property=\"og:image:width\" content=\"1000\" \/>\n\t<meta property=\"og:image:height\" content=\"1498\" \/>\n\t<meta property=\"og:image:type\" content=\"image\/jpeg\" \/>\n<meta name=\"twitter:card\" content=\"summary_large_image\" \/>\n<meta name=\"twitter:label1\" content=\"Est. reading time\" \/>\n\t<meta name=\"twitter:data1\" content=\"2 minutes\" \/>\n<script type=\"application\/ld+json\" class=\"yoast-schema-graph\">{\"@context\":\"https:\\\/\\\/schema.org\",\"@graph\":[{\"@type\":\"WebPage\",\"@id\":\"https:\\\/\\\/www.ecolenormalecortot.com\\\/en\\\/enseignants\\\/pikulski-maciej\\\/\",\"url\":\"https:\\\/\\\/www.ecolenormalecortot.com\\\/en\\\/enseignants\\\/pikulski-maciej\\\/\",\"name\":\"PIKULSKI Maciej - Ecole Normale de Musique de Paris\",\"isPartOf\":{\"@id\":\"https:\\\/\\\/www.ecolenormalecortot.com\\\/en\\\/#website\"},\"primaryImageOfPage\":{\"@id\":\"https:\\\/\\\/www.ecolenormalecortot.com\\\/en\\\/enseignants\\\/pikulski-maciej\\\/#primaryimage\"},\"image\":{\"@id\":\"https:\\\/\\\/www.ecolenormalecortot.com\\\/en\\\/enseignants\\\/pikulski-maciej\\\/#primaryimage\"},\"thumbnailUrl\":\"https:\\\/\\\/www.ecolenormalecortot.com\\\/wp-content\\\/uploads\\\/2023\\\/04\\\/PIKULSKI_Maciej.jpg\",\"datePublished\":\"2023-04-06T15:31:59+00:00\",\"dateModified\":\"2023-04-15T09:50:53+00:00\",\"breadcrumb\":{\"@id\":\"https:\\\/\\\/www.ecolenormalecortot.com\\\/en\\\/enseignants\\\/pikulski-maciej\\\/#breadcrumb\"},\"inLanguage\":\"en-US\",\"potentialAction\":[{\"@type\":\"ReadAction\",\"target\":[\"https:\\\/\\\/www.ecolenormalecortot.com\\\/en\\\/enseignants\\\/pikulski-maciej\\\/\"]}]},{\"@type\":\"ImageObject\",\"inLanguage\":\"en-US\",\"@id\":\"https:\\\/\\\/www.ecolenormalecortot.com\\\/en\\\/enseignants\\\/pikulski-maciej\\\/#primaryimage\",\"url\":\"https:\\\/\\\/www.ecolenormalecortot.com\\\/wp-content\\\/uploads\\\/2023\\\/04\\\/PIKULSKI_Maciej.jpg\",\"contentUrl\":\"https:\\\/\\\/www.ecolenormalecortot.com\\\/wp-content\\\/uploads\\\/2023\\\/04\\\/PIKULSKI_Maciej.jpg\",\"width\":1000,\"height\":1498},{\"@type\":\"BreadcrumbList\",\"@id\":\"https:\\\/\\\/www.ecolenormalecortot.com\\\/en\\\/enseignants\\\/pikulski-maciej\\\/#breadcrumb\",\"itemListElement\":[{\"@type\":\"ListItem\",\"position\":1,\"name\":\"Accueil\",\"item\":\"https:\\\/\\\/www.ecolenormalecortot.com\\\/en\\\/\"},{\"@type\":\"ListItem\",\"position\":2,\"name\":\"Professeurs\",\"item\":\"https:\\\/\\\/www.ecolenormalecortot.com\\\/en\\\/enseignants\\\/\"},{\"@type\":\"ListItem\",\"position\":3,\"name\":\"PIKULSKI Maciej\"}]},{\"@type\":\"WebSite\",\"@id\":\"https:\\\/\\\/www.ecolenormalecortot.com\\\/en\\\/#website\",\"url\":\"https:\\\/\\\/www.ecolenormalecortot.com\\\/en\\\/\",\"name\":\"Ecole Normale de Musique de Paris\",\"description\":\"\",\"publisher\":{\"@id\":\"https:\\\/\\\/www.ecolenormalecortot.com\\\/en\\\/#organization\"},\"potentialAction\":[{\"@type\":\"SearchAction\",\"target\":{\"@type\":\"EntryPoint\",\"urlTemplate\":\"https:\\\/\\\/www.ecolenormalecortot.com\\\/en\\\/?s={search_term_string}\"},\"query-input\":{\"@type\":\"PropertyValueSpecification\",\"valueRequired\":true,\"valueName\":\"search_term_string\"}}],\"inLanguage\":\"en-US\"},{\"@type\":\"Organization\",\"@id\":\"https:\\\/\\\/www.ecolenormalecortot.com\\\/en\\\/#organization\",\"name\":\"Ecole Normale de Musique de Paris\",\"url\":\"https:\\\/\\\/www.ecolenormalecortot.com\\\/en\\\/\",\"logo\":{\"@type\":\"ImageObject\",\"inLanguage\":\"en-US\",\"@id\":\"https:\\\/\\\/www.ecolenormalecortot.com\\\/en\\\/#\\\/schema\\\/logo\\\/image\\\/\",\"url\":\"https:\\\/\\\/www.ecolenormalecortot.com\\\/wp-content\\\/uploads\\\/2023\\\/02\\\/android-chrome-512x512-1.png\",\"contentUrl\":\"https:\\\/\\\/www.ecolenormalecortot.com\\\/wp-content\\\/uploads\\\/2023\\\/02\\\/android-chrome-512x512-1.png\",\"width\":512,\"height\":512,\"caption\":\"Ecole Normale de Musique de Paris\"},\"image\":{\"@id\":\"https:\\\/\\\/www.ecolenormalecortot.com\\\/en\\\/#\\\/schema\\\/logo\\\/image\\\/\"}}]}<\/script>\n<!-- \/ Yoast SEO plugin. -->","yoast_head_json":{"title":"PIKULSKI Maciej - Ecole Normale de Musique de Paris","robots":{"index":"index","follow":"follow","max-snippet":"max-snippet:-1","max-image-preview":"max-image-preview:large","max-video-preview":"max-video-preview:-1"},"canonical":"https:\/\/www.ecolenormalecortot.com\/en\/enseignants\/pikulski-maciej\/","og_locale":"en_US","og_type":"article","og_title":"PIKULSKI Maciej - Ecole Normale de Musique de Paris","og_description":"Pianiste soliste, musicien de chambre et accompagnateur de grandes voix, Maciej Pikulski s\u2019est d\u00e9j\u00e0 produit en concert dans plus de [&hellip;]","og_url":"https:\/\/www.ecolenormalecortot.com\/en\/enseignants\/pikulski-maciej\/","og_site_name":"Ecole Normale de Musique de Paris","article_modified_time":"2023-04-15T09:50:53+00:00","og_image":[{"width":1000,"height":1498,"url":"https:\/\/www.ecolenormalecortot.com\/wp-content\/uploads\/2023\/04\/PIKULSKI_Maciej.jpg","type":"image\/jpeg"}],"twitter_card":"summary_large_image","twitter_misc":{"Est. reading time":"2 minutes"},"schema":{"@context":"https:\/\/schema.org","@graph":[{"@type":"WebPage","@id":"https:\/\/www.ecolenormalecortot.com\/en\/enseignants\/pikulski-maciej\/","url":"https:\/\/www.ecolenormalecortot.com\/en\/enseignants\/pikulski-maciej\/","name":"PIKULSKI Maciej - Ecole Normale de Musique de Paris","isPartOf":{"@id":"https:\/\/www.ecolenormalecortot.com\/en\/#website"},"primaryImageOfPage":{"@id":"https:\/\/www.ecolenormalecortot.com\/en\/enseignants\/pikulski-maciej\/#primaryimage"},"image":{"@id":"https:\/\/www.ecolenormalecortot.com\/en\/enseignants\/pikulski-maciej\/#primaryimage"},"thumbnailUrl":"https:\/\/www.ecolenormalecortot.com\/wp-content\/uploads\/2023\/04\/PIKULSKI_Maciej.jpg","datePublished":"2023-04-06T15:31:59+00:00","dateModified":"2023-04-15T09:50:53+00:00","breadcrumb":{"@id":"https:\/\/www.ecolenormalecortot.com\/en\/enseignants\/pikulski-maciej\/#breadcrumb"},"inLanguage":"en-US","potentialAction":[{"@type":"ReadAction","target":["https:\/\/www.ecolenormalecortot.com\/en\/enseignants\/pikulski-maciej\/"]}]},{"@type":"ImageObject","inLanguage":"en-US","@id":"https:\/\/www.ecolenormalecortot.com\/en\/enseignants\/pikulski-maciej\/#primaryimage","url":"https:\/\/www.ecolenormalecortot.com\/wp-content\/uploads\/2023\/04\/PIKULSKI_Maciej.jpg","contentUrl":"https:\/\/www.ecolenormalecortot.com\/wp-content\/uploads\/2023\/04\/PIKULSKI_Maciej.jpg","width":1000,"height":1498},{"@type":"BreadcrumbList","@id":"https:\/\/www.ecolenormalecortot.com\/en\/enseignants\/pikulski-maciej\/#breadcrumb","itemListElement":[{"@type":"ListItem","position":1,"name":"Accueil","item":"https:\/\/www.ecolenormalecortot.com\/en\/"},{"@type":"ListItem","position":2,"name":"Professeurs","item":"https:\/\/www.ecolenormalecortot.com\/en\/enseignants\/"},{"@type":"ListItem","position":3,"name":"PIKULSKI Maciej"}]},{"@type":"WebSite","@id":"https:\/\/www.ecolenormalecortot.com\/en\/#website","url":"https:\/\/www.ecolenormalecortot.com\/en\/","name":"Ecole Normale de Musique de Paris","description":"","publisher":{"@id":"https:\/\/www.ecolenormalecortot.com\/en\/#organization"},"potentialAction":[{"@type":"SearchAction","target":{"@type":"EntryPoint","urlTemplate":"https:\/\/www.ecolenormalecortot.com\/en\/?s={search_term_string}"},"query-input":{"@type":"PropertyValueSpecification","valueRequired":true,"valueName":"search_term_string"}}],"inLanguage":"en-US"},{"@type":"Organization","@id":"https:\/\/www.ecolenormalecortot.com\/en\/#organization","name":"Ecole Normale de Musique de Paris","url":"https:\/\/www.ecolenormalecortot.com\/en\/","logo":{"@type":"ImageObject","inLanguage":"en-US","@id":"https:\/\/www.ecolenormalecortot.com\/en\/#\/schema\/logo\/image\/","url":"https:\/\/www.ecolenormalecortot.com\/wp-content\/uploads\/2023\/02\/android-chrome-512x512-1.png","contentUrl":"https:\/\/www.ecolenormalecortot.com\/wp-content\/uploads\/2023\/02\/android-chrome-512x512-1.png","width":512,"height":512,"caption":"Ecole Normale de Musique de Paris"},"image":{"@id":"https:\/\/www.ecolenormalecortot.com\/en\/#\/schema\/logo\/image\/"}}]}},"_links":{"self":[{"href":"https:\/\/www.ecolenormalecortot.com\/en\/wp-json\/wp\/v2\/teacher\/1713","targetHints":{"allow":["GET"]}}],"collection":[{"href":"https:\/\/www.ecolenormalecortot.com\/en\/wp-json\/wp\/v2\/teacher"}],"about":[{"href":"https:\/\/www.ecolenormalecortot.com\/en\/wp-json\/wp\/v2\/types\/teacher"}],"wp:featuredmedia":[{"embeddable":true,"href":"https:\/\/www.ecolenormalecortot.com\/en\/wp-json\/wp\/v2\/media\/1659"}],"wp:attachment":[{"href":"https:\/\/www.ecolenormalecortot.com\/en\/wp-json\/wp\/v2\/media?parent=1713"}],"wp:term":[{"taxonomy":"discipline","embeddable":true,"href":"https:\/\/www.ecolenormalecortot.com\/en\/wp-json\/wp\/v2\/discipline?post=1713"}],"curies":[{"name":"wp","href":"https:\/\/api.w.org\/{rel}","templated":true}]}}

<p>Pianiste soliste, musicien de chambre et accompagnateur de grandes voix, Maciej Pikulski s’est déjà produit en concert dans plus de 300 salles sur cinq continents.</p>



<p>En tant que soliste, il a joué au Teatro Colon de Buenos Aires et à la Sala Sao Paulo (Concerto en Fa de Gershwin) avec l’Orchestre de Bamberg, à l’Auditorium de la Rioja à Logrono (Concerto n°2 de Rachmaninoff et Concerto en fa de Chopin), au Festival de Trancoso au Brésil, dans le « Totentanz » de Liszt et dans la « Rhapsody in Blue » de Geshwin, à la Gare du Midi à Biarritz dans le 5e Concerto de Beethoven, au Théâtre de Mons, en Belgique, dans le Concerto de Mozart KV 467, et en récital en Chine, Sri Lanka, Russie, Uruguay, Allemagne, Espagne, Suisse, Pologne, Belgique, France et Slovaquie. </p>



<p>Il accompagne en récital José Van Dam, Renée Fleming, Dame Felicity Lott, Thomas Hampson, Natalie Dessay, Diana Damrau, Elina Garanca, Aida Garifulina, Patricia Petibon, Véronique Gens, Maria Bayo, Laurent Naouri, Luca Pisaroni, Nicolas Testé, Anna-Caterina Antonacci, Joseph Calleja, et Sumi Jo.</p>



<p>Il a donné des masterclasses dans de nombreuses grandes villes dont Paris, Londres, Vienne, Rome, Bruxelles… </p>

<!-- This site is optimized with the Yoast SEO plugin v27.5 - https://yoast.com/product/yoast-seo-wordpress/ -->
<title>PIKULSKI Maciej - Ecole Normale de Musique de Paris</title>
<meta name="robots" content="index, follow, max-snippet:-1, max-image-preview:large, max-video-preview:-1" />
<link rel="canonical" href="https://www.ecolenormalecortot.com/en/enseignants/pikulski-maciej/" />
<meta property="og:locale" content="en_US" />
<meta property="og:type" content="article" />
<meta property="og:title" content="PIKULSKI Maciej - Ecole Normale de Musique de Paris" />
<meta property="og:description" content="Pianiste soliste, musicien de chambre et accompagnateur de grandes voix, Maciej Pikulski s’est déjà produit en concert dans plus de [&hellip;]" />
<meta property="og:url" content="https://www.ecolenormalecortot.com/en/enseignants/pikulski-maciej/" />
<meta property="og:site_name" content="Ecole Normale de Musique de Paris" />
<meta property="article:modified_time" content="2023-04-15T09:50:53+00:00" />
<meta property="og:image" content="https://www.ecolenormalecortot.com/wp-content/uploads/2023/04/PIKULSKI_Maciej.jpg" />
	<meta property="og:image:width" content="1000" />
	<meta property="og:image:height" content="1498" />
	<meta property="og:image:type" content="image/jpeg" />
<meta name="twitter:card" content="summary_large_image" />
<meta name="twitter:label1" content="Est. reading time" />
	<meta name="twitter:data1" content="2 minutes" />
<script type="application/ld+json" class="yoast-schema-graph">{"@context":"https:\/\/schema.org","@graph":[{"@type":"WebPage","@id":"https:\/\/www.ecolenormalecortot.com\/en\/enseignants\/pikulski-maciej\/","url":"https:\/\/www.ecolenormalecortot.com\/en\/enseignants\/pikulski-maciej\/","name":"PIKULSKI Maciej - Ecole Normale de Musique de Paris","isPartOf":{"@id":"https:\/\/www.ecolenormalecortot.com\/en\/#website"},"primaryImageOfPage":{"@id":"https:\/\/www.ecolenormalecortot.com\/en\/enseignants\/pikulski-maciej\/#primaryimage"},"image":{"@id":"https:\/\/www.ecolenormalecortot.com\/en\/enseignants\/pikulski-maciej\/#primaryimage"},"thumbnailUrl":"https:\/\/www.ecolenormalecortot.com\/wp-content\/uploads\/2023\/04\/PIKULSKI_Maciej.jpg","datePublished":"2023-04-06T15:31:59+00:00","dateModified":"2023-04-15T09:50:53+00:00","breadcrumb":{"@id":"https:\/\/www.ecolenormalecortot.com\/en\/enseignants\/pikulski-maciej\/#breadcrumb"},"inLanguage":"en-US","potentialAction":[{"@type":"ReadAction","target":["https:\/\/www.ecolenormalecortot.com\/en\/enseignants\/pikulski-maciej\/"]}]},{"@type":"ImageObject","inLanguage":"en-US","@id":"https:\/\/www.ecolenormalecortot.com\/en\/enseignants\/pikulski-maciej\/#primaryimage","url":"https:\/\/www.ecolenormalecortot.com\/wp-content\/uploads\/2023\/04\/PIKULSKI_Maciej.jpg","contentUrl":"https:\/\/www.ecolenormalecortot.com\/wp-content\/uploads\/2023\/04\/PIKULSKI_Maciej.jpg","width":1000,"height":1498},{"@type":"BreadcrumbList","@id":"https:\/\/www.ecolenormalecortot.com\/en\/enseignants\/pikulski-maciej\/#breadcrumb","itemListElement":[{"@type":"ListItem","position":1,"name":"Accueil","item":"https:\/\/www.ecolenormalecortot.com\/en\/"},{"@type":"ListItem","position":2,"name":"Professeurs","item":"https:\/\/www.ecolenormalecortot.com\/en\/enseignants\/"},{"@type":"ListItem","position":3,"name":"PIKULSKI Maciej"}]},{"@type":"WebSite","@id":"https:\/\/www.ecolenormalecortot.com\/en\/#website","url":"https:\/\/www.ecolenormalecortot.com\/en\/","name":"Ecole Normale de Musique de Paris","description":"","publisher":{"@id":"https:\/\/www.ecolenormalecortot.com\/en\/#organization"},"potentialAction":[{"@type":"SearchAction","target":{"@type":"EntryPoint","urlTemplate":"https:\/\/www.ecolenormalecortot.com\/en\/?s={search_term_string}"},"query-input":{"@type":"PropertyValueSpecification","valueRequired":true,"valueName":"search_term_string"}}],"inLanguage":"en-US"},{"@type":"Organization","@id":"https:\/\/www.ecolenormalecortot.com\/en\/#organization","name":"Ecole Normale de Musique de Paris","url":"https:\/\/www.ecolenormalecortot.com\/en\/","logo":{"@type":"ImageObject","inLanguage":"en-US","@id":"https:\/\/www.ecolenormalecortot.com\/en\/#\/schema\/logo\/image\/","url":"https:\/\/www.ecolenormalecortot.com\/wp-content\/uploads\/2023\/02\/android-chrome-512x512-1.png","contentUrl":"https:\/\/www.ecolenormalecortot.com\/wp-content\/uploads\/2023\/02\/android-chrome-512x512-1.png","width":512,"height":512,"caption":"Ecole Normale de Musique de Paris"},"image":{"@id":"https:\/\/www.ecolenormalecortot.com\/en\/#\/schema\/logo\/image\/"}}]}</script>
<!-- / Yoast SEO plugin. -->

Pianiste soliste, musicien de chambre et accompagnateur de grandes voix, Maciej Pikulski s’est déjà produit en concert dans plus de [&hellip;]
