{"id":12121,"date":"2026-03-06T10:41:37","date_gmt":"2026-03-06T09:41:37","guid":{"rendered":"https:\/\/www.ecolenormalecortot.com\/?post_type=teacher&#038;p=12121"},"modified":"2026-03-06T10:43:03","modified_gmt":"2026-03-06T09:43:03","slug":"chloe-kiffer","status":"publish","type":"teacher","link":"https:\/\/www.ecolenormalecortot.com\/en\/enseignants\/chloe-kiffer\/","title":{"rendered":"Chlo\u00e9 Kiffer"},"content":{"rendered":"\n<p>Franco-American violinist Chlo\u00e9 Kiffer has been praised by The New York Times for her \u201c<em>pure and beautiful tone<\/em>\u201d and by The Greenwich Sentinel as \u201c<em>a star in every sense: performance, exquisite technique, and beauty.<\/em>\u201d&nbsp;<\/p>\n\n\n\n<p>Kiffer has appeared as a soloist and chamber musician throughout Europe, North and South America, the Middle East, and Asia. Her performances have taken her to such venues as Th\u00e9\u00e2tre des Champs-\u00c9lys\u00e9es and Salle Cortot in Paris, Beethoven Hall in Bonn, Frankfurt Radio Symphony Hall, the Tel Aviv Opera, the National Centre for the Performing Arts in Beijing, Shanghai Oriental Art Center, and Lincoln Center in New York. In 2015, she made her Carnegie Hall debut in Stern Auditorium, performing Tchaikovsky\u2019s Violin Concerto.&nbsp;<\/p>\n\n\n\n<p>Kiffer serves on the violin and chamber music faculty of the Manhattan School of Music and is a member of its Faculty Council. She previously held the position of Professor of Violin at the University of North Texas. Her students have earned prizes at national and international competitions, and she is in demand worldwide as&nbsp;a guest&nbsp;artist, master teacher, and festival faculty member. Recent engagements include the Heifetz International Music Institute,&nbsp;MusicFest&nbsp;Perugia, Artists of Korea in Seoul,&nbsp;MusicAlp&nbsp;in France, Kaufman&nbsp;MusicFest&nbsp;in New York, Chamber Music International in Dallas, the Texas Chamber Music Institute, and the Paris International Music Academy.&nbsp;<\/p>\n\n\n\n<p>A laureate of the Fondation&nbsp;Bleustein-Blanchet, Kiffer studied at the Conservatoire National Sup\u00e9rieur de Musique et de Danse de Paris before completing postgraduate studies at the Manhattan School of Music and earning a Doctor of Musical Arts degree from Stony Brook University. Her teachers include&nbsp;Patinka&nbsp;Kopec, Pinchas Zukerman, Hagai Shaham, Philip Setzer, Joshua Epstein, and Rodion&nbsp;Zamuruev.&nbsp;<\/p>\n\n\n\n<p>In 2019, she released an album of Ravel\u2019s violin sonatas with her husband, pianist Alexandre&nbsp;Moutouzkine, on the Steinway &amp; Sons label. She performs on a violin made for her by luthier Samuel&nbsp;Zygmuntowicz&nbsp;(Brooklyn, 2023).&nbsp;<\/p>\n","protected":false},"featured_media":12120,"template":"","discipline":[131],"class_list":["post-12121","teacher","type-teacher","status-publish","has-post-thumbnail","hentry","discipline-violin"],"acf":[],"yoast_head":"<!-- This site is optimized with the Yoast SEO plugin v27.5 - https:\/\/yoast.com\/product\/yoast-seo-wordpress\/ -->\n<title>Chlo\u00e9 Kiffer - Ecole Normale de Musique de Paris<\/title>\n<meta name=\"robots\" content=\"index, follow, max-snippet:-1, max-image-preview:large, max-video-preview:-1\" \/>\n<link rel=\"canonical\" href=\"https:\/\/www.ecolenormalecortot.com\/en\/enseignants\/chloe-kiffer\/\" \/>\n<meta property=\"og:locale\" content=\"en_US\" \/>\n<meta property=\"og:type\" content=\"article\" \/>\n<meta property=\"og:title\" content=\"Chlo\u00e9 Kiffer - Ecole Normale de Musique de Paris\" \/>\n<meta property=\"og:description\" content=\"Franco-American violinist Chlo\u00e9 Kiffer has been praised by The New York Times for her \u201cpure and beautiful tone\u201d and by [&hellip;]\" \/>\n<meta property=\"og:url\" content=\"https:\/\/www.ecolenormalecortot.com\/en\/enseignants\/chloe-kiffer\/\" \/>\n<meta property=\"og:site_name\" content=\"Ecole Normale de Musique de Paris\" \/>\n<meta property=\"article:modified_time\" content=\"2026-03-06T09:43:03+00:00\" \/>\n<meta property=\"og:image\" content=\"https:\/\/www.ecolenormalecortot.com\/wp-content\/uploads\/2026\/03\/image0-1.jpeg\" \/>\n\t<meta property=\"og:image:width\" content=\"640\" \/>\n\t<meta property=\"og:image:height\" content=\"626\" \/>\n\t<meta property=\"og:image:type\" content=\"image\/jpeg\" \/>\n<meta name=\"twitter:card\" content=\"summary_large_image\" \/>\n<meta name=\"twitter:label1\" content=\"Est. reading time\" \/>\n\t<meta name=\"twitter:data1\" content=\"2 minutes\" \/>\n<script type=\"application\/ld+json\" class=\"yoast-schema-graph\">{\"@context\":\"https:\\\/\\\/schema.org\",\"@graph\":[{\"@type\":\"WebPage\",\"@id\":\"https:\\\/\\\/www.ecolenormalecortot.com\\\/en\\\/enseignants\\\/chloe-kiffer\\\/\",\"url\":\"https:\\\/\\\/www.ecolenormalecortot.com\\\/en\\\/enseignants\\\/chloe-kiffer\\\/\",\"name\":\"Chlo\u00e9 Kiffer - Ecole Normale de Musique de Paris\",\"isPartOf\":{\"@id\":\"https:\\\/\\\/www.ecolenormalecortot.com\\\/en\\\/#website\"},\"primaryImageOfPage\":{\"@id\":\"https:\\\/\\\/www.ecolenormalecortot.com\\\/en\\\/enseignants\\\/chloe-kiffer\\\/#primaryimage\"},\"image\":{\"@id\":\"https:\\\/\\\/www.ecolenormalecortot.com\\\/en\\\/enseignants\\\/chloe-kiffer\\\/#primaryimage\"},\"thumbnailUrl\":\"https:\\\/\\\/www.ecolenormalecortot.com\\\/wp-content\\\/uploads\\\/2026\\\/03\\\/image0-1.jpeg\",\"datePublished\":\"2026-03-06T09:41:37+00:00\",\"dateModified\":\"2026-03-06T09:43:03+00:00\",\"breadcrumb\":{\"@id\":\"https:\\\/\\\/www.ecolenormalecortot.com\\\/en\\\/enseignants\\\/chloe-kiffer\\\/#breadcrumb\"},\"inLanguage\":\"en-US\",\"potentialAction\":[{\"@type\":\"ReadAction\",\"target\":[\"https:\\\/\\\/www.ecolenormalecortot.com\\\/en\\\/enseignants\\\/chloe-kiffer\\\/\"]}]},{\"@type\":\"ImageObject\",\"inLanguage\":\"en-US\",\"@id\":\"https:\\\/\\\/www.ecolenormalecortot.com\\\/en\\\/enseignants\\\/chloe-kiffer\\\/#primaryimage\",\"url\":\"https:\\\/\\\/www.ecolenormalecortot.com\\\/wp-content\\\/uploads\\\/2026\\\/03\\\/image0-1.jpeg\",\"contentUrl\":\"https:\\\/\\\/www.ecolenormalecortot.com\\\/wp-content\\\/uploads\\\/2026\\\/03\\\/image0-1.jpeg\",\"width\":640,\"height\":626},{\"@type\":\"BreadcrumbList\",\"@id\":\"https:\\\/\\\/www.ecolenormalecortot.com\\\/en\\\/enseignants\\\/chloe-kiffer\\\/#breadcrumb\",\"itemListElement\":[{\"@type\":\"ListItem\",\"position\":1,\"name\":\"Accueil\",\"item\":\"https:\\\/\\\/www.ecolenormalecortot.com\\\/en\\\/\"},{\"@type\":\"ListItem\",\"position\":2,\"name\":\"Professeurs\",\"item\":\"https:\\\/\\\/www.ecolenormalecortot.com\\\/en\\\/enseignants\\\/\"},{\"@type\":\"ListItem\",\"position\":3,\"name\":\"Chlo\u00e9 Kiffer\"}]},{\"@type\":\"WebSite\",\"@id\":\"https:\\\/\\\/www.ecolenormalecortot.com\\\/en\\\/#website\",\"url\":\"https:\\\/\\\/www.ecolenormalecortot.com\\\/en\\\/\",\"name\":\"Ecole Normale de Musique de Paris\",\"description\":\"\",\"publisher\":{\"@id\":\"https:\\\/\\\/www.ecolenormalecortot.com\\\/en\\\/#organization\"},\"potentialAction\":[{\"@type\":\"SearchAction\",\"target\":{\"@type\":\"EntryPoint\",\"urlTemplate\":\"https:\\\/\\\/www.ecolenormalecortot.com\\\/en\\\/?s={search_term_string}\"},\"query-input\":{\"@type\":\"PropertyValueSpecification\",\"valueRequired\":true,\"valueName\":\"search_term_string\"}}],\"inLanguage\":\"en-US\"},{\"@type\":\"Organization\",\"@id\":\"https:\\\/\\\/www.ecolenormalecortot.com\\\/en\\\/#organization\",\"name\":\"Ecole Normale de Musique de Paris\",\"url\":\"https:\\\/\\\/www.ecolenormalecortot.com\\\/en\\\/\",\"logo\":{\"@type\":\"ImageObject\",\"inLanguage\":\"en-US\",\"@id\":\"https:\\\/\\\/www.ecolenormalecortot.com\\\/en\\\/#\\\/schema\\\/logo\\\/image\\\/\",\"url\":\"https:\\\/\\\/www.ecolenormalecortot.com\\\/wp-content\\\/uploads\\\/2023\\\/02\\\/android-chrome-512x512-1.png\",\"contentUrl\":\"https:\\\/\\\/www.ecolenormalecortot.com\\\/wp-content\\\/uploads\\\/2023\\\/02\\\/android-chrome-512x512-1.png\",\"width\":512,\"height\":512,\"caption\":\"Ecole Normale de Musique de Paris\"},\"image\":{\"@id\":\"https:\\\/\\\/www.ecolenormalecortot.com\\\/en\\\/#\\\/schema\\\/logo\\\/image\\\/\"}}]}<\/script>\n<!-- \/ Yoast SEO plugin. -->","yoast_head_json":{"title":"Chlo\u00e9 Kiffer - Ecole Normale de Musique de Paris","robots":{"index":"index","follow":"follow","max-snippet":"max-snippet:-1","max-image-preview":"max-image-preview:large","max-video-preview":"max-video-preview:-1"},"canonical":"https:\/\/www.ecolenormalecortot.com\/en\/enseignants\/chloe-kiffer\/","og_locale":"en_US","og_type":"article","og_title":"Chlo\u00e9 Kiffer - Ecole Normale de Musique de Paris","og_description":"Franco-American violinist Chlo\u00e9 Kiffer has been praised by The New York Times for her \u201cpure and beautiful tone\u201d and by [&hellip;]","og_url":"https:\/\/www.ecolenormalecortot.com\/en\/enseignants\/chloe-kiffer\/","og_site_name":"Ecole Normale de Musique de Paris","article_modified_time":"2026-03-06T09:43:03+00:00","og_image":[{"width":640,"height":626,"url":"https:\/\/www.ecolenormalecortot.com\/wp-content\/uploads\/2026\/03\/image0-1.jpeg","type":"image\/jpeg"}],"twitter_card":"summary_large_image","twitter_misc":{"Est. reading time":"2 minutes"},"schema":{"@context":"https:\/\/schema.org","@graph":[{"@type":"WebPage","@id":"https:\/\/www.ecolenormalecortot.com\/en\/enseignants\/chloe-kiffer\/","url":"https:\/\/www.ecolenormalecortot.com\/en\/enseignants\/chloe-kiffer\/","name":"Chlo\u00e9 Kiffer - Ecole Normale de Musique de Paris","isPartOf":{"@id":"https:\/\/www.ecolenormalecortot.com\/en\/#website"},"primaryImageOfPage":{"@id":"https:\/\/www.ecolenormalecortot.com\/en\/enseignants\/chloe-kiffer\/#primaryimage"},"image":{"@id":"https:\/\/www.ecolenormalecortot.com\/en\/enseignants\/chloe-kiffer\/#primaryimage"},"thumbnailUrl":"https:\/\/www.ecolenormalecortot.com\/wp-content\/uploads\/2026\/03\/image0-1.jpeg","datePublished":"2026-03-06T09:41:37+00:00","dateModified":"2026-03-06T09:43:03+00:00","breadcrumb":{"@id":"https:\/\/www.ecolenormalecortot.com\/en\/enseignants\/chloe-kiffer\/#breadcrumb"},"inLanguage":"en-US","potentialAction":[{"@type":"ReadAction","target":["https:\/\/www.ecolenormalecortot.com\/en\/enseignants\/chloe-kiffer\/"]}]},{"@type":"ImageObject","inLanguage":"en-US","@id":"https:\/\/www.ecolenormalecortot.com\/en\/enseignants\/chloe-kiffer\/#primaryimage","url":"https:\/\/www.ecolenormalecortot.com\/wp-content\/uploads\/2026\/03\/image0-1.jpeg","contentUrl":"https:\/\/www.ecolenormalecortot.com\/wp-content\/uploads\/2026\/03\/image0-1.jpeg","width":640,"height":626},{"@type":"BreadcrumbList","@id":"https:\/\/www.ecolenormalecortot.com\/en\/enseignants\/chloe-kiffer\/#breadcrumb","itemListElement":[{"@type":"ListItem","position":1,"name":"Accueil","item":"https:\/\/www.ecolenormalecortot.com\/en\/"},{"@type":"ListItem","position":2,"name":"Professeurs","item":"https:\/\/www.ecolenormalecortot.com\/en\/enseignants\/"},{"@type":"ListItem","position":3,"name":"Chlo\u00e9 Kiffer"}]},{"@type":"WebSite","@id":"https:\/\/www.ecolenormalecortot.com\/en\/#website","url":"https:\/\/www.ecolenormalecortot.com\/en\/","name":"Ecole Normale de Musique de Paris","description":"","publisher":{"@id":"https:\/\/www.ecolenormalecortot.com\/en\/#organization"},"potentialAction":[{"@type":"SearchAction","target":{"@type":"EntryPoint","urlTemplate":"https:\/\/www.ecolenormalecortot.com\/en\/?s={search_term_string}"},"query-input":{"@type":"PropertyValueSpecification","valueRequired":true,"valueName":"search_term_string"}}],"inLanguage":"en-US"},{"@type":"Organization","@id":"https:\/\/www.ecolenormalecortot.com\/en\/#organization","name":"Ecole Normale de Musique de Paris","url":"https:\/\/www.ecolenormalecortot.com\/en\/","logo":{"@type":"ImageObject","inLanguage":"en-US","@id":"https:\/\/www.ecolenormalecortot.com\/en\/#\/schema\/logo\/image\/","url":"https:\/\/www.ecolenormalecortot.com\/wp-content\/uploads\/2023\/02\/android-chrome-512x512-1.png","contentUrl":"https:\/\/www.ecolenormalecortot.com\/wp-content\/uploads\/2023\/02\/android-chrome-512x512-1.png","width":512,"height":512,"caption":"Ecole Normale de Musique de Paris"},"image":{"@id":"https:\/\/www.ecolenormalecortot.com\/en\/#\/schema\/logo\/image\/"}}]}},"_links":{"self":[{"href":"https:\/\/www.ecolenormalecortot.com\/en\/wp-json\/wp\/v2\/teacher\/12121","targetHints":{"allow":["GET"]}}],"collection":[{"href":"https:\/\/www.ecolenormalecortot.com\/en\/wp-json\/wp\/v2\/teacher"}],"about":[{"href":"https:\/\/www.ecolenormalecortot.com\/en\/wp-json\/wp\/v2\/types\/teacher"}],"wp:featuredmedia":[{"embeddable":true,"href":"https:\/\/www.ecolenormalecortot.com\/en\/wp-json\/wp\/v2\/media\/12120"}],"wp:attachment":[{"href":"https:\/\/www.ecolenormalecortot.com\/en\/wp-json\/wp\/v2\/media?parent=12121"}],"wp:term":[{"taxonomy":"discipline","embeddable":true,"href":"https:\/\/www.ecolenormalecortot.com\/en\/wp-json\/wp\/v2\/discipline?post=12121"}],"curies":[{"name":"wp","href":"https:\/\/api.w.org\/{rel}","templated":true}]}}

Chloé Kiffer

<p>Franco-American violinist Chloé Kiffer has been praised by The New York Times for her “<em>pure and beautiful tone</em>” and by The Greenwich Sentinel as “<em>a star in every sense: performance, exquisite technique, and beauty.</em>”&nbsp;</p>



<p>Kiffer has appeared as a soloist and chamber musician throughout Europe, North and South America, the Middle East, and Asia. Her performances have taken her to such venues as Théâtre des Champs-Élysées and Salle Cortot in Paris, Beethoven Hall in Bonn, Frankfurt Radio Symphony Hall, the Tel Aviv Opera, the National Centre for the Performing Arts in Beijing, Shanghai Oriental Art Center, and Lincoln Center in New York. In 2015, she made her Carnegie Hall debut in Stern Auditorium, performing Tchaikovsky’s Violin Concerto.&nbsp;</p>



<p>Kiffer serves on the violin and chamber music faculty of the Manhattan School of Music and is a member of its Faculty Council. She previously held the position of Professor of Violin at the University of North Texas. Her students have earned prizes at national and international competitions, and she is in demand worldwide as&nbsp;a guest&nbsp;artist, master teacher, and festival faculty member. Recent engagements include the Heifetz International Music Institute,&nbsp;MusicFest&nbsp;Perugia, Artists of Korea in Seoul,&nbsp;MusicAlp&nbsp;in France, Kaufman&nbsp;MusicFest&nbsp;in New York, Chamber Music International in Dallas, the Texas Chamber Music Institute, and the Paris International Music Academy.&nbsp;</p>



<p>A laureate of the Fondation&nbsp;Bleustein-Blanchet, Kiffer studied at the Conservatoire National Supérieur de Musique et de Danse de Paris before completing postgraduate studies at the Manhattan School of Music and earning a Doctor of Musical Arts degree from Stony Brook University. Her teachers include&nbsp;Patinka&nbsp;Kopec, Pinchas Zukerman, Hagai Shaham, Philip Setzer, Joshua Epstein, and Rodion&nbsp;Zamuruev.&nbsp;</p>



<p>In 2019, she released an album of Ravel’s violin sonatas with her husband, pianist Alexandre&nbsp;Moutouzkine, on the Steinway &amp; Sons label. She performs on a violin made for her by luthier Samuel&nbsp;Zygmuntowicz&nbsp;(Brooklyn, 2023).&nbsp;</p>

<!-- This site is optimized with the Yoast SEO plugin v27.5 - https://yoast.com/product/yoast-seo-wordpress/ -->
<title>Chloé Kiffer - Ecole Normale de Musique de Paris</title>
<meta name="robots" content="index, follow, max-snippet:-1, max-image-preview:large, max-video-preview:-1" />
<link rel="canonical" href="https://www.ecolenormalecortot.com/en/enseignants/chloe-kiffer/" />
<meta property="og:locale" content="en_US" />
<meta property="og:type" content="article" />
<meta property="og:title" content="Chloé Kiffer - Ecole Normale de Musique de Paris" />
<meta property="og:description" content="Franco-American violinist Chloé Kiffer has been praised by The New York Times for her “pure and beautiful tone” and by [&hellip;]" />
<meta property="og:url" content="https://www.ecolenormalecortot.com/en/enseignants/chloe-kiffer/" />
<meta property="og:site_name" content="Ecole Normale de Musique de Paris" />
<meta property="article:modified_time" content="2026-03-06T09:43:03+00:00" />
<meta property="og:image" content="https://www.ecolenormalecortot.com/wp-content/uploads/2026/03/image0-1.jpeg" />
	<meta property="og:image:width" content="640" />
	<meta property="og:image:height" content="626" />
	<meta property="og:image:type" content="image/jpeg" />
<meta name="twitter:card" content="summary_large_image" />
<meta name="twitter:label1" content="Est. reading time" />
	<meta name="twitter:data1" content="2 minutes" />
<script type="application/ld+json" class="yoast-schema-graph">{"@context":"https:\/\/schema.org","@graph":[{"@type":"WebPage","@id":"https:\/\/www.ecolenormalecortot.com\/en\/enseignants\/chloe-kiffer\/","url":"https:\/\/www.ecolenormalecortot.com\/en\/enseignants\/chloe-kiffer\/","name":"Chloé Kiffer - Ecole Normale de Musique de Paris","isPartOf":{"@id":"https:\/\/www.ecolenormalecortot.com\/en\/#website"},"primaryImageOfPage":{"@id":"https:\/\/www.ecolenormalecortot.com\/en\/enseignants\/chloe-kiffer\/#primaryimage"},"image":{"@id":"https:\/\/www.ecolenormalecortot.com\/en\/enseignants\/chloe-kiffer\/#primaryimage"},"thumbnailUrl":"https:\/\/www.ecolenormalecortot.com\/wp-content\/uploads\/2026\/03\/image0-1.jpeg","datePublished":"2026-03-06T09:41:37+00:00","dateModified":"2026-03-06T09:43:03+00:00","breadcrumb":{"@id":"https:\/\/www.ecolenormalecortot.com\/en\/enseignants\/chloe-kiffer\/#breadcrumb"},"inLanguage":"en-US","potentialAction":[{"@type":"ReadAction","target":["https:\/\/www.ecolenormalecortot.com\/en\/enseignants\/chloe-kiffer\/"]}]},{"@type":"ImageObject","inLanguage":"en-US","@id":"https:\/\/www.ecolenormalecortot.com\/en\/enseignants\/chloe-kiffer\/#primaryimage","url":"https:\/\/www.ecolenormalecortot.com\/wp-content\/uploads\/2026\/03\/image0-1.jpeg","contentUrl":"https:\/\/www.ecolenormalecortot.com\/wp-content\/uploads\/2026\/03\/image0-1.jpeg","width":640,"height":626},{"@type":"BreadcrumbList","@id":"https:\/\/www.ecolenormalecortot.com\/en\/enseignants\/chloe-kiffer\/#breadcrumb","itemListElement":[{"@type":"ListItem","position":1,"name":"Accueil","item":"https:\/\/www.ecolenormalecortot.com\/en\/"},{"@type":"ListItem","position":2,"name":"Professeurs","item":"https:\/\/www.ecolenormalecortot.com\/en\/enseignants\/"},{"@type":"ListItem","position":3,"name":"Chloé Kiffer"}]},{"@type":"WebSite","@id":"https:\/\/www.ecolenormalecortot.com\/en\/#website","url":"https:\/\/www.ecolenormalecortot.com\/en\/","name":"Ecole Normale de Musique de Paris","description":"","publisher":{"@id":"https:\/\/www.ecolenormalecortot.com\/en\/#organization"},"potentialAction":[{"@type":"SearchAction","target":{"@type":"EntryPoint","urlTemplate":"https:\/\/www.ecolenormalecortot.com\/en\/?s={search_term_string}"},"query-input":{"@type":"PropertyValueSpecification","valueRequired":true,"valueName":"search_term_string"}}],"inLanguage":"en-US"},{"@type":"Organization","@id":"https:\/\/www.ecolenormalecortot.com\/en\/#organization","name":"Ecole Normale de Musique de Paris","url":"https:\/\/www.ecolenormalecortot.com\/en\/","logo":{"@type":"ImageObject","inLanguage":"en-US","@id":"https:\/\/www.ecolenormalecortot.com\/en\/#\/schema\/logo\/image\/","url":"https:\/\/www.ecolenormalecortot.com\/wp-content\/uploads\/2023\/02\/android-chrome-512x512-1.png","contentUrl":"https:\/\/www.ecolenormalecortot.com\/wp-content\/uploads\/2023\/02\/android-chrome-512x512-1.png","width":512,"height":512,"caption":"Ecole Normale de Musique de Paris"},"image":{"@id":"https:\/\/www.ecolenormalecortot.com\/en\/#\/schema\/logo\/image\/"}}]}</script>
<!-- / Yoast SEO plugin. -->

Chloé Kiffer - Ecole Normale de Musique de Paris

Franco-American violinist Chloé Kiffer has been praised by The New York Times for her “pure and beautiful tone” and by [&hellip;]
