{"id":11052,"date":"2025-10-07T11:56:30","date_gmt":"2025-10-07T09:56:30","guid":{"rendered":"https:\/\/www.ecolenormalecortot.com\/?post_type=teacher&#038;p=11052"},"modified":"2025-11-10T12:00:48","modified_gmt":"2025-11-10T11:00:48","slug":"jeff-cohen","status":"publish","type":"teacher","link":"https:\/\/www.ecolenormalecortot.com\/en\/enseignants\/jeff-cohen\/","title":{"rendered":"COHEN Jeff"},"content":{"rendered":"\n<p>Born in Baltimore, Jeff Cohen won first prizes in piano and chamber music at the Conservatoire National Sup\u00e9rieur de Musique de Paris before continuing his training with Leon Fleisher in the United States and Peter Feuchtwanger in England.<\/p>\n\n\n\n<p>Currently a professor at the Conservatoire de Paris, he has served as coach at La Monnaie in Brussels, musical director at the Th\u00e9\u00e2tre du Ch\u00e2telet, and advisor to the Biblioth\u00e8que nationale de France for a concert series devoted to French m\u00e9lodie.<\/p>\n\n\n\n<p>He has performed with many artists, including Roberto Alagna, June Anderson, Cecilia Bartoli, Yann Beuron, Jean-Paul Fouch\u00e9court, V\u00e9ronique Gens, Ivry Gitlis, Ida Haendel, Sumi Jo, Steve Lacy, No\u00ebl Lee, Ute Lemper, Pierre L\u00e9nert, Vincent Le Texier, Mady Mespl\u00e9, and Didier Sandre.<\/p>\n\n\n\n<p>He has made numerous recordings, including a \u201clive\u201d recital at La Scala in Milan with Angela Gheorghiu; songs by Duparc, Faur\u00e9, Hahn, Gounod, and Loeffler with Fran\u00e7ois Le Roux; and Mozart lieder on the fortepiano with V\u00e9ronique Dietschy. He has worked as vocal coach on opera recordings with Bertrand de Billy, Christopher Hogwood, John Nelson, Michel Plasson, and Georg Solti.<\/p>\n\n\n\n<p>Jeff Cohen conducted the orchestra for&nbsp;<em>The Threepenny Opera<\/em>&nbsp;directed by Giorgio Strehler at the Th\u00e9\u00e2tre du Ch\u00e2telet, assisted Myung-Whun Chung for&nbsp;<em>Otello<\/em>&nbsp;at the Op\u00e9ra National de Paris, and collaborated with Patrice Ch\u00e9reau on&nbsp;<em>Hamlet<\/em>and&nbsp;<em>Lucio Silla<\/em>. He appeared in Peter Brook\u2019s&nbsp;<em>Impressions de Pell\u00e9as<\/em>&nbsp;and performed with Fanny Ardant in&nbsp;<em>Masterclass<\/em>, directed by Roman Polanski. He served as musical studies director for Kurt Weill\u2019s&nbsp;<em>Street Scene<\/em>&nbsp;with the Atelier lyrique of the Op\u00e9ra National de Paris and toured with choreographer Blanca Li in her production&nbsp;<em>Le Jardin des d\u00e9lices<\/em>.<\/p>\n\n\n\n<p>He composes for stage and film and created and hosted a children\u2019s television program,&nbsp;<em>Jeff d\u2019orchestre<\/em>, after collaborating with Philippe Meyer on&nbsp;<em>Revenez quand vous voulez<\/em>&nbsp;and&nbsp;<em>Anicroches<\/em>&nbsp;for French television. Jeff Cohen was named Chevalier of the Order of Arts and Letters in 2006 and promoted to Commander in 2019.<\/p>\n","protected":false},"featured_media":11051,"template":"","discipline":[183],"class_list":["post-11052","teacher","type-teacher","status-publish","has-post-thumbnail","hentry","discipline-musical"],"acf":[],"yoast_head":"<!-- This site is optimized with the Yoast SEO plugin v27.5 - https:\/\/yoast.com\/product\/yoast-seo-wordpress\/ -->\n<title>COHEN Jeff - Ecole Normale de Musique de Paris<\/title>\n<meta name=\"robots\" content=\"index, follow, max-snippet:-1, max-image-preview:large, max-video-preview:-1\" \/>\n<link rel=\"canonical\" href=\"https:\/\/www.ecolenormalecortot.com\/en\/enseignants\/jeff-cohen\/\" \/>\n<meta property=\"og:locale\" content=\"en_US\" \/>\n<meta property=\"og:type\" content=\"article\" \/>\n<meta property=\"og:title\" content=\"COHEN Jeff - Ecole Normale de Musique de Paris\" \/>\n<meta property=\"og:description\" content=\"Born in Baltimore, Jeff Cohen won first prizes in piano and chamber music at the Conservatoire National Sup\u00e9rieur de Musique [&hellip;]\" \/>\n<meta property=\"og:url\" content=\"https:\/\/www.ecolenormalecortot.com\/en\/enseignants\/jeff-cohen\/\" \/>\n<meta property=\"og:site_name\" content=\"Ecole Normale de Musique de Paris\" \/>\n<meta property=\"article:modified_time\" content=\"2025-11-10T11:00:48+00:00\" \/>\n<meta property=\"og:image\" content=\"https:\/\/www.ecolenormalecortot.com\/wp-content\/uploads\/2025\/10\/cohen_nb-2-03ee0.png\" \/>\n\t<meta property=\"og:image:width\" content=\"312\" \/>\n\t<meta property=\"og:image:height\" content=\"450\" \/>\n\t<meta property=\"og:image:type\" content=\"image\/png\" \/>\n<meta name=\"twitter:card\" content=\"summary_large_image\" \/>\n<meta name=\"twitter:label1\" content=\"Est. reading time\" \/>\n\t<meta name=\"twitter:data1\" content=\"2 minutes\" \/>\n<script type=\"application\/ld+json\" class=\"yoast-schema-graph\">{\"@context\":\"https:\\\/\\\/schema.org\",\"@graph\":[{\"@type\":\"WebPage\",\"@id\":\"https:\\\/\\\/www.ecolenormalecortot.com\\\/en\\\/enseignants\\\/jeff-cohen\\\/\",\"url\":\"https:\\\/\\\/www.ecolenormalecortot.com\\\/en\\\/enseignants\\\/jeff-cohen\\\/\",\"name\":\"COHEN Jeff - Ecole Normale de Musique de Paris\",\"isPartOf\":{\"@id\":\"https:\\\/\\\/www.ecolenormalecortot.com\\\/en\\\/#website\"},\"primaryImageOfPage\":{\"@id\":\"https:\\\/\\\/www.ecolenormalecortot.com\\\/en\\\/enseignants\\\/jeff-cohen\\\/#primaryimage\"},\"image\":{\"@id\":\"https:\\\/\\\/www.ecolenormalecortot.com\\\/en\\\/enseignants\\\/jeff-cohen\\\/#primaryimage\"},\"thumbnailUrl\":\"https:\\\/\\\/www.ecolenormalecortot.com\\\/wp-content\\\/uploads\\\/2025\\\/10\\\/cohen_nb-2-03ee0.png\",\"datePublished\":\"2025-10-07T09:56:30+00:00\",\"dateModified\":\"2025-11-10T11:00:48+00:00\",\"breadcrumb\":{\"@id\":\"https:\\\/\\\/www.ecolenormalecortot.com\\\/en\\\/enseignants\\\/jeff-cohen\\\/#breadcrumb\"},\"inLanguage\":\"en-US\",\"potentialAction\":[{\"@type\":\"ReadAction\",\"target\":[\"https:\\\/\\\/www.ecolenormalecortot.com\\\/en\\\/enseignants\\\/jeff-cohen\\\/\"]}]},{\"@type\":\"ImageObject\",\"inLanguage\":\"en-US\",\"@id\":\"https:\\\/\\\/www.ecolenormalecortot.com\\\/en\\\/enseignants\\\/jeff-cohen\\\/#primaryimage\",\"url\":\"https:\\\/\\\/www.ecolenormalecortot.com\\\/wp-content\\\/uploads\\\/2025\\\/10\\\/cohen_nb-2-03ee0.png\",\"contentUrl\":\"https:\\\/\\\/www.ecolenormalecortot.com\\\/wp-content\\\/uploads\\\/2025\\\/10\\\/cohen_nb-2-03ee0.png\",\"width\":312,\"height\":450},{\"@type\":\"BreadcrumbList\",\"@id\":\"https:\\\/\\\/www.ecolenormalecortot.com\\\/en\\\/enseignants\\\/jeff-cohen\\\/#breadcrumb\",\"itemListElement\":[{\"@type\":\"ListItem\",\"position\":1,\"name\":\"Accueil\",\"item\":\"https:\\\/\\\/www.ecolenormalecortot.com\\\/en\\\/\"},{\"@type\":\"ListItem\",\"position\":2,\"name\":\"Professeurs\",\"item\":\"https:\\\/\\\/www.ecolenormalecortot.com\\\/en\\\/enseignants\\\/\"},{\"@type\":\"ListItem\",\"position\":3,\"name\":\"COHEN Jeff\"}]},{\"@type\":\"WebSite\",\"@id\":\"https:\\\/\\\/www.ecolenormalecortot.com\\\/en\\\/#website\",\"url\":\"https:\\\/\\\/www.ecolenormalecortot.com\\\/en\\\/\",\"name\":\"Ecole Normale de Musique de Paris\",\"description\":\"\",\"publisher\":{\"@id\":\"https:\\\/\\\/www.ecolenormalecortot.com\\\/en\\\/#organization\"},\"potentialAction\":[{\"@type\":\"SearchAction\",\"target\":{\"@type\":\"EntryPoint\",\"urlTemplate\":\"https:\\\/\\\/www.ecolenormalecortot.com\\\/en\\\/?s={search_term_string}\"},\"query-input\":{\"@type\":\"PropertyValueSpecification\",\"valueRequired\":true,\"valueName\":\"search_term_string\"}}],\"inLanguage\":\"en-US\"},{\"@type\":\"Organization\",\"@id\":\"https:\\\/\\\/www.ecolenormalecortot.com\\\/en\\\/#organization\",\"name\":\"Ecole Normale de Musique de Paris\",\"url\":\"https:\\\/\\\/www.ecolenormalecortot.com\\\/en\\\/\",\"logo\":{\"@type\":\"ImageObject\",\"inLanguage\":\"en-US\",\"@id\":\"https:\\\/\\\/www.ecolenormalecortot.com\\\/en\\\/#\\\/schema\\\/logo\\\/image\\\/\",\"url\":\"https:\\\/\\\/www.ecolenormalecortot.com\\\/wp-content\\\/uploads\\\/2023\\\/02\\\/android-chrome-512x512-1.png\",\"contentUrl\":\"https:\\\/\\\/www.ecolenormalecortot.com\\\/wp-content\\\/uploads\\\/2023\\\/02\\\/android-chrome-512x512-1.png\",\"width\":512,\"height\":512,\"caption\":\"Ecole Normale de Musique de Paris\"},\"image\":{\"@id\":\"https:\\\/\\\/www.ecolenormalecortot.com\\\/en\\\/#\\\/schema\\\/logo\\\/image\\\/\"}}]}<\/script>\n<!-- \/ Yoast SEO plugin. -->","yoast_head_json":{"title":"COHEN Jeff - Ecole Normale de Musique de Paris","robots":{"index":"index","follow":"follow","max-snippet":"max-snippet:-1","max-image-preview":"max-image-preview:large","max-video-preview":"max-video-preview:-1"},"canonical":"https:\/\/www.ecolenormalecortot.com\/en\/enseignants\/jeff-cohen\/","og_locale":"en_US","og_type":"article","og_title":"COHEN Jeff - Ecole Normale de Musique de Paris","og_description":"Born in Baltimore, Jeff Cohen won first prizes in piano and chamber music at the Conservatoire National Sup\u00e9rieur de Musique [&hellip;]","og_url":"https:\/\/www.ecolenormalecortot.com\/en\/enseignants\/jeff-cohen\/","og_site_name":"Ecole Normale de Musique de Paris","article_modified_time":"2025-11-10T11:00:48+00:00","og_image":[{"width":312,"height":450,"url":"https:\/\/www.ecolenormalecortot.com\/wp-content\/uploads\/2025\/10\/cohen_nb-2-03ee0.png","type":"image\/png"}],"twitter_card":"summary_large_image","twitter_misc":{"Est. reading time":"2 minutes"},"schema":{"@context":"https:\/\/schema.org","@graph":[{"@type":"WebPage","@id":"https:\/\/www.ecolenormalecortot.com\/en\/enseignants\/jeff-cohen\/","url":"https:\/\/www.ecolenormalecortot.com\/en\/enseignants\/jeff-cohen\/","name":"COHEN Jeff - Ecole Normale de Musique de Paris","isPartOf":{"@id":"https:\/\/www.ecolenormalecortot.com\/en\/#website"},"primaryImageOfPage":{"@id":"https:\/\/www.ecolenormalecortot.com\/en\/enseignants\/jeff-cohen\/#primaryimage"},"image":{"@id":"https:\/\/www.ecolenormalecortot.com\/en\/enseignants\/jeff-cohen\/#primaryimage"},"thumbnailUrl":"https:\/\/www.ecolenormalecortot.com\/wp-content\/uploads\/2025\/10\/cohen_nb-2-03ee0.png","datePublished":"2025-10-07T09:56:30+00:00","dateModified":"2025-11-10T11:00:48+00:00","breadcrumb":{"@id":"https:\/\/www.ecolenormalecortot.com\/en\/enseignants\/jeff-cohen\/#breadcrumb"},"inLanguage":"en-US","potentialAction":[{"@type":"ReadAction","target":["https:\/\/www.ecolenormalecortot.com\/en\/enseignants\/jeff-cohen\/"]}]},{"@type":"ImageObject","inLanguage":"en-US","@id":"https:\/\/www.ecolenormalecortot.com\/en\/enseignants\/jeff-cohen\/#primaryimage","url":"https:\/\/www.ecolenormalecortot.com\/wp-content\/uploads\/2025\/10\/cohen_nb-2-03ee0.png","contentUrl":"https:\/\/www.ecolenormalecortot.com\/wp-content\/uploads\/2025\/10\/cohen_nb-2-03ee0.png","width":312,"height":450},{"@type":"BreadcrumbList","@id":"https:\/\/www.ecolenormalecortot.com\/en\/enseignants\/jeff-cohen\/#breadcrumb","itemListElement":[{"@type":"ListItem","position":1,"name":"Accueil","item":"https:\/\/www.ecolenormalecortot.com\/en\/"},{"@type":"ListItem","position":2,"name":"Professeurs","item":"https:\/\/www.ecolenormalecortot.com\/en\/enseignants\/"},{"@type":"ListItem","position":3,"name":"COHEN Jeff"}]},{"@type":"WebSite","@id":"https:\/\/www.ecolenormalecortot.com\/en\/#website","url":"https:\/\/www.ecolenormalecortot.com\/en\/","name":"Ecole Normale de Musique de Paris","description":"","publisher":{"@id":"https:\/\/www.ecolenormalecortot.com\/en\/#organization"},"potentialAction":[{"@type":"SearchAction","target":{"@type":"EntryPoint","urlTemplate":"https:\/\/www.ecolenormalecortot.com\/en\/?s={search_term_string}"},"query-input":{"@type":"PropertyValueSpecification","valueRequired":true,"valueName":"search_term_string"}}],"inLanguage":"en-US"},{"@type":"Organization","@id":"https:\/\/www.ecolenormalecortot.com\/en\/#organization","name":"Ecole Normale de Musique de Paris","url":"https:\/\/www.ecolenormalecortot.com\/en\/","logo":{"@type":"ImageObject","inLanguage":"en-US","@id":"https:\/\/www.ecolenormalecortot.com\/en\/#\/schema\/logo\/image\/","url":"https:\/\/www.ecolenormalecortot.com\/wp-content\/uploads\/2023\/02\/android-chrome-512x512-1.png","contentUrl":"https:\/\/www.ecolenormalecortot.com\/wp-content\/uploads\/2023\/02\/android-chrome-512x512-1.png","width":512,"height":512,"caption":"Ecole Normale de Musique de Paris"},"image":{"@id":"https:\/\/www.ecolenormalecortot.com\/en\/#\/schema\/logo\/image\/"}}]}},"_links":{"self":[{"href":"https:\/\/www.ecolenormalecortot.com\/en\/wp-json\/wp\/v2\/teacher\/11052","targetHints":{"allow":["GET"]}}],"collection":[{"href":"https:\/\/www.ecolenormalecortot.com\/en\/wp-json\/wp\/v2\/teacher"}],"about":[{"href":"https:\/\/www.ecolenormalecortot.com\/en\/wp-json\/wp\/v2\/types\/teacher"}],"wp:featuredmedia":[{"embeddable":true,"href":"https:\/\/www.ecolenormalecortot.com\/en\/wp-json\/wp\/v2\/media\/11051"}],"wp:attachment":[{"href":"https:\/\/www.ecolenormalecortot.com\/en\/wp-json\/wp\/v2\/media?parent=11052"}],"wp:term":[{"taxonomy":"discipline","embeddable":true,"href":"https:\/\/www.ecolenormalecortot.com\/en\/wp-json\/wp\/v2\/discipline?post=11052"}],"curies":[{"name":"wp","href":"https:\/\/api.w.org\/{rel}","templated":true}]}}

<p>Born in Baltimore, Jeff Cohen won first prizes in piano and chamber music at the Conservatoire National Supérieur de Musique de Paris before continuing his training with Leon Fleisher in the United States and Peter Feuchtwanger in England.</p>



<p>Currently a professor at the Conservatoire de Paris, he has served as coach at La Monnaie in Brussels, musical director at the Théâtre du Châtelet, and advisor to the Bibliothèque nationale de France for a concert series devoted to French mélodie.</p>



<p>He has performed with many artists, including Roberto Alagna, June Anderson, Cecilia Bartoli, Yann Beuron, Jean-Paul Fouchécourt, Véronique Gens, Ivry Gitlis, Ida Haendel, Sumi Jo, Steve Lacy, Noël Lee, Ute Lemper, Pierre Lénert, Vincent Le Texier, Mady Mesplé, and Didier Sandre.</p>



<p>He has made numerous recordings, including a “live” recital at La Scala in Milan with Angela Gheorghiu; songs by Duparc, Fauré, Hahn, Gounod, and Loeffler with François Le Roux; and Mozart lieder on the fortepiano with Véronique Dietschy. He has worked as vocal coach on opera recordings with Bertrand de Billy, Christopher Hogwood, John Nelson, Michel Plasson, and Georg Solti.</p>



<p>Jeff Cohen conducted the orchestra for&nbsp;<em>The Threepenny Opera</em>&nbsp;directed by Giorgio Strehler at the Théâtre du Châtelet, assisted Myung-Whun Chung for&nbsp;<em>Otello</em>&nbsp;at the Opéra National de Paris, and collaborated with Patrice Chéreau on&nbsp;<em>Hamlet</em>and&nbsp;<em>Lucio Silla</em>. He appeared in Peter Brook’s&nbsp;<em>Impressions de Pelléas</em>&nbsp;and performed with Fanny Ardant in&nbsp;<em>Masterclass</em>, directed by Roman Polanski. He served as musical studies director for Kurt Weill’s&nbsp;<em>Street Scene</em>&nbsp;with the Atelier lyrique of the Opéra National de Paris and toured with choreographer Blanca Li in her production&nbsp;<em>Le Jardin des délices</em>.</p>



<p>He composes for stage and film and created and hosted a children’s television program,&nbsp;<em>Jeff d’orchestre</em>, after collaborating with Philippe Meyer on&nbsp;<em>Revenez quand vous voulez</em>&nbsp;and&nbsp;<em>Anicroches</em>&nbsp;for French television. Jeff Cohen was named Chevalier of the Order of Arts and Letters in 2006 and promoted to Commander in 2019.</p>

<!-- This site is optimized with the Yoast SEO plugin v27.5 - https://yoast.com/product/yoast-seo-wordpress/ -->
<title>COHEN Jeff - Ecole Normale de Musique de Paris</title>
<meta name="robots" content="index, follow, max-snippet:-1, max-image-preview:large, max-video-preview:-1" />
<link rel="canonical" href="https://www.ecolenormalecortot.com/en/enseignants/jeff-cohen/" />
<meta property="og:locale" content="en_US" />
<meta property="og:type" content="article" />
<meta property="og:title" content="COHEN Jeff - Ecole Normale de Musique de Paris" />
<meta property="og:description" content="Born in Baltimore, Jeff Cohen won first prizes in piano and chamber music at the Conservatoire National Supérieur de Musique [&hellip;]" />
<meta property="og:url" content="https://www.ecolenormalecortot.com/en/enseignants/jeff-cohen/" />
<meta property="og:site_name" content="Ecole Normale de Musique de Paris" />
<meta property="article:modified_time" content="2025-11-10T11:00:48+00:00" />
<meta property="og:image" content="https://www.ecolenormalecortot.com/wp-content/uploads/2025/10/cohen_nb-2-03ee0.png" />
	<meta property="og:image:width" content="312" />
	<meta property="og:image:height" content="450" />
	<meta property="og:image:type" content="image/png" />
<meta name="twitter:card" content="summary_large_image" />
<meta name="twitter:label1" content="Est. reading time" />
	<meta name="twitter:data1" content="2 minutes" />
<script type="application/ld+json" class="yoast-schema-graph">{"@context":"https:\/\/schema.org","@graph":[{"@type":"WebPage","@id":"https:\/\/www.ecolenormalecortot.com\/en\/enseignants\/jeff-cohen\/","url":"https:\/\/www.ecolenormalecortot.com\/en\/enseignants\/jeff-cohen\/","name":"COHEN Jeff - Ecole Normale de Musique de Paris","isPartOf":{"@id":"https:\/\/www.ecolenormalecortot.com\/en\/#website"},"primaryImageOfPage":{"@id":"https:\/\/www.ecolenormalecortot.com\/en\/enseignants\/jeff-cohen\/#primaryimage"},"image":{"@id":"https:\/\/www.ecolenormalecortot.com\/en\/enseignants\/jeff-cohen\/#primaryimage"},"thumbnailUrl":"https:\/\/www.ecolenormalecortot.com\/wp-content\/uploads\/2025\/10\/cohen_nb-2-03ee0.png","datePublished":"2025-10-07T09:56:30+00:00","dateModified":"2025-11-10T11:00:48+00:00","breadcrumb":{"@id":"https:\/\/www.ecolenormalecortot.com\/en\/enseignants\/jeff-cohen\/#breadcrumb"},"inLanguage":"en-US","potentialAction":[{"@type":"ReadAction","target":["https:\/\/www.ecolenormalecortot.com\/en\/enseignants\/jeff-cohen\/"]}]},{"@type":"ImageObject","inLanguage":"en-US","@id":"https:\/\/www.ecolenormalecortot.com\/en\/enseignants\/jeff-cohen\/#primaryimage","url":"https:\/\/www.ecolenormalecortot.com\/wp-content\/uploads\/2025\/10\/cohen_nb-2-03ee0.png","contentUrl":"https:\/\/www.ecolenormalecortot.com\/wp-content\/uploads\/2025\/10\/cohen_nb-2-03ee0.png","width":312,"height":450},{"@type":"BreadcrumbList","@id":"https:\/\/www.ecolenormalecortot.com\/en\/enseignants\/jeff-cohen\/#breadcrumb","itemListElement":[{"@type":"ListItem","position":1,"name":"Accueil","item":"https:\/\/www.ecolenormalecortot.com\/en\/"},{"@type":"ListItem","position":2,"name":"Professeurs","item":"https:\/\/www.ecolenormalecortot.com\/en\/enseignants\/"},{"@type":"ListItem","position":3,"name":"COHEN Jeff"}]},{"@type":"WebSite","@id":"https:\/\/www.ecolenormalecortot.com\/en\/#website","url":"https:\/\/www.ecolenormalecortot.com\/en\/","name":"Ecole Normale de Musique de Paris","description":"","publisher":{"@id":"https:\/\/www.ecolenormalecortot.com\/en\/#organization"},"potentialAction":[{"@type":"SearchAction","target":{"@type":"EntryPoint","urlTemplate":"https:\/\/www.ecolenormalecortot.com\/en\/?s={search_term_string}"},"query-input":{"@type":"PropertyValueSpecification","valueRequired":true,"valueName":"search_term_string"}}],"inLanguage":"en-US"},{"@type":"Organization","@id":"https:\/\/www.ecolenormalecortot.com\/en\/#organization","name":"Ecole Normale de Musique de Paris","url":"https:\/\/www.ecolenormalecortot.com\/en\/","logo":{"@type":"ImageObject","inLanguage":"en-US","@id":"https:\/\/www.ecolenormalecortot.com\/en\/#\/schema\/logo\/image\/","url":"https:\/\/www.ecolenormalecortot.com\/wp-content\/uploads\/2023\/02\/android-chrome-512x512-1.png","contentUrl":"https:\/\/www.ecolenormalecortot.com\/wp-content\/uploads\/2023\/02\/android-chrome-512x512-1.png","width":512,"height":512,"caption":"Ecole Normale de Musique de Paris"},"image":{"@id":"https:\/\/www.ecolenormalecortot.com\/en\/#\/schema\/logo\/image\/"}}]}</script>
<!-- / Yoast SEO plugin. -->

Born in Baltimore, Jeff Cohen won first prizes in piano and chamber music at the Conservatoire National Supérieur de Musique [&hellip;]
