{"id":10042,"date":"2025-03-31T15:39:58","date_gmt":"2025-03-31T13:39:58","guid":{"rendered":"https:\/\/www.ecolenormalecortot.com\/enseignants\/gerard-causse\/"},"modified":"2025-11-10T11:51:16","modified_gmt":"2025-11-10T10:51:16","slug":"gerard-causse","status":"publish","type":"teacher","link":"https:\/\/www.ecolenormalecortot.com\/en\/enseignants\/gerard-causse\/","title":{"rendered":"CAUSS\u00c9 G\u00e9rard"},"content":{"rendered":"\n<p><h1 class=\"gb-headline gb-headline-da33cbe9 gb-headline-text\" style=\"white-space: normal; box-sizing: inherit; margin: 0px 0px 20px; padding: 0px; border: 0px; font-family: -apple-system, system-ui, BlinkMacSystemFont, &quot;Segoe UI&quot;, Helvetica, Arial, sans-serif, &quot;Apple Color Emoji&quot;, &quot;Segoe UI Emoji&quot;, &quot;Segoe UI Symbol&quot;; font-size: 40px; font-weight: bold; line-height: 1.4; color: rgb(68, 135, 168); text-align: center;\"><\/h1><\/p>\n\n\n\n<p>A leading figure of the viola in France and around the world, G\u00e9rard Causs\u00e9 has developed, alongside a solo career\u2014both in recital and as a concert artist with the greatest conductors and the most prestigious ensembles\u2014a chamber music activity widely acclaimed for the musical generosity of someone who, since Mozart, sees himself as a \u201cbridge\u201d between the low and high voices of the string quartet.<\/p>\n\n\n\n<p>A sought-after partner of the greatest artists\u2014Gidon Kremer (<em>The Seven Last Words of Christ<\/em> by Haydn), Dmitry Sitkovetsky (world premiere of Sitkovetsky\u2019s transcription of Bach\u2019s <em>Goldberg Variations<\/em>), Mischa Maisky, Michel Portal, Paul Meyer, Fran\u00e7ois-Ren\u00e9 Duch\u00e2ble, Renaud Capu\u00e7on, Franck Braley, Nicholas Angelich\u2014G\u00e9rard Causs\u00e9 has influenced several generations of musicians through his unique playing and his charisma, inspiring many to choose the viola as their true calling.<\/p>\n\n\n\n<p>His championing of contemporary repertoires, beginning with the founding of the Ensemble Intercontemporain\u2014where Pierre Boulez appointed him principal violist\u2014has been matched by his innovative teaching work, recognized from the Paris Conservatory to the Escuela Reina Sof\u00eda in Madrid, as well as through numerous masterclasses in Verbier, Salzburg, Siena, Villecroze, Lisbon, Havana, and Caracas.<\/p>\n\n\n\n<p>As conductor and musical director of the Toulouse Chamber Orchestra and the Camerata of the Caja Duero Foundation in Salamanca, G\u00e9rard Causs\u00e9 embodies all the dimensions of an extraordinary violist\u2019s life\u2014reflected in a discography of over 60 recordings released by major labels, all acclaimed by both critics and the public. Among them, his recent transcription of Bach\u2019s Cello Suites for viola, interwoven with poems by Rilke read by Laurent Terzieff, on the Erato label.<\/p>\n","protected":false},"featured_media":9837,"template":"","discipline":[106],"class_list":["post-10042","teacher","type-teacher","status-publish","has-post-thumbnail","hentry","discipline-alto-en"],"acf":[],"yoast_head":"<!-- This site is optimized with the Yoast SEO plugin v27.5 - https:\/\/yoast.com\/product\/yoast-seo-wordpress\/ -->\n<title>CAUSS\u00c9 G\u00e9rard - Ecole Normale de Musique de Paris<\/title>\n<meta name=\"robots\" content=\"index, follow, max-snippet:-1, max-image-preview:large, max-video-preview:-1\" \/>\n<link rel=\"canonical\" href=\"https:\/\/www.ecolenormalecortot.com\/en\/enseignants\/gerard-causse\/\" \/>\n<meta property=\"og:locale\" content=\"en_US\" \/>\n<meta property=\"og:type\" content=\"article\" \/>\n<meta property=\"og:title\" content=\"CAUSS\u00c9 G\u00e9rard - Ecole Normale de Musique de Paris\" \/>\n<meta property=\"og:description\" content=\"A leading figure of the viola in France and around the world, G\u00e9rard Causs\u00e9 has developed, alongside a solo career\u2014both [&hellip;]\" \/>\n<meta property=\"og:url\" content=\"https:\/\/www.ecolenormalecortot.com\/en\/enseignants\/gerard-causse\/\" \/>\n<meta property=\"og:site_name\" content=\"Ecole Normale de Musique de Paris\" \/>\n<meta property=\"article:modified_time\" content=\"2025-11-10T10:51:16+00:00\" \/>\n<meta property=\"og:image\" content=\"https:\/\/www.ecolenormalecortot.com\/wp-content\/uploads\/2025\/03\/Image-3-scaled.jpg\" \/>\n\t<meta property=\"og:image:width\" content=\"1707\" \/>\n\t<meta property=\"og:image:height\" content=\"2560\" \/>\n\t<meta property=\"og:image:type\" content=\"image\/jpeg\" \/>\n<meta name=\"twitter:card\" content=\"summary_large_image\" \/>\n<meta name=\"twitter:label1\" content=\"Est. reading time\" \/>\n\t<meta name=\"twitter:data1\" content=\"2 minutes\" \/>\n<script type=\"application\/ld+json\" class=\"yoast-schema-graph\">{\"@context\":\"https:\\\/\\\/schema.org\",\"@graph\":[{\"@type\":\"WebPage\",\"@id\":\"https:\\\/\\\/www.ecolenormalecortot.com\\\/en\\\/enseignants\\\/gerard-causse\\\/\",\"url\":\"https:\\\/\\\/www.ecolenormalecortot.com\\\/en\\\/enseignants\\\/gerard-causse\\\/\",\"name\":\"CAUSS\u00c9 G\u00e9rard - Ecole Normale de Musique de Paris\",\"isPartOf\":{\"@id\":\"https:\\\/\\\/www.ecolenormalecortot.com\\\/en\\\/#website\"},\"primaryImageOfPage\":{\"@id\":\"https:\\\/\\\/www.ecolenormalecortot.com\\\/en\\\/enseignants\\\/gerard-causse\\\/#primaryimage\"},\"image\":{\"@id\":\"https:\\\/\\\/www.ecolenormalecortot.com\\\/en\\\/enseignants\\\/gerard-causse\\\/#primaryimage\"},\"thumbnailUrl\":\"https:\\\/\\\/www.ecolenormalecortot.com\\\/wp-content\\\/uploads\\\/2025\\\/03\\\/Image-3-scaled.jpg\",\"datePublished\":\"2025-03-31T13:39:58+00:00\",\"dateModified\":\"2025-11-10T10:51:16+00:00\",\"breadcrumb\":{\"@id\":\"https:\\\/\\\/www.ecolenormalecortot.com\\\/en\\\/enseignants\\\/gerard-causse\\\/#breadcrumb\"},\"inLanguage\":\"en-US\",\"potentialAction\":[{\"@type\":\"ReadAction\",\"target\":[\"https:\\\/\\\/www.ecolenormalecortot.com\\\/en\\\/enseignants\\\/gerard-causse\\\/\"]}]},{\"@type\":\"ImageObject\",\"inLanguage\":\"en-US\",\"@id\":\"https:\\\/\\\/www.ecolenormalecortot.com\\\/en\\\/enseignants\\\/gerard-causse\\\/#primaryimage\",\"url\":\"https:\\\/\\\/www.ecolenormalecortot.com\\\/wp-content\\\/uploads\\\/2025\\\/03\\\/Image-3-scaled.jpg\",\"contentUrl\":\"https:\\\/\\\/www.ecolenormalecortot.com\\\/wp-content\\\/uploads\\\/2025\\\/03\\\/Image-3-scaled.jpg\",\"width\":1707,\"height\":2560},{\"@type\":\"BreadcrumbList\",\"@id\":\"https:\\\/\\\/www.ecolenormalecortot.com\\\/en\\\/enseignants\\\/gerard-causse\\\/#breadcrumb\",\"itemListElement\":[{\"@type\":\"ListItem\",\"position\":1,\"name\":\"Accueil\",\"item\":\"https:\\\/\\\/www.ecolenormalecortot.com\\\/en\\\/\"},{\"@type\":\"ListItem\",\"position\":2,\"name\":\"Professeurs\",\"item\":\"https:\\\/\\\/www.ecolenormalecortot.com\\\/en\\\/enseignants\\\/\"},{\"@type\":\"ListItem\",\"position\":3,\"name\":\"CAUSS\u00c9 G\u00e9rard\"}]},{\"@type\":\"WebSite\",\"@id\":\"https:\\\/\\\/www.ecolenormalecortot.com\\\/en\\\/#website\",\"url\":\"https:\\\/\\\/www.ecolenormalecortot.com\\\/en\\\/\",\"name\":\"Ecole Normale de Musique de Paris\",\"description\":\"\",\"publisher\":{\"@id\":\"https:\\\/\\\/www.ecolenormalecortot.com\\\/en\\\/#organization\"},\"potentialAction\":[{\"@type\":\"SearchAction\",\"target\":{\"@type\":\"EntryPoint\",\"urlTemplate\":\"https:\\\/\\\/www.ecolenormalecortot.com\\\/en\\\/?s={search_term_string}\"},\"query-input\":{\"@type\":\"PropertyValueSpecification\",\"valueRequired\":true,\"valueName\":\"search_term_string\"}}],\"inLanguage\":\"en-US\"},{\"@type\":\"Organization\",\"@id\":\"https:\\\/\\\/www.ecolenormalecortot.com\\\/en\\\/#organization\",\"name\":\"Ecole Normale de Musique de Paris\",\"url\":\"https:\\\/\\\/www.ecolenormalecortot.com\\\/en\\\/\",\"logo\":{\"@type\":\"ImageObject\",\"inLanguage\":\"en-US\",\"@id\":\"https:\\\/\\\/www.ecolenormalecortot.com\\\/en\\\/#\\\/schema\\\/logo\\\/image\\\/\",\"url\":\"https:\\\/\\\/www.ecolenormalecortot.com\\\/wp-content\\\/uploads\\\/2023\\\/02\\\/android-chrome-512x512-1.png\",\"contentUrl\":\"https:\\\/\\\/www.ecolenormalecortot.com\\\/wp-content\\\/uploads\\\/2023\\\/02\\\/android-chrome-512x512-1.png\",\"width\":512,\"height\":512,\"caption\":\"Ecole Normale de Musique de Paris\"},\"image\":{\"@id\":\"https:\\\/\\\/www.ecolenormalecortot.com\\\/en\\\/#\\\/schema\\\/logo\\\/image\\\/\"}}]}<\/script>\n<!-- \/ Yoast SEO plugin. -->","yoast_head_json":{"title":"CAUSS\u00c9 G\u00e9rard - Ecole Normale de Musique de Paris","robots":{"index":"index","follow":"follow","max-snippet":"max-snippet:-1","max-image-preview":"max-image-preview:large","max-video-preview":"max-video-preview:-1"},"canonical":"https:\/\/www.ecolenormalecortot.com\/en\/enseignants\/gerard-causse\/","og_locale":"en_US","og_type":"article","og_title":"CAUSS\u00c9 G\u00e9rard - Ecole Normale de Musique de Paris","og_description":"A leading figure of the viola in France and around the world, G\u00e9rard Causs\u00e9 has developed, alongside a solo career\u2014both [&hellip;]","og_url":"https:\/\/www.ecolenormalecortot.com\/en\/enseignants\/gerard-causse\/","og_site_name":"Ecole Normale de Musique de Paris","article_modified_time":"2025-11-10T10:51:16+00:00","og_image":[{"width":1707,"height":2560,"url":"https:\/\/www.ecolenormalecortot.com\/wp-content\/uploads\/2025\/03\/Image-3-scaled.jpg","type":"image\/jpeg"}],"twitter_card":"summary_large_image","twitter_misc":{"Est. reading time":"2 minutes"},"schema":{"@context":"https:\/\/schema.org","@graph":[{"@type":"WebPage","@id":"https:\/\/www.ecolenormalecortot.com\/en\/enseignants\/gerard-causse\/","url":"https:\/\/www.ecolenormalecortot.com\/en\/enseignants\/gerard-causse\/","name":"CAUSS\u00c9 G\u00e9rard - Ecole Normale de Musique de Paris","isPartOf":{"@id":"https:\/\/www.ecolenormalecortot.com\/en\/#website"},"primaryImageOfPage":{"@id":"https:\/\/www.ecolenormalecortot.com\/en\/enseignants\/gerard-causse\/#primaryimage"},"image":{"@id":"https:\/\/www.ecolenormalecortot.com\/en\/enseignants\/gerard-causse\/#primaryimage"},"thumbnailUrl":"https:\/\/www.ecolenormalecortot.com\/wp-content\/uploads\/2025\/03\/Image-3-scaled.jpg","datePublished":"2025-03-31T13:39:58+00:00","dateModified":"2025-11-10T10:51:16+00:00","breadcrumb":{"@id":"https:\/\/www.ecolenormalecortot.com\/en\/enseignants\/gerard-causse\/#breadcrumb"},"inLanguage":"en-US","potentialAction":[{"@type":"ReadAction","target":["https:\/\/www.ecolenormalecortot.com\/en\/enseignants\/gerard-causse\/"]}]},{"@type":"ImageObject","inLanguage":"en-US","@id":"https:\/\/www.ecolenormalecortot.com\/en\/enseignants\/gerard-causse\/#primaryimage","url":"https:\/\/www.ecolenormalecortot.com\/wp-content\/uploads\/2025\/03\/Image-3-scaled.jpg","contentUrl":"https:\/\/www.ecolenormalecortot.com\/wp-content\/uploads\/2025\/03\/Image-3-scaled.jpg","width":1707,"height":2560},{"@type":"BreadcrumbList","@id":"https:\/\/www.ecolenormalecortot.com\/en\/enseignants\/gerard-causse\/#breadcrumb","itemListElement":[{"@type":"ListItem","position":1,"name":"Accueil","item":"https:\/\/www.ecolenormalecortot.com\/en\/"},{"@type":"ListItem","position":2,"name":"Professeurs","item":"https:\/\/www.ecolenormalecortot.com\/en\/enseignants\/"},{"@type":"ListItem","position":3,"name":"CAUSS\u00c9 G\u00e9rard"}]},{"@type":"WebSite","@id":"https:\/\/www.ecolenormalecortot.com\/en\/#website","url":"https:\/\/www.ecolenormalecortot.com\/en\/","name":"Ecole Normale de Musique de Paris","description":"","publisher":{"@id":"https:\/\/www.ecolenormalecortot.com\/en\/#organization"},"potentialAction":[{"@type":"SearchAction","target":{"@type":"EntryPoint","urlTemplate":"https:\/\/www.ecolenormalecortot.com\/en\/?s={search_term_string}"},"query-input":{"@type":"PropertyValueSpecification","valueRequired":true,"valueName":"search_term_string"}}],"inLanguage":"en-US"},{"@type":"Organization","@id":"https:\/\/www.ecolenormalecortot.com\/en\/#organization","name":"Ecole Normale de Musique de Paris","url":"https:\/\/www.ecolenormalecortot.com\/en\/","logo":{"@type":"ImageObject","inLanguage":"en-US","@id":"https:\/\/www.ecolenormalecortot.com\/en\/#\/schema\/logo\/image\/","url":"https:\/\/www.ecolenormalecortot.com\/wp-content\/uploads\/2023\/02\/android-chrome-512x512-1.png","contentUrl":"https:\/\/www.ecolenormalecortot.com\/wp-content\/uploads\/2023\/02\/android-chrome-512x512-1.png","width":512,"height":512,"caption":"Ecole Normale de Musique de Paris"},"image":{"@id":"https:\/\/www.ecolenormalecortot.com\/en\/#\/schema\/logo\/image\/"}}]}},"_links":{"self":[{"href":"https:\/\/www.ecolenormalecortot.com\/en\/wp-json\/wp\/v2\/teacher\/10042","targetHints":{"allow":["GET"]}}],"collection":[{"href":"https:\/\/www.ecolenormalecortot.com\/en\/wp-json\/wp\/v2\/teacher"}],"about":[{"href":"https:\/\/www.ecolenormalecortot.com\/en\/wp-json\/wp\/v2\/types\/teacher"}],"wp:featuredmedia":[{"embeddable":true,"href":"https:\/\/www.ecolenormalecortot.com\/en\/wp-json\/wp\/v2\/media\/9837"}],"wp:attachment":[{"href":"https:\/\/www.ecolenormalecortot.com\/en\/wp-json\/wp\/v2\/media?parent=10042"}],"wp:term":[{"taxonomy":"discipline","embeddable":true,"href":"https:\/\/www.ecolenormalecortot.com\/en\/wp-json\/wp\/v2\/discipline?post=10042"}],"curies":[{"name":"wp","href":"https:\/\/api.w.org\/{rel}","templated":true}]}}

CAUSSÉ Gérard

<p><h1 class="gb-headline gb-headline-da33cbe9 gb-headline-text" style="white-space: normal; box-sizing: inherit; margin: 0px 0px 20px; padding: 0px; border: 0px; font-family: -apple-system, system-ui, BlinkMacSystemFont, &quot;Segoe UI&quot;, Helvetica, Arial, sans-serif, &quot;Apple Color Emoji&quot;, &quot;Segoe UI Emoji&quot;, &quot;Segoe UI Symbol&quot;; font-size: 40px; font-weight: bold; line-height: 1.4; color: rgb(68, 135, 168); text-align: center;"></h1></p>



<p>A leading figure of the viola in France and around the world, Gérard Caussé has developed, alongside a solo career—both in recital and as a concert artist with the greatest conductors and the most prestigious ensembles—a chamber music activity widely acclaimed for the musical generosity of someone who, since Mozart, sees himself as a “bridge” between the low and high voices of the string quartet.</p>



<p>A sought-after partner of the greatest artists—Gidon Kremer (<em>The Seven Last Words of Christ</em> by Haydn), Dmitry Sitkovetsky (world premiere of Sitkovetsky’s transcription of Bach’s <em>Goldberg Variations</em>), Mischa Maisky, Michel Portal, Paul Meyer, François-René Duchâble, Renaud Capuçon, Franck Braley, Nicholas Angelich—Gérard Caussé has influenced several generations of musicians through his unique playing and his charisma, inspiring many to choose the viola as their true calling.</p>



<p>His championing of contemporary repertoires, beginning with the founding of the Ensemble Intercontemporain—where Pierre Boulez appointed him principal violist—has been matched by his innovative teaching work, recognized from the Paris Conservatory to the Escuela Reina Sofía in Madrid, as well as through numerous masterclasses in Verbier, Salzburg, Siena, Villecroze, Lisbon, Havana, and Caracas.</p>



<p>As conductor and musical director of the Toulouse Chamber Orchestra and the Camerata of the Caja Duero Foundation in Salamanca, Gérard Caussé embodies all the dimensions of an extraordinary violist’s life—reflected in a discography of over 60 recordings released by major labels, all acclaimed by both critics and the public. Among them, his recent transcription of Bach’s Cello Suites for viola, interwoven with poems by Rilke read by Laurent Terzieff, on the Erato label.</p>

<!-- This site is optimized with the Yoast SEO plugin v27.5 - https://yoast.com/product/yoast-seo-wordpress/ -->
<title>CAUSSÉ Gérard - Ecole Normale de Musique de Paris</title>
<meta name="robots" content="index, follow, max-snippet:-1, max-image-preview:large, max-video-preview:-1" />
<link rel="canonical" href="https://www.ecolenormalecortot.com/en/enseignants/gerard-causse/" />
<meta property="og:locale" content="en_US" />
<meta property="og:type" content="article" />
<meta property="og:title" content="CAUSSÉ Gérard - Ecole Normale de Musique de Paris" />
<meta property="og:description" content="A leading figure of the viola in France and around the world, Gérard Caussé has developed, alongside a solo career—both [&hellip;]" />
<meta property="og:url" content="https://www.ecolenormalecortot.com/en/enseignants/gerard-causse/" />
<meta property="og:site_name" content="Ecole Normale de Musique de Paris" />
<meta property="article:modified_time" content="2025-11-10T10:51:16+00:00" />
<meta property="og:image" content="https://www.ecolenormalecortot.com/wp-content/uploads/2025/03/Image-3-scaled.jpg" />
	<meta property="og:image:width" content="1707" />
	<meta property="og:image:height" content="2560" />
	<meta property="og:image:type" content="image/jpeg" />
<meta name="twitter:card" content="summary_large_image" />
<meta name="twitter:label1" content="Est. reading time" />
	<meta name="twitter:data1" content="2 minutes" />
<script type="application/ld+json" class="yoast-schema-graph">{"@context":"https:\/\/schema.org","@graph":[{"@type":"WebPage","@id":"https:\/\/www.ecolenormalecortot.com\/en\/enseignants\/gerard-causse\/","url":"https:\/\/www.ecolenormalecortot.com\/en\/enseignants\/gerard-causse\/","name":"CAUSSÉ Gérard - Ecole Normale de Musique de Paris","isPartOf":{"@id":"https:\/\/www.ecolenormalecortot.com\/en\/#website"},"primaryImageOfPage":{"@id":"https:\/\/www.ecolenormalecortot.com\/en\/enseignants\/gerard-causse\/#primaryimage"},"image":{"@id":"https:\/\/www.ecolenormalecortot.com\/en\/enseignants\/gerard-causse\/#primaryimage"},"thumbnailUrl":"https:\/\/www.ecolenormalecortot.com\/wp-content\/uploads\/2025\/03\/Image-3-scaled.jpg","datePublished":"2025-03-31T13:39:58+00:00","dateModified":"2025-11-10T10:51:16+00:00","breadcrumb":{"@id":"https:\/\/www.ecolenormalecortot.com\/en\/enseignants\/gerard-causse\/#breadcrumb"},"inLanguage":"en-US","potentialAction":[{"@type":"ReadAction","target":["https:\/\/www.ecolenormalecortot.com\/en\/enseignants\/gerard-causse\/"]}]},{"@type":"ImageObject","inLanguage":"en-US","@id":"https:\/\/www.ecolenormalecortot.com\/en\/enseignants\/gerard-causse\/#primaryimage","url":"https:\/\/www.ecolenormalecortot.com\/wp-content\/uploads\/2025\/03\/Image-3-scaled.jpg","contentUrl":"https:\/\/www.ecolenormalecortot.com\/wp-content\/uploads\/2025\/03\/Image-3-scaled.jpg","width":1707,"height":2560},{"@type":"BreadcrumbList","@id":"https:\/\/www.ecolenormalecortot.com\/en\/enseignants\/gerard-causse\/#breadcrumb","itemListElement":[{"@type":"ListItem","position":1,"name":"Accueil","item":"https:\/\/www.ecolenormalecortot.com\/en\/"},{"@type":"ListItem","position":2,"name":"Professeurs","item":"https:\/\/www.ecolenormalecortot.com\/en\/enseignants\/"},{"@type":"ListItem","position":3,"name":"CAUSSÉ Gérard"}]},{"@type":"WebSite","@id":"https:\/\/www.ecolenormalecortot.com\/en\/#website","url":"https:\/\/www.ecolenormalecortot.com\/en\/","name":"Ecole Normale de Musique de Paris","description":"","publisher":{"@id":"https:\/\/www.ecolenormalecortot.com\/en\/#organization"},"potentialAction":[{"@type":"SearchAction","target":{"@type":"EntryPoint","urlTemplate":"https:\/\/www.ecolenormalecortot.com\/en\/?s={search_term_string}"},"query-input":{"@type":"PropertyValueSpecification","valueRequired":true,"valueName":"search_term_string"}}],"inLanguage":"en-US"},{"@type":"Organization","@id":"https:\/\/www.ecolenormalecortot.com\/en\/#organization","name":"Ecole Normale de Musique de Paris","url":"https:\/\/www.ecolenormalecortot.com\/en\/","logo":{"@type":"ImageObject","inLanguage":"en-US","@id":"https:\/\/www.ecolenormalecortot.com\/en\/#\/schema\/logo\/image\/","url":"https:\/\/www.ecolenormalecortot.com\/wp-content\/uploads\/2023\/02\/android-chrome-512x512-1.png","contentUrl":"https:\/\/www.ecolenormalecortot.com\/wp-content\/uploads\/2023\/02\/android-chrome-512x512-1.png","width":512,"height":512,"caption":"Ecole Normale de Musique de Paris"},"image":{"@id":"https:\/\/www.ecolenormalecortot.com\/en\/#\/schema\/logo\/image\/"}}]}</script>
<!-- / Yoast SEO plugin. -->

CAUSSÉ Gérard - Ecole Normale de Musique de Paris

A leading figure of the viola in France and around the world, Gérard Caussé has developed, alongside a solo career—both [&hellip;]
