{"id":9899,"date":"2025-04-07T17:52:49","date_gmt":"2025-04-07T15:52:49","guid":{"rendered":"https:\/\/www.ecolenormalecortot.com\/event\/concours-de-musique-de-chambre-2025\/"},"modified":"2025-05-07T11:54:23","modified_gmt":"2025-05-07T09:54:23","slug":"concours-de-musique-de-chambre-2025","status":"publish","type":"event","link":"https:\/\/www.ecolenormalecortot.com\/en\/event\/concours-de-musique-de-chambre-2025\/","title":{"rendered":"Concours de musique de chambre 2025"},"content":{"rendered":"\n<p>L\u2019\u00c9cole Normale de Musique de Paris vous invite \u00e0 venir d\u00e9couvrir ses \u00e9tudiants en derni\u00e8re ann\u00e9e de Musique de chambre. Une occasion unique d\u2019\u00e9couter ces jeunes musiciens passionn\u00e9s et prometteurs, au sommet de leur parcours artistique. <\/p>\n\n\n\n<p>Attention, l\u2019entr\u00e9e du public s\u2019effectue par l\u2019\u00c9cole Normale de Musique de Paris, au 114bis Boulevard Malesherbes.<\/p>\n\n\n\n<p><\/p>\n\n\n\n<h3 class=\"wp-block-heading\">Programme mardi 3 juin<\/h3>\n\n\n\n<p>09h00 &#8211; 11h00 : Classe de Monsieur LOUWERSE<\/p>\n\n\n\n<p>11h00 &#8211; 18h00 : Classe de Madame PATARCEC<\/p>\n\n\n\n<p><\/p>\n\n\n\n<p><\/p>\n\n\n\n<h3 class=\"wp-block-heading\">Programme mercredi 4 juin<\/h3>\n\n\n\n<p>09h00 &#8211; 15h30 : Classe de Madame PATARCEC<\/p>\n\n\n\n<p>16h00 &#8211; 18h00 : Classe de Monsieur JULIEN<\/p>\n\n\n\n<p><\/p>\n\n\n\n<h3 class=\"wp-block-heading\">Programme jeudi 6 juin<\/h3>\n\n\n\n<p>09h00 &#8211; 11h00 : Classe de Madame GERNAY<\/p>\n\n\n\n<p>11h00 &#8211; 18h00 : Classe de Monsieur MONTAG<\/p>\n","protected":false},"excerpt":{"rendered":"<p>L\u2019\u00c9cole Normale de Musique de Paris vous invite \u00e0 venir d\u00e9couvrir ses \u00e9tudiants en derni\u00e8re ann\u00e9e de Musique de chambre. [&hellip;]<\/p>\n","protected":false},"featured_media":9897,"template":"","meta":{"_acf_changed":false},"event_category":[168],"class_list":["post-9899","event","type-event","status-publish","has-post-thumbnail","hentry","event_category-concerts-de-midi-et-demi"],"acf":{"presentation":"","musicians":"","program":"","host":"","date":"2025-06-03 09:00:00","time_start":"09:00","time_end":"","end_date":"","location_name":"","location_address":"","phone":"","link":"","booking_link":"","price_from":"Entr\u00e9e libre","hide_price":false,"teachers":"","event_type":"","datetime":"2025-06-03 09:00:00","end_datetime":"2025-06-05 18:00:00","booking_infos":"","source_post_id":"4273"},"yoast_head":"<!-- This site is optimized with the Yoast SEO plugin v27.5 - https:\/\/yoast.com\/product\/yoast-seo-wordpress\/ -->\n<title>Concours de musique de chambre 2025 - Ecole Normale de Musique de Paris<\/title>\n<meta name=\"robots\" content=\"index, follow, max-snippet:-1, max-image-preview:large, max-video-preview:-1\" \/>\n<link rel=\"canonical\" href=\"https:\/\/www.ecolenormalecortot.com\/en\/event\/concours-de-musique-de-chambre-2025\/\" \/>\n<meta property=\"og:locale\" content=\"en_US\" \/>\n<meta property=\"og:type\" content=\"article\" \/>\n<meta property=\"og:title\" content=\"Concours de musique de chambre 2025 - Ecole Normale de Musique de Paris\" \/>\n<meta property=\"og:description\" content=\"L\u2019\u00c9cole Normale de Musique de Paris vous invite \u00e0 venir d\u00e9couvrir ses \u00e9tudiants en derni\u00e8re ann\u00e9e de Musique de chambre. [&hellip;]\" \/>\n<meta property=\"og:url\" content=\"https:\/\/www.ecolenormalecortot.com\/en\/event\/concours-de-musique-de-chambre-2025\/\" \/>\n<meta property=\"og:site_name\" content=\"Ecole Normale de Musique de Paris\" \/>\n<meta property=\"article:modified_time\" content=\"2025-05-07T09:54:23+00:00\" \/>\n<meta property=\"og:image\" content=\"https:\/\/www.ecolenormalecortot.com\/wp-content\/uploads\/2025\/04\/LD-20250116-0055-scaled-2.jpg\" \/>\n\t<meta property=\"og:image:width\" content=\"2560\" \/>\n\t<meta property=\"og:image:height\" content=\"1707\" \/>\n\t<meta property=\"og:image:type\" content=\"image\/jpeg\" \/>\n<meta name=\"twitter:card\" content=\"summary_large_image\" \/>\n<meta name=\"twitter:label1\" content=\"Est. reading time\" \/>\n\t<meta name=\"twitter:data1\" content=\"1 minute\" \/>\n<script type=\"application\/ld+json\" class=\"yoast-schema-graph\">{\"@context\":\"https:\\\/\\\/schema.org\",\"@graph\":[{\"@type\":\"WebPage\",\"@id\":\"https:\\\/\\\/www.ecolenormalecortot.com\\\/en\\\/event\\\/concours-de-musique-de-chambre-2025\\\/\",\"url\":\"https:\\\/\\\/www.ecolenormalecortot.com\\\/en\\\/event\\\/concours-de-musique-de-chambre-2025\\\/\",\"name\":\"Concours de musique de chambre 2025 - Ecole Normale de Musique de Paris\",\"isPartOf\":{\"@id\":\"https:\\\/\\\/www.ecolenormalecortot.com\\\/en\\\/#website\"},\"primaryImageOfPage\":{\"@id\":\"https:\\\/\\\/www.ecolenormalecortot.com\\\/en\\\/event\\\/concours-de-musique-de-chambre-2025\\\/#primaryimage\"},\"image\":{\"@id\":\"https:\\\/\\\/www.ecolenormalecortot.com\\\/en\\\/event\\\/concours-de-musique-de-chambre-2025\\\/#primaryimage\"},\"thumbnailUrl\":\"https:\\\/\\\/www.ecolenormalecortot.com\\\/wp-content\\\/uploads\\\/2025\\\/04\\\/LD-20250116-0055-scaled-2.jpg\",\"datePublished\":\"2025-04-07T15:52:49+00:00\",\"dateModified\":\"2025-05-07T09:54:23+00:00\",\"breadcrumb\":{\"@id\":\"https:\\\/\\\/www.ecolenormalecortot.com\\\/en\\\/event\\\/concours-de-musique-de-chambre-2025\\\/#breadcrumb\"},\"inLanguage\":\"en-US\",\"potentialAction\":[{\"@type\":\"ReadAction\",\"target\":[\"https:\\\/\\\/www.ecolenormalecortot.com\\\/en\\\/event\\\/concours-de-musique-de-chambre-2025\\\/\"]}]},{\"@type\":\"ImageObject\",\"inLanguage\":\"en-US\",\"@id\":\"https:\\\/\\\/www.ecolenormalecortot.com\\\/en\\\/event\\\/concours-de-musique-de-chambre-2025\\\/#primaryimage\",\"url\":\"https:\\\/\\\/www.ecolenormalecortot.com\\\/wp-content\\\/uploads\\\/2025\\\/04\\\/LD-20250116-0055-scaled-2.jpg\",\"contentUrl\":\"https:\\\/\\\/www.ecolenormalecortot.com\\\/wp-content\\\/uploads\\\/2025\\\/04\\\/LD-20250116-0055-scaled-2.jpg\",\"width\":2560,\"height\":1707},{\"@type\":\"BreadcrumbList\",\"@id\":\"https:\\\/\\\/www.ecolenormalecortot.com\\\/en\\\/event\\\/concours-de-musique-de-chambre-2025\\\/#breadcrumb\",\"itemListElement\":[{\"@type\":\"ListItem\",\"position\":1,\"name\":\"Accueil\",\"item\":\"https:\\\/\\\/www.ecolenormalecortot.com\\\/en\\\/\"},{\"@type\":\"ListItem\",\"position\":2,\"name\":\"\u00c9v\u00e8nements\",\"item\":\"https:\\\/\\\/www.ecolenormalecortot.com\\\/en\\\/event\\\/\"},{\"@type\":\"ListItem\",\"position\":3,\"name\":\"Concours de musique de chambre 2025\"}]},{\"@type\":\"WebSite\",\"@id\":\"https:\\\/\\\/www.ecolenormalecortot.com\\\/en\\\/#website\",\"url\":\"https:\\\/\\\/www.ecolenormalecortot.com\\\/en\\\/\",\"name\":\"Ecole Normale de Musique de Paris\",\"description\":\"\",\"publisher\":{\"@id\":\"https:\\\/\\\/www.ecolenormalecortot.com\\\/en\\\/#organization\"},\"potentialAction\":[{\"@type\":\"SearchAction\",\"target\":{\"@type\":\"EntryPoint\",\"urlTemplate\":\"https:\\\/\\\/www.ecolenormalecortot.com\\\/en\\\/?s={search_term_string}\"},\"query-input\":{\"@type\":\"PropertyValueSpecification\",\"valueRequired\":true,\"valueName\":\"search_term_string\"}}],\"inLanguage\":\"en-US\"},{\"@type\":\"Organization\",\"@id\":\"https:\\\/\\\/www.ecolenormalecortot.com\\\/en\\\/#organization\",\"name\":\"Ecole Normale de Musique de Paris\",\"url\":\"https:\\\/\\\/www.ecolenormalecortot.com\\\/en\\\/\",\"logo\":{\"@type\":\"ImageObject\",\"inLanguage\":\"en-US\",\"@id\":\"https:\\\/\\\/www.ecolenormalecortot.com\\\/en\\\/#\\\/schema\\\/logo\\\/image\\\/\",\"url\":\"https:\\\/\\\/www.ecolenormalecortot.com\\\/wp-content\\\/uploads\\\/2023\\\/02\\\/android-chrome-512x512-1.png\",\"contentUrl\":\"https:\\\/\\\/www.ecolenormalecortot.com\\\/wp-content\\\/uploads\\\/2023\\\/02\\\/android-chrome-512x512-1.png\",\"width\":512,\"height\":512,\"caption\":\"Ecole Normale de Musique de Paris\"},\"image\":{\"@id\":\"https:\\\/\\\/www.ecolenormalecortot.com\\\/en\\\/#\\\/schema\\\/logo\\\/image\\\/\"}}]}<\/script>\n<!-- \/ Yoast SEO plugin. -->","yoast_head_json":{"title":"Concours de musique de chambre 2025 - Ecole Normale de Musique de Paris","robots":{"index":"index","follow":"follow","max-snippet":"max-snippet:-1","max-image-preview":"max-image-preview:large","max-video-preview":"max-video-preview:-1"},"canonical":"https:\/\/www.ecolenormalecortot.com\/en\/event\/concours-de-musique-de-chambre-2025\/","og_locale":"en_US","og_type":"article","og_title":"Concours de musique de chambre 2025 - Ecole Normale de Musique de Paris","og_description":"L\u2019\u00c9cole Normale de Musique de Paris vous invite \u00e0 venir d\u00e9couvrir ses \u00e9tudiants en derni\u00e8re ann\u00e9e de Musique de chambre. [&hellip;]","og_url":"https:\/\/www.ecolenormalecortot.com\/en\/event\/concours-de-musique-de-chambre-2025\/","og_site_name":"Ecole Normale de Musique de Paris","article_modified_time":"2025-05-07T09:54:23+00:00","og_image":[{"width":2560,"height":1707,"url":"https:\/\/www.ecolenormalecortot.com\/wp-content\/uploads\/2025\/04\/LD-20250116-0055-scaled-2.jpg","type":"image\/jpeg"}],"twitter_card":"summary_large_image","twitter_misc":{"Est. reading time":"1 minute"},"schema":{"@context":"https:\/\/schema.org","@graph":[{"@type":"WebPage","@id":"https:\/\/www.ecolenormalecortot.com\/en\/event\/concours-de-musique-de-chambre-2025\/","url":"https:\/\/www.ecolenormalecortot.com\/en\/event\/concours-de-musique-de-chambre-2025\/","name":"Concours de musique de chambre 2025 - Ecole Normale de Musique de Paris","isPartOf":{"@id":"https:\/\/www.ecolenormalecortot.com\/en\/#website"},"primaryImageOfPage":{"@id":"https:\/\/www.ecolenormalecortot.com\/en\/event\/concours-de-musique-de-chambre-2025\/#primaryimage"},"image":{"@id":"https:\/\/www.ecolenormalecortot.com\/en\/event\/concours-de-musique-de-chambre-2025\/#primaryimage"},"thumbnailUrl":"https:\/\/www.ecolenormalecortot.com\/wp-content\/uploads\/2025\/04\/LD-20250116-0055-scaled-2.jpg","datePublished":"2025-04-07T15:52:49+00:00","dateModified":"2025-05-07T09:54:23+00:00","breadcrumb":{"@id":"https:\/\/www.ecolenormalecortot.com\/en\/event\/concours-de-musique-de-chambre-2025\/#breadcrumb"},"inLanguage":"en-US","potentialAction":[{"@type":"ReadAction","target":["https:\/\/www.ecolenormalecortot.com\/en\/event\/concours-de-musique-de-chambre-2025\/"]}]},{"@type":"ImageObject","inLanguage":"en-US","@id":"https:\/\/www.ecolenormalecortot.com\/en\/event\/concours-de-musique-de-chambre-2025\/#primaryimage","url":"https:\/\/www.ecolenormalecortot.com\/wp-content\/uploads\/2025\/04\/LD-20250116-0055-scaled-2.jpg","contentUrl":"https:\/\/www.ecolenormalecortot.com\/wp-content\/uploads\/2025\/04\/LD-20250116-0055-scaled-2.jpg","width":2560,"height":1707},{"@type":"BreadcrumbList","@id":"https:\/\/www.ecolenormalecortot.com\/en\/event\/concours-de-musique-de-chambre-2025\/#breadcrumb","itemListElement":[{"@type":"ListItem","position":1,"name":"Accueil","item":"https:\/\/www.ecolenormalecortot.com\/en\/"},{"@type":"ListItem","position":2,"name":"\u00c9v\u00e8nements","item":"https:\/\/www.ecolenormalecortot.com\/en\/event\/"},{"@type":"ListItem","position":3,"name":"Concours de musique de chambre 2025"}]},{"@type":"WebSite","@id":"https:\/\/www.ecolenormalecortot.com\/en\/#website","url":"https:\/\/www.ecolenormalecortot.com\/en\/","name":"Ecole Normale de Musique de Paris","description":"","publisher":{"@id":"https:\/\/www.ecolenormalecortot.com\/en\/#organization"},"potentialAction":[{"@type":"SearchAction","target":{"@type":"EntryPoint","urlTemplate":"https:\/\/www.ecolenormalecortot.com\/en\/?s={search_term_string}"},"query-input":{"@type":"PropertyValueSpecification","valueRequired":true,"valueName":"search_term_string"}}],"inLanguage":"en-US"},{"@type":"Organization","@id":"https:\/\/www.ecolenormalecortot.com\/en\/#organization","name":"Ecole Normale de Musique de Paris","url":"https:\/\/www.ecolenormalecortot.com\/en\/","logo":{"@type":"ImageObject","inLanguage":"en-US","@id":"https:\/\/www.ecolenormalecortot.com\/en\/#\/schema\/logo\/image\/","url":"https:\/\/www.ecolenormalecortot.com\/wp-content\/uploads\/2023\/02\/android-chrome-512x512-1.png","contentUrl":"https:\/\/www.ecolenormalecortot.com\/wp-content\/uploads\/2023\/02\/android-chrome-512x512-1.png","width":512,"height":512,"caption":"Ecole Normale de Musique de Paris"},"image":{"@id":"https:\/\/www.ecolenormalecortot.com\/en\/#\/schema\/logo\/image\/"}}]}},"_links":{"self":[{"href":"https:\/\/www.ecolenormalecortot.com\/en\/wp-json\/wp\/v2\/event\/9899","targetHints":{"allow":["GET"]}}],"collection":[{"href":"https:\/\/www.ecolenormalecortot.com\/en\/wp-json\/wp\/v2\/event"}],"about":[{"href":"https:\/\/www.ecolenormalecortot.com\/en\/wp-json\/wp\/v2\/types\/event"}],"wp:featuredmedia":[{"embeddable":true,"href":"https:\/\/www.ecolenormalecortot.com\/en\/wp-json\/wp\/v2\/media\/9897"}],"wp:attachment":[{"href":"https:\/\/www.ecolenormalecortot.com\/en\/wp-json\/wp\/v2\/media?parent=9899"}],"wp:term":[{"taxonomy":"event_category","embeddable":true,"href":"https:\/\/www.ecolenormalecortot.com\/en\/wp-json\/wp\/v2\/event_category?post=9899"}],"curies":[{"name":"wp","href":"https:\/\/api.w.org\/{rel}","templated":true}]}}

<p>L’École Normale de Musique de Paris vous invite à venir découvrir ses étudiants en dernière année de Musique de chambre. Une occasion unique d’écouter ces jeunes musiciens passionnés et prometteurs, au sommet de leur parcours artistique. </p>



<p>Attention, l’entrée du public s’effectue par l’École Normale de Musique de Paris, au 114bis Boulevard Malesherbes.</p>



<p></p>



<h3 class="wp-block-heading">Programme mardi 3 juin</h3>



<p>09h00 &#8211; 11h00 : Classe de Monsieur LOUWERSE</p>



<p>11h00 &#8211; 18h00 : Classe de Madame PATARCEC</p>



<p></p>



<p></p>



<h3 class="wp-block-heading">Programme mercredi 4 juin</h3>



<p>09h00 &#8211; 15h30 : Classe de Madame PATARCEC</p>



<p>16h00 &#8211; 18h00 : Classe de Monsieur JULIEN</p>



<p></p>



<h3 class="wp-block-heading">Programme jeudi 6 juin</h3>



<p>09h00 &#8211; 11h00 : Classe de Madame GERNAY</p>



<p>11h00 &#8211; 18h00 : Classe de Monsieur MONTAG</p>

<p>L’École Normale de Musique de Paris vous invite à venir découvrir ses étudiants en dernière année de Musique de chambre. [&hellip;]</p>

Entrée libre

<!-- This site is optimized with the Yoast SEO plugin v27.5 - https://yoast.com/product/yoast-seo-wordpress/ -->
<title>Concours de musique de chambre 2025 - Ecole Normale de Musique de Paris</title>
<meta name="robots" content="index, follow, max-snippet:-1, max-image-preview:large, max-video-preview:-1" />
<link rel="canonical" href="https://www.ecolenormalecortot.com/en/event/concours-de-musique-de-chambre-2025/" />
<meta property="og:locale" content="en_US" />
<meta property="og:type" content="article" />
<meta property="og:title" content="Concours de musique de chambre 2025 - Ecole Normale de Musique de Paris" />
<meta property="og:description" content="L’École Normale de Musique de Paris vous invite à venir découvrir ses étudiants en dernière année de Musique de chambre. [&hellip;]" />
<meta property="og:url" content="https://www.ecolenormalecortot.com/en/event/concours-de-musique-de-chambre-2025/" />
<meta property="og:site_name" content="Ecole Normale de Musique de Paris" />
<meta property="article:modified_time" content="2025-05-07T09:54:23+00:00" />
<meta property="og:image" content="https://www.ecolenormalecortot.com/wp-content/uploads/2025/04/LD-20250116-0055-scaled-2.jpg" />
	<meta property="og:image:width" content="2560" />
	<meta property="og:image:height" content="1707" />
	<meta property="og:image:type" content="image/jpeg" />
<meta name="twitter:card" content="summary_large_image" />
<meta name="twitter:label1" content="Est. reading time" />
	<meta name="twitter:data1" content="1 minute" />
<script type="application/ld+json" class="yoast-schema-graph">{"@context":"https:\/\/schema.org","@graph":[{"@type":"WebPage","@id":"https:\/\/www.ecolenormalecortot.com\/en\/event\/concours-de-musique-de-chambre-2025\/","url":"https:\/\/www.ecolenormalecortot.com\/en\/event\/concours-de-musique-de-chambre-2025\/","name":"Concours de musique de chambre 2025 - Ecole Normale de Musique de Paris","isPartOf":{"@id":"https:\/\/www.ecolenormalecortot.com\/en\/#website"},"primaryImageOfPage":{"@id":"https:\/\/www.ecolenormalecortot.com\/en\/event\/concours-de-musique-de-chambre-2025\/#primaryimage"},"image":{"@id":"https:\/\/www.ecolenormalecortot.com\/en\/event\/concours-de-musique-de-chambre-2025\/#primaryimage"},"thumbnailUrl":"https:\/\/www.ecolenormalecortot.com\/wp-content\/uploads\/2025\/04\/LD-20250116-0055-scaled-2.jpg","datePublished":"2025-04-07T15:52:49+00:00","dateModified":"2025-05-07T09:54:23+00:00","breadcrumb":{"@id":"https:\/\/www.ecolenormalecortot.com\/en\/event\/concours-de-musique-de-chambre-2025\/#breadcrumb"},"inLanguage":"en-US","potentialAction":[{"@type":"ReadAction","target":["https:\/\/www.ecolenormalecortot.com\/en\/event\/concours-de-musique-de-chambre-2025\/"]}]},{"@type":"ImageObject","inLanguage":"en-US","@id":"https:\/\/www.ecolenormalecortot.com\/en\/event\/concours-de-musique-de-chambre-2025\/#primaryimage","url":"https:\/\/www.ecolenormalecortot.com\/wp-content\/uploads\/2025\/04\/LD-20250116-0055-scaled-2.jpg","contentUrl":"https:\/\/www.ecolenormalecortot.com\/wp-content\/uploads\/2025\/04\/LD-20250116-0055-scaled-2.jpg","width":2560,"height":1707},{"@type":"BreadcrumbList","@id":"https:\/\/www.ecolenormalecortot.com\/en\/event\/concours-de-musique-de-chambre-2025\/#breadcrumb","itemListElement":[{"@type":"ListItem","position":1,"name":"Accueil","item":"https:\/\/www.ecolenormalecortot.com\/en\/"},{"@type":"ListItem","position":2,"name":"Évènements","item":"https:\/\/www.ecolenormalecortot.com\/en\/event\/"},{"@type":"ListItem","position":3,"name":"Concours de musique de chambre 2025"}]},{"@type":"WebSite","@id":"https:\/\/www.ecolenormalecortot.com\/en\/#website","url":"https:\/\/www.ecolenormalecortot.com\/en\/","name":"Ecole Normale de Musique de Paris","description":"","publisher":{"@id":"https:\/\/www.ecolenormalecortot.com\/en\/#organization"},"potentialAction":[{"@type":"SearchAction","target":{"@type":"EntryPoint","urlTemplate":"https:\/\/www.ecolenormalecortot.com\/en\/?s={search_term_string}"},"query-input":{"@type":"PropertyValueSpecification","valueRequired":true,"valueName":"search_term_string"}}],"inLanguage":"en-US"},{"@type":"Organization","@id":"https:\/\/www.ecolenormalecortot.com\/en\/#organization","name":"Ecole Normale de Musique de Paris","url":"https:\/\/www.ecolenormalecortot.com\/en\/","logo":{"@type":"ImageObject","inLanguage":"en-US","@id":"https:\/\/www.ecolenormalecortot.com\/en\/#\/schema\/logo\/image\/","url":"https:\/\/www.ecolenormalecortot.com\/wp-content\/uploads\/2023\/02\/android-chrome-512x512-1.png","contentUrl":"https:\/\/www.ecolenormalecortot.com\/wp-content\/uploads\/2023\/02\/android-chrome-512x512-1.png","width":512,"height":512,"caption":"Ecole Normale de Musique de Paris"},"image":{"@id":"https:\/\/www.ecolenormalecortot.com\/en\/#\/schema\/logo\/image\/"}}]}</script>
<!-- / Yoast SEO plugin. -->

L’École Normale de Musique de Paris vous invite à venir découvrir ses étudiants en dernière année de Musique de chambre. [&hellip;]

Évènements
