{"id":5093,"date":"2024-01-22T17:09:03","date_gmt":"2024-01-22T16:09:03","guid":{"rendered":"https:\/\/www.ecolenormalecortot.com\/?post_type=event&#038;p=5093"},"modified":"2024-01-22T17:27:35","modified_gmt":"2024-01-22T16:27:35","slug":"concert-de-midi-et-demi-54","status":"publish","type":"event","link":"https:\/\/www.ecolenormalecortot.com\/en\/event\/concert-de-midi-et-demi-54\/","title":{"rendered":"Midi &#038; Demi Concert"},"content":{"rendered":"","protected":false},"excerpt":{"rendered":"<p>premi\u00e8re partie : Ester de STEFANO, piano |\u00a0CHOPIN<br \/>\ndeuxi\u00e8me partie : Shoya KONO, baryton; Philippa NEUTEBOOM, piano | BERLIOZ, MONTEVERDI, TOSTI, SCHUMANN, FAUR\u00c9, CHAMINADE, SAUZAY, WAGNER, GUASTAVINO, MESSAGER<\/p>\n","protected":false},"featured_media":4504,"template":"","meta":{"_acf_changed":false},"event_category":[],"class_list":["post-5093","event","type-event","status-publish","has-post-thumbnail","hentry"],"acf":{"presentation":"Midi &amp; Demi Concerts are given by the graduates, students from the upper levels and teachers of the \u00c9cole Normale de Musique de Paris.\r\n\r\nThey are organized\u00a0 and introduced by St\u00e9phane Fri\u00e9d\u00e9rich.\r\n\r\n<em>Admission free, no reservation<\/em>","musicians":"<ul>\r\n \t<li><\/li>\r\n<\/ul>","program":"<strong>Ester de STEFANO, piano<\/strong>\r\n<p style=\"padding-left: 40px;\">Fr\u00e9d\u00e9ric CHOPIN\u00a0:\r\n. Berceuse op.57\r\n. Sonate n\u00b02 op. 35<\/p>\r\n&nbsp;\r\n\r\n<strong>Shoya KONO, <\/strong><strong>baryton\r\n<\/strong><strong>Philippa NEUTEBOOM, piano<\/strong>\r\n<p style=\"padding-left: 40px;\">Hector BERLIOZ\u00a0: \u00ab\u00a0Voici des roses \u00bb extrait de <em>La Damnation de Faust<\/em>\r\nClaudio MONTEVERDI\u00a0: \u00ab\u00a0Rosa del Ciel \u00bb extrait d\u2019<em>Orfeo<\/em>\r\nFrancesco Paolo TOSTI\u00a0: Rosa\r\nRobert SCHUMANN\u00a0: Die Rose, die Lilie, die Taube, die Sonne, extraits des <em>Dichterliebe-Lieder<\/em> op.48\r\nGabriel FAUR\u00c9 : La Rose op.51 n\u00b04\r\nC\u00e9cile CHAMINADE\u00a0: Mignonne, allons voir si la rose\u2026\r\nEug\u00e8ne SAUZAY\u00a0: Mignonne, allons voir si la rose\u2026\r\nRichard WAGNER\u00a0: Mignonne, allons voir si la rose\u2026\r\nCarlos GUASTAVINO\u00a0: La Rosea y el sauce\r\nAndr\u00e9 MESSAGER\u00a0: \u00ab La Rose rouge \u00bb, extrait de <em>Monsieur Beaucaire<\/em><\/p>\r\n&nbsp;","host":"\u00c9cole Normale de Musique de Paris","date":"2024-02-29 00:00:00","time_start":"12:30:00","time_end":"13:30:00","end_date":null,"location_name":"Salle Cortot","location_address":"78 rue Cardinet 75017 Paris","phone":"01 47 63 47 48","link":[""],"booking_link":"","price_from":"0","hide_price":false,"teachers":null,"event_type":"","datetime":null,"end_datetime":null,"booking_infos":"","source_post_id":""},"yoast_head":"<!-- This site is optimized with the Yoast SEO plugin v27.5 - https:\/\/yoast.com\/product\/yoast-seo-wordpress\/ -->\n<title>Midi &amp; Demi Concert - Ecole Normale de Musique de Paris<\/title>\n<meta name=\"robots\" content=\"index, follow, max-snippet:-1, max-image-preview:large, max-video-preview:-1\" \/>\n<link rel=\"canonical\" href=\"https:\/\/www.ecolenormalecortot.com\/en\/event\/concert-de-midi-et-demi-54\/\" \/>\n<meta property=\"og:locale\" content=\"en_US\" \/>\n<meta property=\"og:type\" content=\"article\" \/>\n<meta property=\"og:title\" content=\"Midi &amp; Demi Concert - Ecole Normale de Musique de Paris\" \/>\n<meta property=\"og:description\" content=\"premi\u00e8re partie : Ester de STEFANO, piano |\u00a0CHOPIN deuxi\u00e8me partie : Shoya KONO, baryton; Philippa NEUTEBOOM, piano | BERLIOZ, MONTEVERDI, TOSTI, SCHUMANN, FAUR\u00c9, CHAMINADE, SAUZAY, WAGNER, GUASTAVINO, MESSAGER\" \/>\n<meta property=\"og:url\" content=\"https:\/\/www.ecolenormalecortot.com\/en\/event\/concert-de-midi-et-demi-54\/\" \/>\n<meta property=\"og:site_name\" content=\"Ecole Normale de Musique de Paris\" \/>\n<meta property=\"article:modified_time\" content=\"2024-01-22T16:27:35+00:00\" \/>\n<meta property=\"og:image\" content=\"https:\/\/www.ecolenormalecortot.com\/wp-content\/uploads\/2023\/10\/visuel-2.jpg\" \/>\n\t<meta property=\"og:image:width\" content=\"635\" \/>\n\t<meta property=\"og:image:height\" content=\"400\" \/>\n\t<meta property=\"og:image:type\" content=\"image\/jpeg\" \/>\n<meta name=\"twitter:card\" content=\"summary_large_image\" \/>\n<script type=\"application\/ld+json\" class=\"yoast-schema-graph\">{\"@context\":\"https:\\\/\\\/schema.org\",\"@graph\":[{\"@type\":\"WebPage\",\"@id\":\"https:\\\/\\\/www.ecolenormalecortot.com\\\/en\\\/event\\\/concert-de-midi-et-demi-54\\\/\",\"url\":\"https:\\\/\\\/www.ecolenormalecortot.com\\\/en\\\/event\\\/concert-de-midi-et-demi-54\\\/\",\"name\":\"Midi & Demi Concert - Ecole Normale de Musique de Paris\",\"isPartOf\":{\"@id\":\"https:\\\/\\\/www.ecolenormalecortot.com\\\/en\\\/#website\"},\"primaryImageOfPage\":{\"@id\":\"https:\\\/\\\/www.ecolenormalecortot.com\\\/en\\\/event\\\/concert-de-midi-et-demi-54\\\/#primaryimage\"},\"image\":{\"@id\":\"https:\\\/\\\/www.ecolenormalecortot.com\\\/en\\\/event\\\/concert-de-midi-et-demi-54\\\/#primaryimage\"},\"thumbnailUrl\":\"https:\\\/\\\/www.ecolenormalecortot.com\\\/wp-content\\\/uploads\\\/2023\\\/10\\\/visuel-2.jpg\",\"datePublished\":\"2024-01-22T16:09:03+00:00\",\"dateModified\":\"2024-01-22T16:27:35+00:00\",\"breadcrumb\":{\"@id\":\"https:\\\/\\\/www.ecolenormalecortot.com\\\/en\\\/event\\\/concert-de-midi-et-demi-54\\\/#breadcrumb\"},\"inLanguage\":\"en-US\",\"potentialAction\":[{\"@type\":\"ReadAction\",\"target\":[\"https:\\\/\\\/www.ecolenormalecortot.com\\\/en\\\/event\\\/concert-de-midi-et-demi-54\\\/\"]}]},{\"@type\":\"ImageObject\",\"inLanguage\":\"en-US\",\"@id\":\"https:\\\/\\\/www.ecolenormalecortot.com\\\/en\\\/event\\\/concert-de-midi-et-demi-54\\\/#primaryimage\",\"url\":\"https:\\\/\\\/www.ecolenormalecortot.com\\\/wp-content\\\/uploads\\\/2023\\\/10\\\/visuel-2.jpg\",\"contentUrl\":\"https:\\\/\\\/www.ecolenormalecortot.com\\\/wp-content\\\/uploads\\\/2023\\\/10\\\/visuel-2.jpg\",\"width\":635,\"height\":400},{\"@type\":\"BreadcrumbList\",\"@id\":\"https:\\\/\\\/www.ecolenormalecortot.com\\\/en\\\/event\\\/concert-de-midi-et-demi-54\\\/#breadcrumb\",\"itemListElement\":[{\"@type\":\"ListItem\",\"position\":1,\"name\":\"Accueil\",\"item\":\"https:\\\/\\\/www.ecolenormalecortot.com\\\/en\\\/\"},{\"@type\":\"ListItem\",\"position\":2,\"name\":\"\u00c9v\u00e8nements\",\"item\":\"https:\\\/\\\/www.ecolenormalecortot.com\\\/en\\\/event\\\/\"},{\"@type\":\"ListItem\",\"position\":3,\"name\":\"Midi &#038; Demi Concert\"}]},{\"@type\":\"WebSite\",\"@id\":\"https:\\\/\\\/www.ecolenormalecortot.com\\\/en\\\/#website\",\"url\":\"https:\\\/\\\/www.ecolenormalecortot.com\\\/en\\\/\",\"name\":\"Ecole Normale de Musique de Paris\",\"description\":\"\",\"publisher\":{\"@id\":\"https:\\\/\\\/www.ecolenormalecortot.com\\\/en\\\/#organization\"},\"potentialAction\":[{\"@type\":\"SearchAction\",\"target\":{\"@type\":\"EntryPoint\",\"urlTemplate\":\"https:\\\/\\\/www.ecolenormalecortot.com\\\/en\\\/?s={search_term_string}\"},\"query-input\":{\"@type\":\"PropertyValueSpecification\",\"valueRequired\":true,\"valueName\":\"search_term_string\"}}],\"inLanguage\":\"en-US\"},{\"@type\":\"Organization\",\"@id\":\"https:\\\/\\\/www.ecolenormalecortot.com\\\/en\\\/#organization\",\"name\":\"Ecole Normale de Musique de Paris\",\"url\":\"https:\\\/\\\/www.ecolenormalecortot.com\\\/en\\\/\",\"logo\":{\"@type\":\"ImageObject\",\"inLanguage\":\"en-US\",\"@id\":\"https:\\\/\\\/www.ecolenormalecortot.com\\\/en\\\/#\\\/schema\\\/logo\\\/image\\\/\",\"url\":\"https:\\\/\\\/www.ecolenormalecortot.com\\\/wp-content\\\/uploads\\\/2023\\\/02\\\/android-chrome-512x512-1.png\",\"contentUrl\":\"https:\\\/\\\/www.ecolenormalecortot.com\\\/wp-content\\\/uploads\\\/2023\\\/02\\\/android-chrome-512x512-1.png\",\"width\":512,\"height\":512,\"caption\":\"Ecole Normale de Musique de Paris\"},\"image\":{\"@id\":\"https:\\\/\\\/www.ecolenormalecortot.com\\\/en\\\/#\\\/schema\\\/logo\\\/image\\\/\"}}]}<\/script>\n<!-- \/ Yoast SEO plugin. -->","yoast_head_json":{"title":"Midi & Demi Concert - Ecole Normale de Musique de Paris","robots":{"index":"index","follow":"follow","max-snippet":"max-snippet:-1","max-image-preview":"max-image-preview:large","max-video-preview":"max-video-preview:-1"},"canonical":"https:\/\/www.ecolenormalecortot.com\/en\/event\/concert-de-midi-et-demi-54\/","og_locale":"en_US","og_type":"article","og_title":"Midi & Demi Concert - Ecole Normale de Musique de Paris","og_description":"premi\u00e8re partie : Ester de STEFANO, piano |\u00a0CHOPIN deuxi\u00e8me partie : Shoya KONO, baryton; Philippa NEUTEBOOM, piano | BERLIOZ, MONTEVERDI, TOSTI, SCHUMANN, FAUR\u00c9, CHAMINADE, SAUZAY, WAGNER, GUASTAVINO, MESSAGER","og_url":"https:\/\/www.ecolenormalecortot.com\/en\/event\/concert-de-midi-et-demi-54\/","og_site_name":"Ecole Normale de Musique de Paris","article_modified_time":"2024-01-22T16:27:35+00:00","og_image":[{"width":635,"height":400,"url":"https:\/\/www.ecolenormalecortot.com\/wp-content\/uploads\/2023\/10\/visuel-2.jpg","type":"image\/jpeg"}],"twitter_card":"summary_large_image","schema":{"@context":"https:\/\/schema.org","@graph":[{"@type":"WebPage","@id":"https:\/\/www.ecolenormalecortot.com\/en\/event\/concert-de-midi-et-demi-54\/","url":"https:\/\/www.ecolenormalecortot.com\/en\/event\/concert-de-midi-et-demi-54\/","name":"Midi & Demi Concert - Ecole Normale de Musique de Paris","isPartOf":{"@id":"https:\/\/www.ecolenormalecortot.com\/en\/#website"},"primaryImageOfPage":{"@id":"https:\/\/www.ecolenormalecortot.com\/en\/event\/concert-de-midi-et-demi-54\/#primaryimage"},"image":{"@id":"https:\/\/www.ecolenormalecortot.com\/en\/event\/concert-de-midi-et-demi-54\/#primaryimage"},"thumbnailUrl":"https:\/\/www.ecolenormalecortot.com\/wp-content\/uploads\/2023\/10\/visuel-2.jpg","datePublished":"2024-01-22T16:09:03+00:00","dateModified":"2024-01-22T16:27:35+00:00","breadcrumb":{"@id":"https:\/\/www.ecolenormalecortot.com\/en\/event\/concert-de-midi-et-demi-54\/#breadcrumb"},"inLanguage":"en-US","potentialAction":[{"@type":"ReadAction","target":["https:\/\/www.ecolenormalecortot.com\/en\/event\/concert-de-midi-et-demi-54\/"]}]},{"@type":"ImageObject","inLanguage":"en-US","@id":"https:\/\/www.ecolenormalecortot.com\/en\/event\/concert-de-midi-et-demi-54\/#primaryimage","url":"https:\/\/www.ecolenormalecortot.com\/wp-content\/uploads\/2023\/10\/visuel-2.jpg","contentUrl":"https:\/\/www.ecolenormalecortot.com\/wp-content\/uploads\/2023\/10\/visuel-2.jpg","width":635,"height":400},{"@type":"BreadcrumbList","@id":"https:\/\/www.ecolenormalecortot.com\/en\/event\/concert-de-midi-et-demi-54\/#breadcrumb","itemListElement":[{"@type":"ListItem","position":1,"name":"Accueil","item":"https:\/\/www.ecolenormalecortot.com\/en\/"},{"@type":"ListItem","position":2,"name":"\u00c9v\u00e8nements","item":"https:\/\/www.ecolenormalecortot.com\/en\/event\/"},{"@type":"ListItem","position":3,"name":"Midi &#038; Demi Concert"}]},{"@type":"WebSite","@id":"https:\/\/www.ecolenormalecortot.com\/en\/#website","url":"https:\/\/www.ecolenormalecortot.com\/en\/","name":"Ecole Normale de Musique de Paris","description":"","publisher":{"@id":"https:\/\/www.ecolenormalecortot.com\/en\/#organization"},"potentialAction":[{"@type":"SearchAction","target":{"@type":"EntryPoint","urlTemplate":"https:\/\/www.ecolenormalecortot.com\/en\/?s={search_term_string}"},"query-input":{"@type":"PropertyValueSpecification","valueRequired":true,"valueName":"search_term_string"}}],"inLanguage":"en-US"},{"@type":"Organization","@id":"https:\/\/www.ecolenormalecortot.com\/en\/#organization","name":"Ecole Normale de Musique de Paris","url":"https:\/\/www.ecolenormalecortot.com\/en\/","logo":{"@type":"ImageObject","inLanguage":"en-US","@id":"https:\/\/www.ecolenormalecortot.com\/en\/#\/schema\/logo\/image\/","url":"https:\/\/www.ecolenormalecortot.com\/wp-content\/uploads\/2023\/02\/android-chrome-512x512-1.png","contentUrl":"https:\/\/www.ecolenormalecortot.com\/wp-content\/uploads\/2023\/02\/android-chrome-512x512-1.png","width":512,"height":512,"caption":"Ecole Normale de Musique de Paris"},"image":{"@id":"https:\/\/www.ecolenormalecortot.com\/en\/#\/schema\/logo\/image\/"}}]}},"_links":{"self":[{"href":"https:\/\/www.ecolenormalecortot.com\/en\/wp-json\/wp\/v2\/event\/5093","targetHints":{"allow":["GET"]}}],"collection":[{"href":"https:\/\/www.ecolenormalecortot.com\/en\/wp-json\/wp\/v2\/event"}],"about":[{"href":"https:\/\/www.ecolenormalecortot.com\/en\/wp-json\/wp\/v2\/types\/event"}],"wp:featuredmedia":[{"embeddable":true,"href":"https:\/\/www.ecolenormalecortot.com\/en\/wp-json\/wp\/v2\/media\/4504"}],"wp:attachment":[{"href":"https:\/\/www.ecolenormalecortot.com\/en\/wp-json\/wp\/v2\/media?parent=5093"}],"wp:term":[{"taxonomy":"event_category","embeddable":true,"href":"https:\/\/www.ecolenormalecortot.com\/en\/wp-json\/wp\/v2\/event_category?post=5093"}],"curies":[{"name":"wp","href":"https:\/\/api.w.org\/{rel}","templated":true}]}}

<p>première partie : Ester de STEFANO, piano | CHOPIN<br />
deuxième partie : Shoya KONO, baryton; Philippa NEUTEBOOM, piano | BERLIOZ, MONTEVERDI, TOSTI, SCHUMANN, FAURÉ, CHAMINADE, SAUZAY, WAGNER, GUASTAVINO, MESSAGER</p>

Midi &amp; Demi Concerts are given by the graduates, students from the upper levels and teachers of the École Normale de Musique de Paris.

They are organized  and introduced by Stéphane Friédérich.

<em>Admission free, no reservation</em>

<strong>Ester de STEFANO, piano</strong>
<p style="padding-left: 40px;">Frédéric CHOPIN :
. Berceuse op.57
. Sonate n°2 op. 35</p>
&nbsp;

<strong>Shoya KONO, </strong><strong>baryton
</strong><strong>Philippa NEUTEBOOM, piano</strong>
<p style="padding-left: 40px;">Hector BERLIOZ : « Voici des roses » extrait de <em>La Damnation de Faust</em>
Claudio MONTEVERDI : « Rosa del Ciel » extrait d’<em>Orfeo</em>
Francesco Paolo TOSTI : Rosa
Robert SCHUMANN : Die Rose, die Lilie, die Taube, die Sonne, extraits des <em>Dichterliebe-Lieder</em> op.48
Gabriel FAURÉ : La Rose op.51 n°4
Cécile CHAMINADE : Mignonne, allons voir si la rose…
Eugène SAUZAY : Mignonne, allons voir si la rose…
Richard WAGNER : Mignonne, allons voir si la rose…
Carlos GUASTAVINO : La Rosea y el sauce
André MESSAGER : « La Rose rouge », extrait de <em>Monsieur Beaucaire</em></p>
&nbsp;

École Normale de Musique de Paris

<!-- This site is optimized with the Yoast SEO plugin v27.5 - https://yoast.com/product/yoast-seo-wordpress/ -->
<title>Midi &amp; Demi Concert - Ecole Normale de Musique de Paris</title>
<meta name="robots" content="index, follow, max-snippet:-1, max-image-preview:large, max-video-preview:-1" />
<link rel="canonical" href="https://www.ecolenormalecortot.com/en/event/concert-de-midi-et-demi-54/" />
<meta property="og:locale" content="en_US" />
<meta property="og:type" content="article" />
<meta property="og:title" content="Midi &amp; Demi Concert - Ecole Normale de Musique de Paris" />
<meta property="og:description" content="première partie : Ester de STEFANO, piano | CHOPIN deuxième partie : Shoya KONO, baryton; Philippa NEUTEBOOM, piano | BERLIOZ, MONTEVERDI, TOSTI, SCHUMANN, FAURÉ, CHAMINADE, SAUZAY, WAGNER, GUASTAVINO, MESSAGER" />
<meta property="og:url" content="https://www.ecolenormalecortot.com/en/event/concert-de-midi-et-demi-54/" />
<meta property="og:site_name" content="Ecole Normale de Musique de Paris" />
<meta property="article:modified_time" content="2024-01-22T16:27:35+00:00" />
<meta property="og:image" content="https://www.ecolenormalecortot.com/wp-content/uploads/2023/10/visuel-2.jpg" />
	<meta property="og:image:width" content="635" />
	<meta property="og:image:height" content="400" />
	<meta property="og:image:type" content="image/jpeg" />
<meta name="twitter:card" content="summary_large_image" />
<script type="application/ld+json" class="yoast-schema-graph">{"@context":"https:\/\/schema.org","@graph":[{"@type":"WebPage","@id":"https:\/\/www.ecolenormalecortot.com\/en\/event\/concert-de-midi-et-demi-54\/","url":"https:\/\/www.ecolenormalecortot.com\/en\/event\/concert-de-midi-et-demi-54\/","name":"Midi & Demi Concert - Ecole Normale de Musique de Paris","isPartOf":{"@id":"https:\/\/www.ecolenormalecortot.com\/en\/#website"},"primaryImageOfPage":{"@id":"https:\/\/www.ecolenormalecortot.com\/en\/event\/concert-de-midi-et-demi-54\/#primaryimage"},"image":{"@id":"https:\/\/www.ecolenormalecortot.com\/en\/event\/concert-de-midi-et-demi-54\/#primaryimage"},"thumbnailUrl":"https:\/\/www.ecolenormalecortot.com\/wp-content\/uploads\/2023\/10\/visuel-2.jpg","datePublished":"2024-01-22T16:09:03+00:00","dateModified":"2024-01-22T16:27:35+00:00","breadcrumb":{"@id":"https:\/\/www.ecolenormalecortot.com\/en\/event\/concert-de-midi-et-demi-54\/#breadcrumb"},"inLanguage":"en-US","potentialAction":[{"@type":"ReadAction","target":["https:\/\/www.ecolenormalecortot.com\/en\/event\/concert-de-midi-et-demi-54\/"]}]},{"@type":"ImageObject","inLanguage":"en-US","@id":"https:\/\/www.ecolenormalecortot.com\/en\/event\/concert-de-midi-et-demi-54\/#primaryimage","url":"https:\/\/www.ecolenormalecortot.com\/wp-content\/uploads\/2023\/10\/visuel-2.jpg","contentUrl":"https:\/\/www.ecolenormalecortot.com\/wp-content\/uploads\/2023\/10\/visuel-2.jpg","width":635,"height":400},{"@type":"BreadcrumbList","@id":"https:\/\/www.ecolenormalecortot.com\/en\/event\/concert-de-midi-et-demi-54\/#breadcrumb","itemListElement":[{"@type":"ListItem","position":1,"name":"Accueil","item":"https:\/\/www.ecolenormalecortot.com\/en\/"},{"@type":"ListItem","position":2,"name":"Évènements","item":"https:\/\/www.ecolenormalecortot.com\/en\/event\/"},{"@type":"ListItem","position":3,"name":"Midi &#038; Demi Concert"}]},{"@type":"WebSite","@id":"https:\/\/www.ecolenormalecortot.com\/en\/#website","url":"https:\/\/www.ecolenormalecortot.com\/en\/","name":"Ecole Normale de Musique de Paris","description":"","publisher":{"@id":"https:\/\/www.ecolenormalecortot.com\/en\/#organization"},"potentialAction":[{"@type":"SearchAction","target":{"@type":"EntryPoint","urlTemplate":"https:\/\/www.ecolenormalecortot.com\/en\/?s={search_term_string}"},"query-input":{"@type":"PropertyValueSpecification","valueRequired":true,"valueName":"search_term_string"}}],"inLanguage":"en-US"},{"@type":"Organization","@id":"https:\/\/www.ecolenormalecortot.com\/en\/#organization","name":"Ecole Normale de Musique de Paris","url":"https:\/\/www.ecolenormalecortot.com\/en\/","logo":{"@type":"ImageObject","inLanguage":"en-US","@id":"https:\/\/www.ecolenormalecortot.com\/en\/#\/schema\/logo\/image\/","url":"https:\/\/www.ecolenormalecortot.com\/wp-content\/uploads\/2023\/02\/android-chrome-512x512-1.png","contentUrl":"https:\/\/www.ecolenormalecortot.com\/wp-content\/uploads\/2023\/02\/android-chrome-512x512-1.png","width":512,"height":512,"caption":"Ecole Normale de Musique de Paris"},"image":{"@id":"https:\/\/www.ecolenormalecortot.com\/en\/#\/schema\/logo\/image\/"}}]}</script>
<!-- / Yoast SEO plugin. -->

première partie : Ester de STEFANO, piano | CHOPIN deuxième partie : Shoya KONO, baryton; Philippa NEUTEBOOM, piano | BERLIOZ, MONTEVERDI, TOSTI, SCHUMANN, FAURÉ, CHAMINADE, SAUZAY, WAGNER, GUASTAVINO, MESSAGER

Évènements
