{"id":4276,"date":"2023-09-26T14:32:16","date_gmt":"2023-09-26T12:32:16","guid":{"rendered":"https:\/\/www.ecolenormalecortot.com\/?post_type=event&#038;p=4276"},"modified":"2023-09-26T15:13:14","modified_gmt":"2023-09-26T13:13:14","slug":"midi-demi-concert-4","status":"publish","type":"event","link":"https:\/\/www.ecolenormalecortot.com\/en\/event\/midi-demi-concert-4\/","title":{"rendered":"Midi &#038; Demi Concert"},"content":{"rendered":"","protected":false},"excerpt":{"rendered":"<p>Jui-Ting LIN, flute. Yi-Ting HSU, piano. (Chiara De Grandis, flute) | CLARKE, GAURE, MOZART, SAINT-SA\u00cbNS, HSIAO, MURAMATSU, UEBAYASHI<\/p>\n","protected":false},"featured_media":2105,"template":"","meta":{"_acf_changed":false},"event_category":[],"class_list":["post-4276","event","type-event","status-publish","has-post-thumbnail","hentry"],"acf":{"presentation":"Midi &amp; Demi Concerts are given by the graduates, students from the upper levels and teachers of the \u00c9cole Normale de Musique de Paris.\r\n\r\nThey are organized\u00a0 and introduced by St\u00e9phane Fri\u00e9d\u00e9rich.\r\n\r\n<em>Admission free, no reservation<\/em>","musicians":"","program":"<strong>Jui-Ting LIN, flute<\/strong>\r\n\r\n<strong>Yi-Ting HSU, piano <\/strong>\r\n<p style=\"padding-left: 40px;\"><strong>\u00a0<\/strong>Ian Clarke : Maya pour deux fl\u00fbtes et piano (with Chiara De Grandis, fl\u00fbte)\r\nGabriel Faur\u00e9\u00a0: Morceau de concours pour fl\u00fbte et piano\r\nGabriel Faur\u00e9\u00a0: Sicilienne pour fl\u00fbte et piano op.78\r\nWolfgang Amadeus Mozart\u00a0: Andante en do majeur K.315 et Rondo en r\u00e9 majeur Anh 184 pour fl\u00fbte et piano\r\nCamille Saint-Sa\u00ebns\u00a0: Romance pour fl\u00fbte et piano op. 37\r\nTyzen Hsiao\u00a0: Fantasia pour fl\u00fbte et piano\r\nTakatsugu Muramatsu\u00a0: Earth pour fl\u00fbte et piano\r\nGabriel Faur\u00e9\u00a0: Fantaisie pour fl\u00fbte et piano op.79\r\nYuko Uebayashi : Town Light pour deux fl\u00fbtes et piano (Chiara De Grandis, fl\u00fbte)<\/p>","host":"\u00c9cole Normale de Musique de Paris","date":"2023-10-12 00:00:00","time_start":"12:30:00","time_end":"13:30:00","end_date":null,"location_name":"Salle Cortot","location_address":"78 rue Cardinet 75017 Paris","phone":"01 47 63 47 48","link":[""],"booking_link":"","price_from":"0","hide_price":false,"teachers":null,"event_type":"","datetime":null,"end_datetime":null,"booking_infos":"","source_post_id":""},"yoast_head":"<!-- This site is optimized with the Yoast SEO plugin v27.5 - https:\/\/yoast.com\/product\/yoast-seo-wordpress\/ -->\n<title>Midi &amp; Demi Concert - Ecole Normale de Musique de Paris<\/title>\n<meta name=\"robots\" content=\"index, follow, max-snippet:-1, max-image-preview:large, max-video-preview:-1\" \/>\n<link rel=\"canonical\" href=\"https:\/\/www.ecolenormalecortot.com\/en\/event\/midi-demi-concert-4\/\" \/>\n<meta property=\"og:locale\" content=\"en_US\" \/>\n<meta property=\"og:type\" content=\"article\" \/>\n<meta property=\"og:title\" content=\"Midi &amp; Demi Concert - Ecole Normale de Musique de Paris\" \/>\n<meta property=\"og:description\" content=\"Jui-Ting LIN, flute. Yi-Ting HSU, piano. (Chiara De Grandis, flute) | CLARKE, GAURE, MOZART, SAINT-SA\u00cbNS, HSIAO, MURAMATSU, UEBAYASHI\" \/>\n<meta property=\"og:url\" content=\"https:\/\/www.ecolenormalecortot.com\/en\/event\/midi-demi-concert-4\/\" \/>\n<meta property=\"og:site_name\" content=\"Ecole Normale de Musique de Paris\" \/>\n<meta property=\"article:modified_time\" content=\"2023-09-26T13:13:14+00:00\" \/>\n<meta property=\"og:image\" content=\"https:\/\/www.ecolenormalecortot.com\/wp-content\/uploads\/2023\/04\/635-x-400-LES-CONCERTS-DE-MIIDI-TRENTE4-1.jpg\" \/>\n\t<meta property=\"og:image:width\" content=\"800\" \/>\n\t<meta property=\"og:image:height\" content=\"504\" \/>\n\t<meta property=\"og:image:type\" content=\"image\/jpeg\" \/>\n<meta name=\"twitter:card\" content=\"summary_large_image\" \/>\n<script type=\"application\/ld+json\" class=\"yoast-schema-graph\">{\"@context\":\"https:\\\/\\\/schema.org\",\"@graph\":[{\"@type\":\"WebPage\",\"@id\":\"https:\\\/\\\/www.ecolenormalecortot.com\\\/en\\\/event\\\/midi-demi-concert-4\\\/\",\"url\":\"https:\\\/\\\/www.ecolenormalecortot.com\\\/en\\\/event\\\/midi-demi-concert-4\\\/\",\"name\":\"Midi & Demi Concert - Ecole Normale de Musique de Paris\",\"isPartOf\":{\"@id\":\"https:\\\/\\\/www.ecolenormalecortot.com\\\/en\\\/#website\"},\"primaryImageOfPage\":{\"@id\":\"https:\\\/\\\/www.ecolenormalecortot.com\\\/en\\\/event\\\/midi-demi-concert-4\\\/#primaryimage\"},\"image\":{\"@id\":\"https:\\\/\\\/www.ecolenormalecortot.com\\\/en\\\/event\\\/midi-demi-concert-4\\\/#primaryimage\"},\"thumbnailUrl\":\"https:\\\/\\\/www.ecolenormalecortot.com\\\/wp-content\\\/uploads\\\/2023\\\/04\\\/635-x-400-LES-CONCERTS-DE-MIIDI-TRENTE4-1.jpg\",\"datePublished\":\"2023-09-26T12:32:16+00:00\",\"dateModified\":\"2023-09-26T13:13:14+00:00\",\"breadcrumb\":{\"@id\":\"https:\\\/\\\/www.ecolenormalecortot.com\\\/en\\\/event\\\/midi-demi-concert-4\\\/#breadcrumb\"},\"inLanguage\":\"en-US\",\"potentialAction\":[{\"@type\":\"ReadAction\",\"target\":[\"https:\\\/\\\/www.ecolenormalecortot.com\\\/en\\\/event\\\/midi-demi-concert-4\\\/\"]}]},{\"@type\":\"ImageObject\",\"inLanguage\":\"en-US\",\"@id\":\"https:\\\/\\\/www.ecolenormalecortot.com\\\/en\\\/event\\\/midi-demi-concert-4\\\/#primaryimage\",\"url\":\"https:\\\/\\\/www.ecolenormalecortot.com\\\/wp-content\\\/uploads\\\/2023\\\/04\\\/635-x-400-LES-CONCERTS-DE-MIIDI-TRENTE4-1.jpg\",\"contentUrl\":\"https:\\\/\\\/www.ecolenormalecortot.com\\\/wp-content\\\/uploads\\\/2023\\\/04\\\/635-x-400-LES-CONCERTS-DE-MIIDI-TRENTE4-1.jpg\",\"width\":800,\"height\":504,\"caption\":\"1er Cycle Sup\u00e9rieur\"},{\"@type\":\"BreadcrumbList\",\"@id\":\"https:\\\/\\\/www.ecolenormalecortot.com\\\/en\\\/event\\\/midi-demi-concert-4\\\/#breadcrumb\",\"itemListElement\":[{\"@type\":\"ListItem\",\"position\":1,\"name\":\"Accueil\",\"item\":\"https:\\\/\\\/www.ecolenormalecortot.com\\\/en\\\/\"},{\"@type\":\"ListItem\",\"position\":2,\"name\":\"\u00c9v\u00e8nements\",\"item\":\"https:\\\/\\\/www.ecolenormalecortot.com\\\/en\\\/event\\\/\"},{\"@type\":\"ListItem\",\"position\":3,\"name\":\"Midi &#038; Demi Concert\"}]},{\"@type\":\"WebSite\",\"@id\":\"https:\\\/\\\/www.ecolenormalecortot.com\\\/en\\\/#website\",\"url\":\"https:\\\/\\\/www.ecolenormalecortot.com\\\/en\\\/\",\"name\":\"Ecole Normale de Musique de Paris\",\"description\":\"\",\"publisher\":{\"@id\":\"https:\\\/\\\/www.ecolenormalecortot.com\\\/en\\\/#organization\"},\"potentialAction\":[{\"@type\":\"SearchAction\",\"target\":{\"@type\":\"EntryPoint\",\"urlTemplate\":\"https:\\\/\\\/www.ecolenormalecortot.com\\\/en\\\/?s={search_term_string}\"},\"query-input\":{\"@type\":\"PropertyValueSpecification\",\"valueRequired\":true,\"valueName\":\"search_term_string\"}}],\"inLanguage\":\"en-US\"},{\"@type\":\"Organization\",\"@id\":\"https:\\\/\\\/www.ecolenormalecortot.com\\\/en\\\/#organization\",\"name\":\"Ecole Normale de Musique de Paris\",\"url\":\"https:\\\/\\\/www.ecolenormalecortot.com\\\/en\\\/\",\"logo\":{\"@type\":\"ImageObject\",\"inLanguage\":\"en-US\",\"@id\":\"https:\\\/\\\/www.ecolenormalecortot.com\\\/en\\\/#\\\/schema\\\/logo\\\/image\\\/\",\"url\":\"https:\\\/\\\/www.ecolenormalecortot.com\\\/wp-content\\\/uploads\\\/2023\\\/02\\\/android-chrome-512x512-1.png\",\"contentUrl\":\"https:\\\/\\\/www.ecolenormalecortot.com\\\/wp-content\\\/uploads\\\/2023\\\/02\\\/android-chrome-512x512-1.png\",\"width\":512,\"height\":512,\"caption\":\"Ecole Normale de Musique de Paris\"},\"image\":{\"@id\":\"https:\\\/\\\/www.ecolenormalecortot.com\\\/en\\\/#\\\/schema\\\/logo\\\/image\\\/\"}}]}<\/script>\n<!-- \/ Yoast SEO plugin. -->","yoast_head_json":{"title":"Midi & Demi Concert - Ecole Normale de Musique de Paris","robots":{"index":"index","follow":"follow","max-snippet":"max-snippet:-1","max-image-preview":"max-image-preview:large","max-video-preview":"max-video-preview:-1"},"canonical":"https:\/\/www.ecolenormalecortot.com\/en\/event\/midi-demi-concert-4\/","og_locale":"en_US","og_type":"article","og_title":"Midi & Demi Concert - Ecole Normale de Musique de Paris","og_description":"Jui-Ting LIN, flute. Yi-Ting HSU, piano. (Chiara De Grandis, flute) | CLARKE, GAURE, MOZART, SAINT-SA\u00cbNS, HSIAO, MURAMATSU, UEBAYASHI","og_url":"https:\/\/www.ecolenormalecortot.com\/en\/event\/midi-demi-concert-4\/","og_site_name":"Ecole Normale de Musique de Paris","article_modified_time":"2023-09-26T13:13:14+00:00","og_image":[{"width":800,"height":504,"url":"https:\/\/www.ecolenormalecortot.com\/wp-content\/uploads\/2023\/04\/635-x-400-LES-CONCERTS-DE-MIIDI-TRENTE4-1.jpg","type":"image\/jpeg"}],"twitter_card":"summary_large_image","schema":{"@context":"https:\/\/schema.org","@graph":[{"@type":"WebPage","@id":"https:\/\/www.ecolenormalecortot.com\/en\/event\/midi-demi-concert-4\/","url":"https:\/\/www.ecolenormalecortot.com\/en\/event\/midi-demi-concert-4\/","name":"Midi & Demi Concert - Ecole Normale de Musique de Paris","isPartOf":{"@id":"https:\/\/www.ecolenormalecortot.com\/en\/#website"},"primaryImageOfPage":{"@id":"https:\/\/www.ecolenormalecortot.com\/en\/event\/midi-demi-concert-4\/#primaryimage"},"image":{"@id":"https:\/\/www.ecolenormalecortot.com\/en\/event\/midi-demi-concert-4\/#primaryimage"},"thumbnailUrl":"https:\/\/www.ecolenormalecortot.com\/wp-content\/uploads\/2023\/04\/635-x-400-LES-CONCERTS-DE-MIIDI-TRENTE4-1.jpg","datePublished":"2023-09-26T12:32:16+00:00","dateModified":"2023-09-26T13:13:14+00:00","breadcrumb":{"@id":"https:\/\/www.ecolenormalecortot.com\/en\/event\/midi-demi-concert-4\/#breadcrumb"},"inLanguage":"en-US","potentialAction":[{"@type":"ReadAction","target":["https:\/\/www.ecolenormalecortot.com\/en\/event\/midi-demi-concert-4\/"]}]},{"@type":"ImageObject","inLanguage":"en-US","@id":"https:\/\/www.ecolenormalecortot.com\/en\/event\/midi-demi-concert-4\/#primaryimage","url":"https:\/\/www.ecolenormalecortot.com\/wp-content\/uploads\/2023\/04\/635-x-400-LES-CONCERTS-DE-MIIDI-TRENTE4-1.jpg","contentUrl":"https:\/\/www.ecolenormalecortot.com\/wp-content\/uploads\/2023\/04\/635-x-400-LES-CONCERTS-DE-MIIDI-TRENTE4-1.jpg","width":800,"height":504,"caption":"1er Cycle Sup\u00e9rieur"},{"@type":"BreadcrumbList","@id":"https:\/\/www.ecolenormalecortot.com\/en\/event\/midi-demi-concert-4\/#breadcrumb","itemListElement":[{"@type":"ListItem","position":1,"name":"Accueil","item":"https:\/\/www.ecolenormalecortot.com\/en\/"},{"@type":"ListItem","position":2,"name":"\u00c9v\u00e8nements","item":"https:\/\/www.ecolenormalecortot.com\/en\/event\/"},{"@type":"ListItem","position":3,"name":"Midi &#038; Demi Concert"}]},{"@type":"WebSite","@id":"https:\/\/www.ecolenormalecortot.com\/en\/#website","url":"https:\/\/www.ecolenormalecortot.com\/en\/","name":"Ecole Normale de Musique de Paris","description":"","publisher":{"@id":"https:\/\/www.ecolenormalecortot.com\/en\/#organization"},"potentialAction":[{"@type":"SearchAction","target":{"@type":"EntryPoint","urlTemplate":"https:\/\/www.ecolenormalecortot.com\/en\/?s={search_term_string}"},"query-input":{"@type":"PropertyValueSpecification","valueRequired":true,"valueName":"search_term_string"}}],"inLanguage":"en-US"},{"@type":"Organization","@id":"https:\/\/www.ecolenormalecortot.com\/en\/#organization","name":"Ecole Normale de Musique de Paris","url":"https:\/\/www.ecolenormalecortot.com\/en\/","logo":{"@type":"ImageObject","inLanguage":"en-US","@id":"https:\/\/www.ecolenormalecortot.com\/en\/#\/schema\/logo\/image\/","url":"https:\/\/www.ecolenormalecortot.com\/wp-content\/uploads\/2023\/02\/android-chrome-512x512-1.png","contentUrl":"https:\/\/www.ecolenormalecortot.com\/wp-content\/uploads\/2023\/02\/android-chrome-512x512-1.png","width":512,"height":512,"caption":"Ecole Normale de Musique de Paris"},"image":{"@id":"https:\/\/www.ecolenormalecortot.com\/en\/#\/schema\/logo\/image\/"}}]}},"_links":{"self":[{"href":"https:\/\/www.ecolenormalecortot.com\/en\/wp-json\/wp\/v2\/event\/4276","targetHints":{"allow":["GET"]}}],"collection":[{"href":"https:\/\/www.ecolenormalecortot.com\/en\/wp-json\/wp\/v2\/event"}],"about":[{"href":"https:\/\/www.ecolenormalecortot.com\/en\/wp-json\/wp\/v2\/types\/event"}],"wp:featuredmedia":[{"embeddable":true,"href":"https:\/\/www.ecolenormalecortot.com\/en\/wp-json\/wp\/v2\/media\/2105"}],"wp:attachment":[{"href":"https:\/\/www.ecolenormalecortot.com\/en\/wp-json\/wp\/v2\/media?parent=4276"}],"wp:term":[{"taxonomy":"event_category","embeddable":true,"href":"https:\/\/www.ecolenormalecortot.com\/en\/wp-json\/wp\/v2\/event_category?post=4276"}],"curies":[{"name":"wp","href":"https:\/\/api.w.org\/{rel}","templated":true}]}}

<p>Jui-Ting LIN, flute. Yi-Ting HSU, piano. (Chiara De Grandis, flute) | CLARKE, GAURE, MOZART, SAINT-SAËNS, HSIAO, MURAMATSU, UEBAYASHI</p>

Midi &amp; Demi Concerts are given by the graduates, students from the upper levels and teachers of the École Normale de Musique de Paris.

They are organized  and introduced by Stéphane Friédérich.

<em>Admission free, no reservation</em>

<strong>Jui-Ting LIN, flute</strong>

<strong>Yi-Ting HSU, piano </strong>
<p style="padding-left: 40px;"><strong> </strong>Ian Clarke : Maya pour deux flûtes et piano (with Chiara De Grandis, flûte)
Gabriel Fauré : Morceau de concours pour flûte et piano
Gabriel Fauré : Sicilienne pour flûte et piano op.78
Wolfgang Amadeus Mozart : Andante en do majeur K.315 et Rondo en ré majeur Anh 184 pour flûte et piano
Camille Saint-Saëns : Romance pour flûte et piano op. 37
Tyzen Hsiao : Fantasia pour flûte et piano
Takatsugu Muramatsu : Earth pour flûte et piano
Gabriel Fauré : Fantaisie pour flûte et piano op.79
Yuko Uebayashi : Town Light pour deux flûtes et piano (Chiara De Grandis, flûte)</p>

École Normale de Musique de Paris

<!-- This site is optimized with the Yoast SEO plugin v27.5 - https://yoast.com/product/yoast-seo-wordpress/ -->
<title>Midi &amp; Demi Concert - Ecole Normale de Musique de Paris</title>
<meta name="robots" content="index, follow, max-snippet:-1, max-image-preview:large, max-video-preview:-1" />
<link rel="canonical" href="https://www.ecolenormalecortot.com/en/event/midi-demi-concert-4/" />
<meta property="og:locale" content="en_US" />
<meta property="og:type" content="article" />
<meta property="og:title" content="Midi &amp; Demi Concert - Ecole Normale de Musique de Paris" />
<meta property="og:description" content="Jui-Ting LIN, flute. Yi-Ting HSU, piano. (Chiara De Grandis, flute) | CLARKE, GAURE, MOZART, SAINT-SAËNS, HSIAO, MURAMATSU, UEBAYASHI" />
<meta property="og:url" content="https://www.ecolenormalecortot.com/en/event/midi-demi-concert-4/" />
<meta property="og:site_name" content="Ecole Normale de Musique de Paris" />
<meta property="article:modified_time" content="2023-09-26T13:13:14+00:00" />
<meta property="og:image" content="https://www.ecolenormalecortot.com/wp-content/uploads/2023/04/635-x-400-LES-CONCERTS-DE-MIIDI-TRENTE4-1.jpg" />
	<meta property="og:image:width" content="800" />
	<meta property="og:image:height" content="504" />
	<meta property="og:image:type" content="image/jpeg" />
<meta name="twitter:card" content="summary_large_image" />
<script type="application/ld+json" class="yoast-schema-graph">{"@context":"https:\/\/schema.org","@graph":[{"@type":"WebPage","@id":"https:\/\/www.ecolenormalecortot.com\/en\/event\/midi-demi-concert-4\/","url":"https:\/\/www.ecolenormalecortot.com\/en\/event\/midi-demi-concert-4\/","name":"Midi & Demi Concert - Ecole Normale de Musique de Paris","isPartOf":{"@id":"https:\/\/www.ecolenormalecortot.com\/en\/#website"},"primaryImageOfPage":{"@id":"https:\/\/www.ecolenormalecortot.com\/en\/event\/midi-demi-concert-4\/#primaryimage"},"image":{"@id":"https:\/\/www.ecolenormalecortot.com\/en\/event\/midi-demi-concert-4\/#primaryimage"},"thumbnailUrl":"https:\/\/www.ecolenormalecortot.com\/wp-content\/uploads\/2023\/04\/635-x-400-LES-CONCERTS-DE-MIIDI-TRENTE4-1.jpg","datePublished":"2023-09-26T12:32:16+00:00","dateModified":"2023-09-26T13:13:14+00:00","breadcrumb":{"@id":"https:\/\/www.ecolenormalecortot.com\/en\/event\/midi-demi-concert-4\/#breadcrumb"},"inLanguage":"en-US","potentialAction":[{"@type":"ReadAction","target":["https:\/\/www.ecolenormalecortot.com\/en\/event\/midi-demi-concert-4\/"]}]},{"@type":"ImageObject","inLanguage":"en-US","@id":"https:\/\/www.ecolenormalecortot.com\/en\/event\/midi-demi-concert-4\/#primaryimage","url":"https:\/\/www.ecolenormalecortot.com\/wp-content\/uploads\/2023\/04\/635-x-400-LES-CONCERTS-DE-MIIDI-TRENTE4-1.jpg","contentUrl":"https:\/\/www.ecolenormalecortot.com\/wp-content\/uploads\/2023\/04\/635-x-400-LES-CONCERTS-DE-MIIDI-TRENTE4-1.jpg","width":800,"height":504,"caption":"1er Cycle Supérieur"},{"@type":"BreadcrumbList","@id":"https:\/\/www.ecolenormalecortot.com\/en\/event\/midi-demi-concert-4\/#breadcrumb","itemListElement":[{"@type":"ListItem","position":1,"name":"Accueil","item":"https:\/\/www.ecolenormalecortot.com\/en\/"},{"@type":"ListItem","position":2,"name":"Évènements","item":"https:\/\/www.ecolenormalecortot.com\/en\/event\/"},{"@type":"ListItem","position":3,"name":"Midi &#038; Demi Concert"}]},{"@type":"WebSite","@id":"https:\/\/www.ecolenormalecortot.com\/en\/#website","url":"https:\/\/www.ecolenormalecortot.com\/en\/","name":"Ecole Normale de Musique de Paris","description":"","publisher":{"@id":"https:\/\/www.ecolenormalecortot.com\/en\/#organization"},"potentialAction":[{"@type":"SearchAction","target":{"@type":"EntryPoint","urlTemplate":"https:\/\/www.ecolenormalecortot.com\/en\/?s={search_term_string}"},"query-input":{"@type":"PropertyValueSpecification","valueRequired":true,"valueName":"search_term_string"}}],"inLanguage":"en-US"},{"@type":"Organization","@id":"https:\/\/www.ecolenormalecortot.com\/en\/#organization","name":"Ecole Normale de Musique de Paris","url":"https:\/\/www.ecolenormalecortot.com\/en\/","logo":{"@type":"ImageObject","inLanguage":"en-US","@id":"https:\/\/www.ecolenormalecortot.com\/en\/#\/schema\/logo\/image\/","url":"https:\/\/www.ecolenormalecortot.com\/wp-content\/uploads\/2023\/02\/android-chrome-512x512-1.png","contentUrl":"https:\/\/www.ecolenormalecortot.com\/wp-content\/uploads\/2023\/02\/android-chrome-512x512-1.png","width":512,"height":512,"caption":"Ecole Normale de Musique de Paris"},"image":{"@id":"https:\/\/www.ecolenormalecortot.com\/en\/#\/schema\/logo\/image\/"}}]}</script>
<!-- / Yoast SEO plugin. -->

Jui-Ting LIN, flute. Yi-Ting HSU, piano. (Chiara De Grandis, flute) | CLARKE, GAURE, MOZART, SAINT-SAËNS, HSIAO, MURAMATSU, UEBAYASHI

1er Cycle Supérieur

Évènements
