{"id":4135,"date":"2023-07-04T15:29:35","date_gmt":"2023-07-04T13:29:35","guid":{"rendered":"https:\/\/www.ecolenormalecortot.com\/?post_type=event&#038;p=4135"},"modified":"2023-07-04T15:31:08","modified_gmt":"2023-07-04T13:31:08","slug":"academie-de-musique-francaise-pour-piano-2","status":"publish","type":"event","link":"https:\/\/www.ecolenormalecortot.com\/en\/event\/academie-de-musique-francaise-pour-piano-2\/","title":{"rendered":"Acad\u00e9mie de Musique Fran\u00e7aise pour Piano"},"content":{"rendered":"","protected":false},"excerpt":{"rendered":"<p>Masterclass de Pascal Rog\u00e9 avec les \u00e9l\u00e8ves de l&#8217;Acad\u00e9mie<br \/>\ndans le cadre du forfait &#8220;auditeur&#8221;<br \/>\ngratuit pour les \u00e9l\u00e8ves de l&#8217;\u00c9cole<\/p>\n","protected":false},"featured_media":4132,"template":"","meta":{"_acf_changed":false},"event_category":[],"class_list":["post-4135","event","type-event","status-publish","has-post-thumbnail","hentry"],"acf":{"presentation":"L'Acad\u00e9mie de Musique Fran\u00e7aise pour Piano se d\u00e9roule \u00e0 l'\u00c9cole normale de musique de Paris et \u00e0 la Salle Cortot du 4 au 8 juillet 2023.\r\nElle est plac\u00e9e sous la direction artistique de Jean-Philippe Collard.\r\n\r\nLe forfait \"auditeur\" a \u00e9t\u00e9 con\u00e7u pour permettre \u00e0 toute personne int\u00e9ress\u00e9e par ce r\u00e9pertoire d\u2019assister aux masterclasses, aux conf\u00e9rences, \u00e0 la visite du mus\u00e9e et au concert final sans \u00eatre un participant actif.\r\n\r\nprogramme :\r\n\r\n<strong>Mardi 4 juillet, Salle Cortot\r\n<\/strong>14h30 : Masterclass de piano de Jacques Rouvier\r\n\r\n<strong>Mercredi 5 juillet, Salle Cortot\r\n<\/strong>14h30 : Masterclass de piano de Pascal Rog\u00e9\r\n17h30 : Conf\u00e9rence de Vincent Warnier : La musique en France ( 1870-1900): H\u00e9ritages\r\n\r\n<strong>Jeudi 6 juillet, Salle Cortot\r\n<\/strong>16h : Conf\u00e9rence de Vincent Warnier : Conf\u00e9rence de Vincent Warnier : La musique en France ( 1900-1930): Horizons\r\n18h : Visite du Mus\u00e9e Marmottan\r\n\r\n<strong>Vendredi 7 juillet, Salle Cortot\r\n<\/strong>14h30 :\u00a0 Masterclass de Jean-Philippe Collard\r\n17h30 : Conf\u00e9rence de Vincent Warnier : Albert Roussel, l\u2019inconnu c\u00e9l\u00e8bre de la musique fran\u00e7aise ?\r\n19h30 : Concert des participants, \u00e9tudiants et professeurs\r\n\r\ntarif : 75\u20ac\r\ntarif r\u00e9duit (\u00e9tudiants d'une \u00e9cole sup\u00e9rieure de musique)\u00a0 35,99\u20ac\r\n\r\n<a href=\"https:\/\/my.weezevent.com\/academie-de-musique-francaise-pour-piano\">S'INSCRIRE<\/a>\r\n\r\ngratuit pour les \u00e9l\u00e8ves de l'\u00c9cole normale de musique de Paris sur pr\u00e9sentation de leur carte d'\u00e9tudiant.\r\n\r\n&nbsp;","musicians":"","program":"","host":"Ecole normale de musique de Paris","date":"2023-07-05 00:00:00","time_start":"14:30:00","time_end":"17:30:00","end_date":null,"location_name":"Salle Cortot","location_address":"78 rue Cardinet","phone":"","link":[""],"booking_link":"https:\/\/my.weezevent.com\/academie-de-musique-francaise-pour-piano","price_from":"35.99","hide_price":false,"teachers":null,"event_type":"","datetime":null,"end_datetime":null,"booking_infos":"","source_post_id":""},"yoast_head":"<!-- This site is optimized with the Yoast SEO plugin v27.5 - https:\/\/yoast.com\/product\/yoast-seo-wordpress\/ -->\n<title>Acad\u00e9mie de Musique Fran\u00e7aise pour Piano - Ecole Normale de Musique de Paris<\/title>\n<meta name=\"robots\" content=\"index, follow, max-snippet:-1, max-image-preview:large, max-video-preview:-1\" \/>\n<link rel=\"canonical\" href=\"https:\/\/www.ecolenormalecortot.com\/en\/event\/academie-de-musique-francaise-pour-piano-2\/\" \/>\n<meta property=\"og:locale\" content=\"en_US\" \/>\n<meta property=\"og:type\" content=\"article\" \/>\n<meta property=\"og:title\" content=\"Acad\u00e9mie de Musique Fran\u00e7aise pour Piano - Ecole Normale de Musique de Paris\" \/>\n<meta property=\"og:description\" content=\"Masterclass de Pascal Rog\u00e9 avec les \u00e9l\u00e8ves de l&#039;Acad\u00e9mie dans le cadre du forfait &quot;auditeur&quot; gratuit pour les \u00e9l\u00e8ves de l&#039;\u00c9cole\" \/>\n<meta property=\"og:url\" content=\"https:\/\/www.ecolenormalecortot.com\/en\/event\/academie-de-musique-francaise-pour-piano-2\/\" \/>\n<meta property=\"og:site_name\" content=\"Ecole Normale de Musique de Paris\" \/>\n<meta property=\"article:modified_time\" content=\"2023-07-04T13:31:08+00:00\" \/>\n<meta property=\"og:image\" content=\"https:\/\/www.ecolenormalecortot.com\/wp-content\/uploads\/2023\/07\/forfait-auditeur-web-2.jpg\" \/>\n\t<meta property=\"og:image:width\" content=\"2000\" \/>\n\t<meta property=\"og:image:height\" content=\"1200\" \/>\n\t<meta property=\"og:image:type\" content=\"image\/jpeg\" \/>\n<meta name=\"twitter:card\" content=\"summary_large_image\" \/>\n<script type=\"application\/ld+json\" class=\"yoast-schema-graph\">{\"@context\":\"https:\\\/\\\/schema.org\",\"@graph\":[{\"@type\":\"WebPage\",\"@id\":\"https:\\\/\\\/www.ecolenormalecortot.com\\\/en\\\/event\\\/academie-de-musique-francaise-pour-piano-2\\\/\",\"url\":\"https:\\\/\\\/www.ecolenormalecortot.com\\\/en\\\/event\\\/academie-de-musique-francaise-pour-piano-2\\\/\",\"name\":\"Acad\u00e9mie de Musique Fran\u00e7aise pour Piano - Ecole Normale de Musique de Paris\",\"isPartOf\":{\"@id\":\"https:\\\/\\\/www.ecolenormalecortot.com\\\/en\\\/#website\"},\"primaryImageOfPage\":{\"@id\":\"https:\\\/\\\/www.ecolenormalecortot.com\\\/en\\\/event\\\/academie-de-musique-francaise-pour-piano-2\\\/#primaryimage\"},\"image\":{\"@id\":\"https:\\\/\\\/www.ecolenormalecortot.com\\\/en\\\/event\\\/academie-de-musique-francaise-pour-piano-2\\\/#primaryimage\"},\"thumbnailUrl\":\"https:\\\/\\\/www.ecolenormalecortot.com\\\/wp-content\\\/uploads\\\/2023\\\/07\\\/forfait-auditeur-web-2.jpg\",\"datePublished\":\"2023-07-04T13:29:35+00:00\",\"dateModified\":\"2023-07-04T13:31:08+00:00\",\"breadcrumb\":{\"@id\":\"https:\\\/\\\/www.ecolenormalecortot.com\\\/en\\\/event\\\/academie-de-musique-francaise-pour-piano-2\\\/#breadcrumb\"},\"inLanguage\":\"en-US\",\"potentialAction\":[{\"@type\":\"ReadAction\",\"target\":[\"https:\\\/\\\/www.ecolenormalecortot.com\\\/en\\\/event\\\/academie-de-musique-francaise-pour-piano-2\\\/\"]}]},{\"@type\":\"ImageObject\",\"inLanguage\":\"en-US\",\"@id\":\"https:\\\/\\\/www.ecolenormalecortot.com\\\/en\\\/event\\\/academie-de-musique-francaise-pour-piano-2\\\/#primaryimage\",\"url\":\"https:\\\/\\\/www.ecolenormalecortot.com\\\/wp-content\\\/uploads\\\/2023\\\/07\\\/forfait-auditeur-web-2.jpg\",\"contentUrl\":\"https:\\\/\\\/www.ecolenormalecortot.com\\\/wp-content\\\/uploads\\\/2023\\\/07\\\/forfait-auditeur-web-2.jpg\",\"width\":2000,\"height\":1200},{\"@type\":\"BreadcrumbList\",\"@id\":\"https:\\\/\\\/www.ecolenormalecortot.com\\\/en\\\/event\\\/academie-de-musique-francaise-pour-piano-2\\\/#breadcrumb\",\"itemListElement\":[{\"@type\":\"ListItem\",\"position\":1,\"name\":\"Accueil\",\"item\":\"https:\\\/\\\/www.ecolenormalecortot.com\\\/en\\\/\"},{\"@type\":\"ListItem\",\"position\":2,\"name\":\"\u00c9v\u00e8nements\",\"item\":\"https:\\\/\\\/www.ecolenormalecortot.com\\\/en\\\/event\\\/\"},{\"@type\":\"ListItem\",\"position\":3,\"name\":\"Acad\u00e9mie de Musique Fran\u00e7aise pour Piano\"}]},{\"@type\":\"WebSite\",\"@id\":\"https:\\\/\\\/www.ecolenormalecortot.com\\\/en\\\/#website\",\"url\":\"https:\\\/\\\/www.ecolenormalecortot.com\\\/en\\\/\",\"name\":\"Ecole Normale de Musique de Paris\",\"description\":\"\",\"publisher\":{\"@id\":\"https:\\\/\\\/www.ecolenormalecortot.com\\\/en\\\/#organization\"},\"potentialAction\":[{\"@type\":\"SearchAction\",\"target\":{\"@type\":\"EntryPoint\",\"urlTemplate\":\"https:\\\/\\\/www.ecolenormalecortot.com\\\/en\\\/?s={search_term_string}\"},\"query-input\":{\"@type\":\"PropertyValueSpecification\",\"valueRequired\":true,\"valueName\":\"search_term_string\"}}],\"inLanguage\":\"en-US\"},{\"@type\":\"Organization\",\"@id\":\"https:\\\/\\\/www.ecolenormalecortot.com\\\/en\\\/#organization\",\"name\":\"Ecole Normale de Musique de Paris\",\"url\":\"https:\\\/\\\/www.ecolenormalecortot.com\\\/en\\\/\",\"logo\":{\"@type\":\"ImageObject\",\"inLanguage\":\"en-US\",\"@id\":\"https:\\\/\\\/www.ecolenormalecortot.com\\\/en\\\/#\\\/schema\\\/logo\\\/image\\\/\",\"url\":\"https:\\\/\\\/www.ecolenormalecortot.com\\\/wp-content\\\/uploads\\\/2023\\\/02\\\/android-chrome-512x512-1.png\",\"contentUrl\":\"https:\\\/\\\/www.ecolenormalecortot.com\\\/wp-content\\\/uploads\\\/2023\\\/02\\\/android-chrome-512x512-1.png\",\"width\":512,\"height\":512,\"caption\":\"Ecole Normale de Musique de Paris\"},\"image\":{\"@id\":\"https:\\\/\\\/www.ecolenormalecortot.com\\\/en\\\/#\\\/schema\\\/logo\\\/image\\\/\"}}]}<\/script>\n<!-- \/ Yoast SEO plugin. -->","yoast_head_json":{"title":"Acad\u00e9mie de Musique Fran\u00e7aise pour Piano - Ecole Normale de Musique de Paris","robots":{"index":"index","follow":"follow","max-snippet":"max-snippet:-1","max-image-preview":"max-image-preview:large","max-video-preview":"max-video-preview:-1"},"canonical":"https:\/\/www.ecolenormalecortot.com\/en\/event\/academie-de-musique-francaise-pour-piano-2\/","og_locale":"en_US","og_type":"article","og_title":"Acad\u00e9mie de Musique Fran\u00e7aise pour Piano - Ecole Normale de Musique de Paris","og_description":"Masterclass de Pascal Rog\u00e9 avec les \u00e9l\u00e8ves de l'Acad\u00e9mie dans le cadre du forfait \"auditeur\" gratuit pour les \u00e9l\u00e8ves de l'\u00c9cole","og_url":"https:\/\/www.ecolenormalecortot.com\/en\/event\/academie-de-musique-francaise-pour-piano-2\/","og_site_name":"Ecole Normale de Musique de Paris","article_modified_time":"2023-07-04T13:31:08+00:00","og_image":[{"width":2000,"height":1200,"url":"https:\/\/www.ecolenormalecortot.com\/wp-content\/uploads\/2023\/07\/forfait-auditeur-web-2.jpg","type":"image\/jpeg"}],"twitter_card":"summary_large_image","schema":{"@context":"https:\/\/schema.org","@graph":[{"@type":"WebPage","@id":"https:\/\/www.ecolenormalecortot.com\/en\/event\/academie-de-musique-francaise-pour-piano-2\/","url":"https:\/\/www.ecolenormalecortot.com\/en\/event\/academie-de-musique-francaise-pour-piano-2\/","name":"Acad\u00e9mie de Musique Fran\u00e7aise pour Piano - Ecole Normale de Musique de Paris","isPartOf":{"@id":"https:\/\/www.ecolenormalecortot.com\/en\/#website"},"primaryImageOfPage":{"@id":"https:\/\/www.ecolenormalecortot.com\/en\/event\/academie-de-musique-francaise-pour-piano-2\/#primaryimage"},"image":{"@id":"https:\/\/www.ecolenormalecortot.com\/en\/event\/academie-de-musique-francaise-pour-piano-2\/#primaryimage"},"thumbnailUrl":"https:\/\/www.ecolenormalecortot.com\/wp-content\/uploads\/2023\/07\/forfait-auditeur-web-2.jpg","datePublished":"2023-07-04T13:29:35+00:00","dateModified":"2023-07-04T13:31:08+00:00","breadcrumb":{"@id":"https:\/\/www.ecolenormalecortot.com\/en\/event\/academie-de-musique-francaise-pour-piano-2\/#breadcrumb"},"inLanguage":"en-US","potentialAction":[{"@type":"ReadAction","target":["https:\/\/www.ecolenormalecortot.com\/en\/event\/academie-de-musique-francaise-pour-piano-2\/"]}]},{"@type":"ImageObject","inLanguage":"en-US","@id":"https:\/\/www.ecolenormalecortot.com\/en\/event\/academie-de-musique-francaise-pour-piano-2\/#primaryimage","url":"https:\/\/www.ecolenormalecortot.com\/wp-content\/uploads\/2023\/07\/forfait-auditeur-web-2.jpg","contentUrl":"https:\/\/www.ecolenormalecortot.com\/wp-content\/uploads\/2023\/07\/forfait-auditeur-web-2.jpg","width":2000,"height":1200},{"@type":"BreadcrumbList","@id":"https:\/\/www.ecolenormalecortot.com\/en\/event\/academie-de-musique-francaise-pour-piano-2\/#breadcrumb","itemListElement":[{"@type":"ListItem","position":1,"name":"Accueil","item":"https:\/\/www.ecolenormalecortot.com\/en\/"},{"@type":"ListItem","position":2,"name":"\u00c9v\u00e8nements","item":"https:\/\/www.ecolenormalecortot.com\/en\/event\/"},{"@type":"ListItem","position":3,"name":"Acad\u00e9mie de Musique Fran\u00e7aise pour Piano"}]},{"@type":"WebSite","@id":"https:\/\/www.ecolenormalecortot.com\/en\/#website","url":"https:\/\/www.ecolenormalecortot.com\/en\/","name":"Ecole Normale de Musique de Paris","description":"","publisher":{"@id":"https:\/\/www.ecolenormalecortot.com\/en\/#organization"},"potentialAction":[{"@type":"SearchAction","target":{"@type":"EntryPoint","urlTemplate":"https:\/\/www.ecolenormalecortot.com\/en\/?s={search_term_string}"},"query-input":{"@type":"PropertyValueSpecification","valueRequired":true,"valueName":"search_term_string"}}],"inLanguage":"en-US"},{"@type":"Organization","@id":"https:\/\/www.ecolenormalecortot.com\/en\/#organization","name":"Ecole Normale de Musique de Paris","url":"https:\/\/www.ecolenormalecortot.com\/en\/","logo":{"@type":"ImageObject","inLanguage":"en-US","@id":"https:\/\/www.ecolenormalecortot.com\/en\/#\/schema\/logo\/image\/","url":"https:\/\/www.ecolenormalecortot.com\/wp-content\/uploads\/2023\/02\/android-chrome-512x512-1.png","contentUrl":"https:\/\/www.ecolenormalecortot.com\/wp-content\/uploads\/2023\/02\/android-chrome-512x512-1.png","width":512,"height":512,"caption":"Ecole Normale de Musique de Paris"},"image":{"@id":"https:\/\/www.ecolenormalecortot.com\/en\/#\/schema\/logo\/image\/"}}]}},"_links":{"self":[{"href":"https:\/\/www.ecolenormalecortot.com\/en\/wp-json\/wp\/v2\/event\/4135","targetHints":{"allow":["GET"]}}],"collection":[{"href":"https:\/\/www.ecolenormalecortot.com\/en\/wp-json\/wp\/v2\/event"}],"about":[{"href":"https:\/\/www.ecolenormalecortot.com\/en\/wp-json\/wp\/v2\/types\/event"}],"wp:featuredmedia":[{"embeddable":true,"href":"https:\/\/www.ecolenormalecortot.com\/en\/wp-json\/wp\/v2\/media\/4132"}],"wp:attachment":[{"href":"https:\/\/www.ecolenormalecortot.com\/en\/wp-json\/wp\/v2\/media?parent=4135"}],"wp:term":[{"taxonomy":"event_category","embeddable":true,"href":"https:\/\/www.ecolenormalecortot.com\/en\/wp-json\/wp\/v2\/event_category?post=4135"}],"curies":[{"name":"wp","href":"https:\/\/api.w.org\/{rel}","templated":true}]}}

Académie de Musique Française pour Piano

<p>Masterclass de Pascal Rogé avec les élèves de l&#8217;Académie<br />
dans le cadre du forfait &#8220;auditeur&#8221;<br />
gratuit pour les élèves de l&#8217;École</p>

L'Académie de Musique Française pour Piano se déroule à l'École normale de musique de Paris et à la Salle Cortot du 4 au 8 juillet 2023.
Elle est placée sous la direction artistique de Jean-Philippe Collard.

Le forfait "auditeur" a été conçu pour permettre à toute personne intéressée par ce répertoire d’assister aux masterclasses, aux conférences, à la visite du musée et au concert final sans être un participant actif.

programme :

<strong>Mardi 4 juillet, Salle Cortot
</strong>14h30 : Masterclass de piano de Jacques Rouvier

<strong>Mercredi 5 juillet, Salle Cortot
</strong>14h30 : Masterclass de piano de Pascal Rogé
17h30 : Conférence de Vincent Warnier : La musique en France ( 1870-1900): Héritages

<strong>Jeudi 6 juillet, Salle Cortot
</strong>16h : Conférence de Vincent Warnier : Conférence de Vincent Warnier : La musique en France ( 1900-1930): Horizons
18h : Visite du Musée Marmottan

<strong>Vendredi 7 juillet, Salle Cortot
</strong>14h30 :  Masterclass de Jean-Philippe Collard
17h30 : Conférence de Vincent Warnier : Albert Roussel, l’inconnu célèbre de la musique française ?
19h30 : Concert des participants, étudiants et professeurs

tarif : 75€
tarif réduit (étudiants d'une école supérieure de musique)  35,99€

<a href="https://my.weezevent.com/academie-de-musique-francaise-pour-piano">S'INSCRIRE</a>

gratuit pour les élèves de l'École normale de musique de Paris sur présentation de leur carte d'étudiant.

&nbsp;

<!-- This site is optimized with the Yoast SEO plugin v27.5 - https://yoast.com/product/yoast-seo-wordpress/ -->
<title>Académie de Musique Française pour Piano - Ecole Normale de Musique de Paris</title>
<meta name="robots" content="index, follow, max-snippet:-1, max-image-preview:large, max-video-preview:-1" />
<link rel="canonical" href="https://www.ecolenormalecortot.com/en/event/academie-de-musique-francaise-pour-piano-2/" />
<meta property="og:locale" content="en_US" />
<meta property="og:type" content="article" />
<meta property="og:title" content="Académie de Musique Française pour Piano - Ecole Normale de Musique de Paris" />
<meta property="og:description" content="Masterclass de Pascal Rogé avec les élèves de l&#039;Académie dans le cadre du forfait &quot;auditeur&quot; gratuit pour les élèves de l&#039;École" />
<meta property="og:url" content="https://www.ecolenormalecortot.com/en/event/academie-de-musique-francaise-pour-piano-2/" />
<meta property="og:site_name" content="Ecole Normale de Musique de Paris" />
<meta property="article:modified_time" content="2023-07-04T13:31:08+00:00" />
<meta property="og:image" content="https://www.ecolenormalecortot.com/wp-content/uploads/2023/07/forfait-auditeur-web-2.jpg" />
	<meta property="og:image:width" content="2000" />
	<meta property="og:image:height" content="1200" />
	<meta property="og:image:type" content="image/jpeg" />
<meta name="twitter:card" content="summary_large_image" />
<script type="application/ld+json" class="yoast-schema-graph">{"@context":"https:\/\/schema.org","@graph":[{"@type":"WebPage","@id":"https:\/\/www.ecolenormalecortot.com\/en\/event\/academie-de-musique-francaise-pour-piano-2\/","url":"https:\/\/www.ecolenormalecortot.com\/en\/event\/academie-de-musique-francaise-pour-piano-2\/","name":"Académie de Musique Française pour Piano - Ecole Normale de Musique de Paris","isPartOf":{"@id":"https:\/\/www.ecolenormalecortot.com\/en\/#website"},"primaryImageOfPage":{"@id":"https:\/\/www.ecolenormalecortot.com\/en\/event\/academie-de-musique-francaise-pour-piano-2\/#primaryimage"},"image":{"@id":"https:\/\/www.ecolenormalecortot.com\/en\/event\/academie-de-musique-francaise-pour-piano-2\/#primaryimage"},"thumbnailUrl":"https:\/\/www.ecolenormalecortot.com\/wp-content\/uploads\/2023\/07\/forfait-auditeur-web-2.jpg","datePublished":"2023-07-04T13:29:35+00:00","dateModified":"2023-07-04T13:31:08+00:00","breadcrumb":{"@id":"https:\/\/www.ecolenormalecortot.com\/en\/event\/academie-de-musique-francaise-pour-piano-2\/#breadcrumb"},"inLanguage":"en-US","potentialAction":[{"@type":"ReadAction","target":["https:\/\/www.ecolenormalecortot.com\/en\/event\/academie-de-musique-francaise-pour-piano-2\/"]}]},{"@type":"ImageObject","inLanguage":"en-US","@id":"https:\/\/www.ecolenormalecortot.com\/en\/event\/academie-de-musique-francaise-pour-piano-2\/#primaryimage","url":"https:\/\/www.ecolenormalecortot.com\/wp-content\/uploads\/2023\/07\/forfait-auditeur-web-2.jpg","contentUrl":"https:\/\/www.ecolenormalecortot.com\/wp-content\/uploads\/2023\/07\/forfait-auditeur-web-2.jpg","width":2000,"height":1200},{"@type":"BreadcrumbList","@id":"https:\/\/www.ecolenormalecortot.com\/en\/event\/academie-de-musique-francaise-pour-piano-2\/#breadcrumb","itemListElement":[{"@type":"ListItem","position":1,"name":"Accueil","item":"https:\/\/www.ecolenormalecortot.com\/en\/"},{"@type":"ListItem","position":2,"name":"Évènements","item":"https:\/\/www.ecolenormalecortot.com\/en\/event\/"},{"@type":"ListItem","position":3,"name":"Académie de Musique Française pour Piano"}]},{"@type":"WebSite","@id":"https:\/\/www.ecolenormalecortot.com\/en\/#website","url":"https:\/\/www.ecolenormalecortot.com\/en\/","name":"Ecole Normale de Musique de Paris","description":"","publisher":{"@id":"https:\/\/www.ecolenormalecortot.com\/en\/#organization"},"potentialAction":[{"@type":"SearchAction","target":{"@type":"EntryPoint","urlTemplate":"https:\/\/www.ecolenormalecortot.com\/en\/?s={search_term_string}"},"query-input":{"@type":"PropertyValueSpecification","valueRequired":true,"valueName":"search_term_string"}}],"inLanguage":"en-US"},{"@type":"Organization","@id":"https:\/\/www.ecolenormalecortot.com\/en\/#organization","name":"Ecole Normale de Musique de Paris","url":"https:\/\/www.ecolenormalecortot.com\/en\/","logo":{"@type":"ImageObject","inLanguage":"en-US","@id":"https:\/\/www.ecolenormalecortot.com\/en\/#\/schema\/logo\/image\/","url":"https:\/\/www.ecolenormalecortot.com\/wp-content\/uploads\/2023\/02\/android-chrome-512x512-1.png","contentUrl":"https:\/\/www.ecolenormalecortot.com\/wp-content\/uploads\/2023\/02\/android-chrome-512x512-1.png","width":512,"height":512,"caption":"Ecole Normale de Musique de Paris"},"image":{"@id":"https:\/\/www.ecolenormalecortot.com\/en\/#\/schema\/logo\/image\/"}}]}</script>
<!-- / Yoast SEO plugin. -->

Académie de Musique Française pour Piano - Ecole Normale de Musique de Paris

Masterclass de Pascal Rogé avec les élèves de l'Académie dans le cadre du forfait "auditeur" gratuit pour les élèves de l'École

Évènements
