{"id":11602,"date":"2026-01-23T10:30:22","date_gmt":"2026-01-23T09:30:22","guid":{"rendered":"https:\/\/www.ecolenormalecortot.com\/event\/festival-elite-avec-le-quatuor-hana-2\/"},"modified":"2026-01-23T10:30:22","modified_gmt":"2026-01-23T09:30:22","slug":"festival-elite-avec-le-quatuor-hana-2","status":"publish","type":"event","link":"https:\/\/www.ecolenormalecortot.com\/en\/event\/festival-elite-avec-le-quatuor-hana-2\/","title":{"rendered":"Festival Elite avec le Quatuor Hana"},"content":{"rendered":"\n<p class=\"has-large-font-size\"><strong>Festival Elite avec le Quatuor Hana<\/strong><\/p>\n\n\n\n<p class=\"has-medium-font-size\">Le Programme \u00c9lite pr\u00e9pare les grands artistes de demain en les accompagnant dans leur projet artistique aux c\u00f4t\u00e9s de ma\u00eetres et solistes internationaux. Ils se produisent dans le cadre du nouveau \u00abFestival \u00c9lite\u00bb port\u00e9 par l\u2019acoustique unique de la <strong><a href=\"https:\/\/sallecortot.com\/\" target=\"_blank\" rel=\"noreferrer noopener\">Salle Cortot<\/a><\/strong>.<\/p>\n\n\n\n<div style=\"height:72px\" aria-hidden=\"true\" class=\"wp-block-spacer\"><\/div>\n\n\n\n<h3 class=\"wp-block-heading\">Programme<\/h3>\n\n\n\n<p style=\"font-size:18px\"><strong>Ludwig van Beethoven<\/strong>,\u00a0Quatuor \u00e0 cordes\u00a0n\u00b013\u00a0en si b\u00e9mol majeur op. 130\u00a0\u00a0<\/p>\n\n\n\n<ul class=\"wp-block-list\">\n<li style=\"font-size:18px\"><em>Adagio ma non\u00a0troppo\u202f\u2014\u202fAllegro<\/em>\u00a0<\/li>\n\n\n\n<li style=\"font-size:18px\"><em>Presto<\/em>\u00a0<\/li>\n\n\n\n<li style=\"font-size:18px\"><em>Andante con moto, ma non\u00a0troppo.\u202fPoco scherzando<\/em>\u00a0<\/li>\n\n\n\n<li style=\"font-size:18px\"><em>Alla danza\u00a0tedesca.\u202fAllegro assai<\/em>\u00a0<\/li>\n\n\n\n<li style=\"font-size:18px\"><em>Cavatina.\u202fAdagio molto espressivo<\/em>\u00a0<\/li>\n\n\n\n<li style=\"font-size:18px\"><em>Grande Fugue<\/em>\u00a0<\/li>\n<\/ul>\n\n\n\n<div style=\"height:76px\" aria-hidden=\"true\" class=\"wp-block-spacer\"><\/div>\n\n\n\n<h3 class=\"wp-block-heading\">Organisateur<\/h3>\n\n\n<div class=\"wp-block-image\">\n<figure class=\"alignleft size-large is-resized\"><img decoding=\"async\" src=\"https:\/\/sallecortot.com\/wp-content\/uploads\/2024\/08\/LOGO-3-LIGNES-BLANC-1024x251.png\" alt=\"\" class=\"wp-image-1353\" style=\"width:218px;height:auto\"\/><\/figure>\n<\/div>\n\n\n<div style=\"height:110px\" aria-hidden=\"true\" class=\"wp-block-spacer\"><\/div>\n\n\n\r\n    <a href=\"https:\/\/sallecortot.com\/la-programmation\/\" target=\"_blank\" class=\"block-cta style-link\">\r\n        Toute la Programmation    <\/a>\r\n","protected":false},"excerpt":{"rendered":"<p>Festival Elite avec le Quatuor Hana Le Programme \u00c9lite pr\u00e9pare les grands artistes de demain en les accompagnant dans leur [&hellip;]<\/p>\n","protected":false},"featured_media":11600,"template":"","meta":{"_acf_changed":false},"event_category":[65],"class_list":["post-11602","event","type-event","status-publish","has-post-thumbnail","hentry","event_category-les-rencontres-musicales-de-cortot"],"acf":{"presentation":"","musicians":"","program":"","host":"","date":"2026-02-22 14:00:00","time_start":"14:00","time_end":null,"end_date":null,"location_name":"","location_address":"","phone":"","link":null,"booking_link":"https:\/\/my.weezevent.com\/festival-elite-2026?_gl=1*mz8f1l*_gcl_au*MzgxMDgzNjk1LjE3NTYzMDIxNTAuMjAzOTc1MjM0LjE3NjAwODYwMTguMTc2MDA4NjAxOA..*_ga*MTQ4NjUxMTEzMi4xNzU5NDE2MjA1*_ga_39H9VBFX7G*czE3NjA0MzY1NzQkbzcxJGcxJHQxNzYwNDM3NjUyJGo2MCRsMCRoMTM0OTcyNjc5MA..","price_from":"<p>Entr\u00e9e libre sur r\u00e9servation.<\/p>\n","hide_price":false,"teachers":null,"event_type":"Festival \u00c9lite","datetime":"2026-02-22 14:00:00","end_datetime":"","booking_infos":"","source_post_id":"8398"},"yoast_head":"<!-- This site is optimized with the Yoast SEO plugin v27.5 - https:\/\/yoast.com\/product\/yoast-seo-wordpress\/ -->\n<title>Festival Elite avec le Quatuor Hana - Ecole Normale de Musique de Paris<\/title>\n<meta name=\"robots\" content=\"index, follow, max-snippet:-1, max-image-preview:large, max-video-preview:-1\" \/>\n<link rel=\"canonical\" href=\"https:\/\/www.ecolenormalecortot.com\/en\/event\/festival-elite-avec-le-quatuor-hana-2\/\" \/>\n<meta property=\"og:locale\" content=\"en_US\" \/>\n<meta property=\"og:type\" content=\"article\" \/>\n<meta property=\"og:title\" content=\"Festival Elite avec le Quatuor Hana - Ecole Normale de Musique de Paris\" \/>\n<meta property=\"og:description\" content=\"Festival Elite avec le Quatuor Hana Le Programme \u00c9lite pr\u00e9pare les grands artistes de demain en les accompagnant dans leur [&hellip;]\" \/>\n<meta property=\"og:url\" content=\"https:\/\/www.ecolenormalecortot.com\/en\/event\/festival-elite-avec-le-quatuor-hana-2\/\" \/>\n<meta property=\"og:site_name\" content=\"Ecole Normale de Musique de Paris\" \/>\n<meta name=\"twitter:card\" content=\"summary_large_image\" \/>\n<script type=\"application\/ld+json\" class=\"yoast-schema-graph\">{\"@context\":\"https:\\\/\\\/schema.org\",\"@graph\":[{\"@type\":\"WebPage\",\"@id\":\"https:\\\/\\\/www.ecolenormalecortot.com\\\/en\\\/event\\\/festival-elite-avec-le-quatuor-hana-2\\\/\",\"url\":\"https:\\\/\\\/www.ecolenormalecortot.com\\\/en\\\/event\\\/festival-elite-avec-le-quatuor-hana-2\\\/\",\"name\":\"Festival Elite avec le Quatuor Hana - Ecole Normale de Musique de Paris\",\"isPartOf\":{\"@id\":\"https:\\\/\\\/www.ecolenormalecortot.com\\\/en\\\/#website\"},\"primaryImageOfPage\":{\"@id\":\"https:\\\/\\\/www.ecolenormalecortot.com\\\/en\\\/event\\\/festival-elite-avec-le-quatuor-hana-2\\\/#primaryimage\"},\"image\":{\"@id\":\"https:\\\/\\\/www.ecolenormalecortot.com\\\/en\\\/event\\\/festival-elite-avec-le-quatuor-hana-2\\\/#primaryimage\"},\"thumbnailUrl\":\"https:\\\/\\\/www.ecolenormalecortot.com\\\/wp-content\\\/uploads\\\/2026\\\/01\\\/Quatuor-Hana.png\",\"datePublished\":\"2026-01-23T09:30:22+00:00\",\"breadcrumb\":{\"@id\":\"https:\\\/\\\/www.ecolenormalecortot.com\\\/en\\\/event\\\/festival-elite-avec-le-quatuor-hana-2\\\/#breadcrumb\"},\"inLanguage\":\"en-US\",\"potentialAction\":[{\"@type\":\"ReadAction\",\"target\":[\"https:\\\/\\\/www.ecolenormalecortot.com\\\/en\\\/event\\\/festival-elite-avec-le-quatuor-hana-2\\\/\"]}]},{\"@type\":\"ImageObject\",\"inLanguage\":\"en-US\",\"@id\":\"https:\\\/\\\/www.ecolenormalecortot.com\\\/en\\\/event\\\/festival-elite-avec-le-quatuor-hana-2\\\/#primaryimage\",\"url\":\"https:\\\/\\\/www.ecolenormalecortot.com\\\/wp-content\\\/uploads\\\/2026\\\/01\\\/Quatuor-Hana.png\",\"contentUrl\":\"https:\\\/\\\/www.ecolenormalecortot.com\\\/wp-content\\\/uploads\\\/2026\\\/01\\\/Quatuor-Hana.png\",\"width\":1110,\"height\":643},{\"@type\":\"BreadcrumbList\",\"@id\":\"https:\\\/\\\/www.ecolenormalecortot.com\\\/en\\\/event\\\/festival-elite-avec-le-quatuor-hana-2\\\/#breadcrumb\",\"itemListElement\":[{\"@type\":\"ListItem\",\"position\":1,\"name\":\"Accueil\",\"item\":\"https:\\\/\\\/www.ecolenormalecortot.com\\\/en\\\/\"},{\"@type\":\"ListItem\",\"position\":2,\"name\":\"\u00c9v\u00e8nements\",\"item\":\"https:\\\/\\\/www.ecolenormalecortot.com\\\/en\\\/event\\\/\"},{\"@type\":\"ListItem\",\"position\":3,\"name\":\"Festival Elite avec le Quatuor Hana\"}]},{\"@type\":\"WebSite\",\"@id\":\"https:\\\/\\\/www.ecolenormalecortot.com\\\/en\\\/#website\",\"url\":\"https:\\\/\\\/www.ecolenormalecortot.com\\\/en\\\/\",\"name\":\"Ecole Normale de Musique de Paris\",\"description\":\"\",\"publisher\":{\"@id\":\"https:\\\/\\\/www.ecolenormalecortot.com\\\/en\\\/#organization\"},\"potentialAction\":[{\"@type\":\"SearchAction\",\"target\":{\"@type\":\"EntryPoint\",\"urlTemplate\":\"https:\\\/\\\/www.ecolenormalecortot.com\\\/en\\\/?s={search_term_string}\"},\"query-input\":{\"@type\":\"PropertyValueSpecification\",\"valueRequired\":true,\"valueName\":\"search_term_string\"}}],\"inLanguage\":\"en-US\"},{\"@type\":\"Organization\",\"@id\":\"https:\\\/\\\/www.ecolenormalecortot.com\\\/en\\\/#organization\",\"name\":\"Ecole Normale de Musique de Paris\",\"url\":\"https:\\\/\\\/www.ecolenormalecortot.com\\\/en\\\/\",\"logo\":{\"@type\":\"ImageObject\",\"inLanguage\":\"en-US\",\"@id\":\"https:\\\/\\\/www.ecolenormalecortot.com\\\/en\\\/#\\\/schema\\\/logo\\\/image\\\/\",\"url\":\"https:\\\/\\\/www.ecolenormalecortot.com\\\/wp-content\\\/uploads\\\/2023\\\/02\\\/android-chrome-512x512-1.png\",\"contentUrl\":\"https:\\\/\\\/www.ecolenormalecortot.com\\\/wp-content\\\/uploads\\\/2023\\\/02\\\/android-chrome-512x512-1.png\",\"width\":512,\"height\":512,\"caption\":\"Ecole Normale de Musique de Paris\"},\"image\":{\"@id\":\"https:\\\/\\\/www.ecolenormalecortot.com\\\/en\\\/#\\\/schema\\\/logo\\\/image\\\/\"}}]}<\/script>\n<!-- \/ Yoast SEO plugin. -->","yoast_head_json":{"title":"Festival Elite avec le Quatuor Hana - Ecole Normale de Musique de Paris","robots":{"index":"index","follow":"follow","max-snippet":"max-snippet:-1","max-image-preview":"max-image-preview:large","max-video-preview":"max-video-preview:-1"},"canonical":"https:\/\/www.ecolenormalecortot.com\/en\/event\/festival-elite-avec-le-quatuor-hana-2\/","og_locale":"en_US","og_type":"article","og_title":"Festival Elite avec le Quatuor Hana - Ecole Normale de Musique de Paris","og_description":"Festival Elite avec le Quatuor Hana Le Programme \u00c9lite pr\u00e9pare les grands artistes de demain en les accompagnant dans leur [&hellip;]","og_url":"https:\/\/www.ecolenormalecortot.com\/en\/event\/festival-elite-avec-le-quatuor-hana-2\/","og_site_name":"Ecole Normale de Musique de Paris","twitter_card":"summary_large_image","schema":{"@context":"https:\/\/schema.org","@graph":[{"@type":"WebPage","@id":"https:\/\/www.ecolenormalecortot.com\/en\/event\/festival-elite-avec-le-quatuor-hana-2\/","url":"https:\/\/www.ecolenormalecortot.com\/en\/event\/festival-elite-avec-le-quatuor-hana-2\/","name":"Festival Elite avec le Quatuor Hana - Ecole Normale de Musique de Paris","isPartOf":{"@id":"https:\/\/www.ecolenormalecortot.com\/en\/#website"},"primaryImageOfPage":{"@id":"https:\/\/www.ecolenormalecortot.com\/en\/event\/festival-elite-avec-le-quatuor-hana-2\/#primaryimage"},"image":{"@id":"https:\/\/www.ecolenormalecortot.com\/en\/event\/festival-elite-avec-le-quatuor-hana-2\/#primaryimage"},"thumbnailUrl":"https:\/\/www.ecolenormalecortot.com\/wp-content\/uploads\/2026\/01\/Quatuor-Hana.png","datePublished":"2026-01-23T09:30:22+00:00","breadcrumb":{"@id":"https:\/\/www.ecolenormalecortot.com\/en\/event\/festival-elite-avec-le-quatuor-hana-2\/#breadcrumb"},"inLanguage":"en-US","potentialAction":[{"@type":"ReadAction","target":["https:\/\/www.ecolenormalecortot.com\/en\/event\/festival-elite-avec-le-quatuor-hana-2\/"]}]},{"@type":"ImageObject","inLanguage":"en-US","@id":"https:\/\/www.ecolenormalecortot.com\/en\/event\/festival-elite-avec-le-quatuor-hana-2\/#primaryimage","url":"https:\/\/www.ecolenormalecortot.com\/wp-content\/uploads\/2026\/01\/Quatuor-Hana.png","contentUrl":"https:\/\/www.ecolenormalecortot.com\/wp-content\/uploads\/2026\/01\/Quatuor-Hana.png","width":1110,"height":643},{"@type":"BreadcrumbList","@id":"https:\/\/www.ecolenormalecortot.com\/en\/event\/festival-elite-avec-le-quatuor-hana-2\/#breadcrumb","itemListElement":[{"@type":"ListItem","position":1,"name":"Accueil","item":"https:\/\/www.ecolenormalecortot.com\/en\/"},{"@type":"ListItem","position":2,"name":"\u00c9v\u00e8nements","item":"https:\/\/www.ecolenormalecortot.com\/en\/event\/"},{"@type":"ListItem","position":3,"name":"Festival Elite avec le Quatuor Hana"}]},{"@type":"WebSite","@id":"https:\/\/www.ecolenormalecortot.com\/en\/#website","url":"https:\/\/www.ecolenormalecortot.com\/en\/","name":"Ecole Normale de Musique de Paris","description":"","publisher":{"@id":"https:\/\/www.ecolenormalecortot.com\/en\/#organization"},"potentialAction":[{"@type":"SearchAction","target":{"@type":"EntryPoint","urlTemplate":"https:\/\/www.ecolenormalecortot.com\/en\/?s={search_term_string}"},"query-input":{"@type":"PropertyValueSpecification","valueRequired":true,"valueName":"search_term_string"}}],"inLanguage":"en-US"},{"@type":"Organization","@id":"https:\/\/www.ecolenormalecortot.com\/en\/#organization","name":"Ecole Normale de Musique de Paris","url":"https:\/\/www.ecolenormalecortot.com\/en\/","logo":{"@type":"ImageObject","inLanguage":"en-US","@id":"https:\/\/www.ecolenormalecortot.com\/en\/#\/schema\/logo\/image\/","url":"https:\/\/www.ecolenormalecortot.com\/wp-content\/uploads\/2023\/02\/android-chrome-512x512-1.png","contentUrl":"https:\/\/www.ecolenormalecortot.com\/wp-content\/uploads\/2023\/02\/android-chrome-512x512-1.png","width":512,"height":512,"caption":"Ecole Normale de Musique de Paris"},"image":{"@id":"https:\/\/www.ecolenormalecortot.com\/en\/#\/schema\/logo\/image\/"}}]}},"_links":{"self":[{"href":"https:\/\/www.ecolenormalecortot.com\/en\/wp-json\/wp\/v2\/event\/11602","targetHints":{"allow":["GET"]}}],"collection":[{"href":"https:\/\/www.ecolenormalecortot.com\/en\/wp-json\/wp\/v2\/event"}],"about":[{"href":"https:\/\/www.ecolenormalecortot.com\/en\/wp-json\/wp\/v2\/types\/event"}],"wp:featuredmedia":[{"embeddable":true,"href":"https:\/\/www.ecolenormalecortot.com\/en\/wp-json\/wp\/v2\/media\/11600"}],"wp:attachment":[{"href":"https:\/\/www.ecolenormalecortot.com\/en\/wp-json\/wp\/v2\/media?parent=11602"}],"wp:term":[{"taxonomy":"event_category","embeddable":true,"href":"https:\/\/www.ecolenormalecortot.com\/en\/wp-json\/wp\/v2\/event_category?post=11602"}],"curies":[{"name":"wp","href":"https:\/\/api.w.org\/{rel}","templated":true}]}}

<p class="has-large-font-size"><strong>Festival Elite avec le Quatuor Hana</strong></p>



<p class="has-medium-font-size">Le Programme Élite prépare les grands artistes de demain en les accompagnant dans leur projet artistique aux côtés de maîtres et solistes internationaux. Ils se produisent dans le cadre du nouveau «Festival Élite» porté par l’acoustique unique de la <strong><a href="https://sallecortot.com/" target="_blank" rel="noreferrer noopener">Salle Cortot</a></strong>.</p>



<div style="height:72px" aria-hidden="true" class="wp-block-spacer"></div>



<h3 class="wp-block-heading">Programme</h3>



<p style="font-size:18px"><strong>Ludwig van Beethoven</strong>, Quatuor à cordes n°13 en si bémol majeur op. 130  </p>



<ul class="wp-block-list">
<li style="font-size:18px"><em>Adagio ma non troppo — Allegro</em> </li>



<li style="font-size:18px"><em>Presto</em> </li>



<li style="font-size:18px"><em>Andante con moto, ma non troppo. Poco scherzando</em> </li>



<li style="font-size:18px"><em>Alla danza tedesca. Allegro assai</em> </li>



<li style="font-size:18px"><em>Cavatina. Adagio molto espressivo</em> </li>



<li style="font-size:18px"><em>Grande Fugue</em> </li>
</ul>



<div style="height:76px" aria-hidden="true" class="wp-block-spacer"></div>



<h3 class="wp-block-heading">Organisateur</h3>


<div class="wp-block-image">
<figure class="alignleft size-large is-resized"><img decoding="async" src="https://sallecortot.com/wp-content/uploads/2024/08/LOGO-3-LIGNES-BLANC-1024x251.png" alt="" class="wp-image-1353" style="width:218px;height:auto"/></figure>
</div>


<div style="height:110px" aria-hidden="true" class="wp-block-spacer"></div>



    <a href="https://sallecortot.com/la-programmation/" target="_blank" class="block-cta style-link">
        Toute la Programmation    </a>

<p>Festival Elite avec le Quatuor Hana Le Programme Élite prépare les grands artistes de demain en les accompagnant dans leur [&hellip;]</p>

<p>Entrée libre sur réservation.</p>

Festival Élite

<!-- This site is optimized with the Yoast SEO plugin v27.5 - https://yoast.com/product/yoast-seo-wordpress/ -->
<title>Festival Elite avec le Quatuor Hana - Ecole Normale de Musique de Paris</title>
<meta name="robots" content="index, follow, max-snippet:-1, max-image-preview:large, max-video-preview:-1" />
<link rel="canonical" href="https://www.ecolenormalecortot.com/en/event/festival-elite-avec-le-quatuor-hana-2/" />
<meta property="og:locale" content="en_US" />
<meta property="og:type" content="article" />
<meta property="og:title" content="Festival Elite avec le Quatuor Hana - Ecole Normale de Musique de Paris" />
<meta property="og:description" content="Festival Elite avec le Quatuor Hana Le Programme Élite prépare les grands artistes de demain en les accompagnant dans leur [&hellip;]" />
<meta property="og:url" content="https://www.ecolenormalecortot.com/en/event/festival-elite-avec-le-quatuor-hana-2/" />
<meta property="og:site_name" content="Ecole Normale de Musique de Paris" />
<meta name="twitter:card" content="summary_large_image" />
<script type="application/ld+json" class="yoast-schema-graph">{"@context":"https:\/\/schema.org","@graph":[{"@type":"WebPage","@id":"https:\/\/www.ecolenormalecortot.com\/en\/event\/festival-elite-avec-le-quatuor-hana-2\/","url":"https:\/\/www.ecolenormalecortot.com\/en\/event\/festival-elite-avec-le-quatuor-hana-2\/","name":"Festival Elite avec le Quatuor Hana - Ecole Normale de Musique de Paris","isPartOf":{"@id":"https:\/\/www.ecolenormalecortot.com\/en\/#website"},"primaryImageOfPage":{"@id":"https:\/\/www.ecolenormalecortot.com\/en\/event\/festival-elite-avec-le-quatuor-hana-2\/#primaryimage"},"image":{"@id":"https:\/\/www.ecolenormalecortot.com\/en\/event\/festival-elite-avec-le-quatuor-hana-2\/#primaryimage"},"thumbnailUrl":"https:\/\/www.ecolenormalecortot.com\/wp-content\/uploads\/2026\/01\/Quatuor-Hana.png","datePublished":"2026-01-23T09:30:22+00:00","breadcrumb":{"@id":"https:\/\/www.ecolenormalecortot.com\/en\/event\/festival-elite-avec-le-quatuor-hana-2\/#breadcrumb"},"inLanguage":"en-US","potentialAction":[{"@type":"ReadAction","target":["https:\/\/www.ecolenormalecortot.com\/en\/event\/festival-elite-avec-le-quatuor-hana-2\/"]}]},{"@type":"ImageObject","inLanguage":"en-US","@id":"https:\/\/www.ecolenormalecortot.com\/en\/event\/festival-elite-avec-le-quatuor-hana-2\/#primaryimage","url":"https:\/\/www.ecolenormalecortot.com\/wp-content\/uploads\/2026\/01\/Quatuor-Hana.png","contentUrl":"https:\/\/www.ecolenormalecortot.com\/wp-content\/uploads\/2026\/01\/Quatuor-Hana.png","width":1110,"height":643},{"@type":"BreadcrumbList","@id":"https:\/\/www.ecolenormalecortot.com\/en\/event\/festival-elite-avec-le-quatuor-hana-2\/#breadcrumb","itemListElement":[{"@type":"ListItem","position":1,"name":"Accueil","item":"https:\/\/www.ecolenormalecortot.com\/en\/"},{"@type":"ListItem","position":2,"name":"Évènements","item":"https:\/\/www.ecolenormalecortot.com\/en\/event\/"},{"@type":"ListItem","position":3,"name":"Festival Elite avec le Quatuor Hana"}]},{"@type":"WebSite","@id":"https:\/\/www.ecolenormalecortot.com\/en\/#website","url":"https:\/\/www.ecolenormalecortot.com\/en\/","name":"Ecole Normale de Musique de Paris","description":"","publisher":{"@id":"https:\/\/www.ecolenormalecortot.com\/en\/#organization"},"potentialAction":[{"@type":"SearchAction","target":{"@type":"EntryPoint","urlTemplate":"https:\/\/www.ecolenormalecortot.com\/en\/?s={search_term_string}"},"query-input":{"@type":"PropertyValueSpecification","valueRequired":true,"valueName":"search_term_string"}}],"inLanguage":"en-US"},{"@type":"Organization","@id":"https:\/\/www.ecolenormalecortot.com\/en\/#organization","name":"Ecole Normale de Musique de Paris","url":"https:\/\/www.ecolenormalecortot.com\/en\/","logo":{"@type":"ImageObject","inLanguage":"en-US","@id":"https:\/\/www.ecolenormalecortot.com\/en\/#\/schema\/logo\/image\/","url":"https:\/\/www.ecolenormalecortot.com\/wp-content\/uploads\/2023\/02\/android-chrome-512x512-1.png","contentUrl":"https:\/\/www.ecolenormalecortot.com\/wp-content\/uploads\/2023\/02\/android-chrome-512x512-1.png","width":512,"height":512,"caption":"Ecole Normale de Musique de Paris"},"image":{"@id":"https:\/\/www.ecolenormalecortot.com\/en\/#\/schema\/logo\/image\/"}}]}</script>
<!-- / Yoast SEO plugin. -->

Festival Elite avec le Quatuor Hana Le Programme Élite prépare les grands artistes de demain en les accompagnant dans leur [&hellip;]

Évènements
