{"id":10113,"date":"2025-05-05T10:38:47","date_gmt":"2025-05-05T08:38:47","guid":{"rendered":"https:\/\/www.ecolenormalecortot.com\/event\/artist-diploma-2025-flute-2\/"},"modified":"2025-05-05T10:38:47","modified_gmt":"2025-05-05T08:38:47","slug":"artist-diploma-2025-flute-2","status":"publish","type":"event","link":"https:\/\/www.ecolenormalecortot.com\/en\/event\/artist-diploma-2025-flute-2\/","title":{"rendered":"Artist Diploma 2025 (Fl\u00fbte)"},"content":{"rendered":"\n<p class=\"has-large-font-size\"><strong>Artist Diploma 2025 Fl\u00fbte<\/strong><\/p>\n\n\n\n<p>L\u2019\u00c9cole Normale de Musique de Paris vous invite \u00e0 venir d\u00e9couvrir ses \u00e9tudiants en\u00a0<strong>Artist Diploma<\/strong>. Une occasion unique d\u2019\u00e9couter ces jeunes musiciens passionn\u00e9s et prometteurs, au sommet de leur parcours artistique. Chaque \u00e9tudiant joue 45mn.<\/p>\n\n\n\n<p>Attention, l\u2019entr\u00e9e du public s\u2019effectue par l\u2019\u00c9cole Normale de Musique de Paris, au 114bis Boulevard Malesherbes.<\/p>\n\n\n\n<p style=\"font-size:55px\"><strong>Programme dimanche 11 mai<\/strong><\/p>\n\n\n\n<p>10h00 : KUKI Mitsumi&nbsp;<\/p>\n\n\n\n<p>10h45 : LAI Kuan-chi&nbsp;<\/p>\n\n\n\n<p>11h45 : LI Yu-hui&nbsp;<\/p>\n\n\n\n<p>14h00 : LI Zi&nbsp;<\/p>\n\n\n\n<p>14h45 : NABEYAMA Yui&nbsp;<\/p>\n\n\n\n<p>15h45 : NAKATA Akiho&nbsp;<\/p>\n\n\n\n<p>16h30 : HU Jingliang&nbsp;<\/p>\n\n\n\n<div style=\"height:59px\" aria-hidden=\"true\" class=\"wp-block-spacer\"><\/div>\n\n\n\n<p style=\"font-size:55px\"><strong>Organisateurs<\/strong><\/p>\n\n\n<div class=\"wp-block-image\">\n<figure class=\"alignleft size-large is-resized\"><a href=\"https:\/\/sallecortot.com\/la-programmation\/\"><img decoding=\"async\" src=\"https:\/\/sallecortot.com\/wp-content\/uploads\/2025\/03\/LOGO-SALLE-CORTOT-RVB-edited-1024x631.png\" alt=\"\" class=\"wp-image-3931\" style=\"width:137px;height:auto\"\/><\/a><\/figure>\n<\/div>\n\n<div class=\"wp-block-image\">\n<figure class=\"alignleft size-large is-resized\"><a href=\"https:\/\/www.ecolenormalecortot.com\/\"><img decoding=\"async\" src=\"https:\/\/sallecortot.com\/wp-content\/uploads\/2024\/08\/LOGO-3-LIGNES-BLANC-1024x251.png\" alt=\"\" class=\"wp-image-1353\" style=\"width:259px;height:auto\"\/><\/a><\/figure>\n<\/div>\n\n\n<p><\/p>\n","protected":false},"excerpt":{"rendered":"<p>Artist Diploma 2025 Fl\u00fbte L\u2019\u00c9cole Normale de Musique de Paris vous invite \u00e0 venir d\u00e9couvrir ses \u00e9tudiants en\u00a0Artist Diploma. Une [&hellip;]<\/p>\n","protected":false},"featured_media":10111,"template":"","meta":{"_acf_changed":false},"event_category":[168],"class_list":["post-10113","event","type-event","status-publish","has-post-thumbnail","hentry","event_category-concerts-de-midi-et-demi"],"acf":{"presentation":"","musicians":"","program":"","host":"","date":"2025-05-11 10:00:00","time_start":"10:00","time_end":null,"end_date":null,"location_name":"","location_address":"","phone":"","link":null,"booking_link":"","price_from":"<p>Entr\u00e9e libre<\/p>\n","hide_price":false,"teachers":null,"event_type":"Artist Diploma","datetime":"2025-05-11 10:00:00","end_datetime":"2025-05-11 17:15:00","booking_infos":"","source_post_id":"4316"},"yoast_head":"<!-- This site is optimized with the Yoast SEO plugin v27.5 - https:\/\/yoast.com\/product\/yoast-seo-wordpress\/ -->\n<title>Artist Diploma 2025 (Fl\u00fbte) - Ecole Normale de Musique de Paris<\/title>\n<meta name=\"robots\" content=\"index, follow, max-snippet:-1, max-image-preview:large, max-video-preview:-1\" \/>\n<link rel=\"canonical\" href=\"https:\/\/www.ecolenormalecortot.com\/en\/event\/artist-diploma-2025-flute-2\/\" \/>\n<meta property=\"og:locale\" content=\"en_US\" \/>\n<meta property=\"og:type\" content=\"article\" \/>\n<meta property=\"og:title\" content=\"Artist Diploma 2025 (Fl\u00fbte) - Ecole Normale de Musique de Paris\" \/>\n<meta property=\"og:description\" content=\"Artist Diploma 2025 Fl\u00fbte L\u2019\u00c9cole Normale de Musique de Paris vous invite \u00e0 venir d\u00e9couvrir ses \u00e9tudiants en\u00a0Artist Diploma. Une [&hellip;]\" \/>\n<meta property=\"og:url\" content=\"https:\/\/www.ecolenormalecortot.com\/en\/event\/artist-diploma-2025-flute-2\/\" \/>\n<meta property=\"og:site_name\" content=\"Ecole Normale de Musique de Paris\" \/>\n<meta name=\"twitter:card\" content=\"summary_large_image\" \/>\n<script type=\"application\/ld+json\" class=\"yoast-schema-graph\">{\"@context\":\"https:\\\/\\\/schema.org\",\"@graph\":[{\"@type\":\"WebPage\",\"@id\":\"https:\\\/\\\/www.ecolenormalecortot.com\\\/en\\\/event\\\/artist-diploma-2025-flute-2\\\/\",\"url\":\"https:\\\/\\\/www.ecolenormalecortot.com\\\/en\\\/event\\\/artist-diploma-2025-flute-2\\\/\",\"name\":\"Artist Diploma 2025 (Fl\u00fbte) - Ecole Normale de Musique de Paris\",\"isPartOf\":{\"@id\":\"https:\\\/\\\/www.ecolenormalecortot.com\\\/en\\\/#website\"},\"primaryImageOfPage\":{\"@id\":\"https:\\\/\\\/www.ecolenormalecortot.com\\\/en\\\/event\\\/artist-diploma-2025-flute-2\\\/#primaryimage\"},\"image\":{\"@id\":\"https:\\\/\\\/www.ecolenormalecortot.com\\\/en\\\/event\\\/artist-diploma-2025-flute-2\\\/#primaryimage\"},\"thumbnailUrl\":\"https:\\\/\\\/www.ecolenormalecortot.com\\\/wp-content\\\/uploads\\\/2025\\\/05\\\/LD-20250121-0122-Enhanced-NR-scaled-1.jpg\",\"datePublished\":\"2025-05-05T08:38:47+00:00\",\"breadcrumb\":{\"@id\":\"https:\\\/\\\/www.ecolenormalecortot.com\\\/en\\\/event\\\/artist-diploma-2025-flute-2\\\/#breadcrumb\"},\"inLanguage\":\"en-US\",\"potentialAction\":[{\"@type\":\"ReadAction\",\"target\":[\"https:\\\/\\\/www.ecolenormalecortot.com\\\/en\\\/event\\\/artist-diploma-2025-flute-2\\\/\"]}]},{\"@type\":\"ImageObject\",\"inLanguage\":\"en-US\",\"@id\":\"https:\\\/\\\/www.ecolenormalecortot.com\\\/en\\\/event\\\/artist-diploma-2025-flute-2\\\/#primaryimage\",\"url\":\"https:\\\/\\\/www.ecolenormalecortot.com\\\/wp-content\\\/uploads\\\/2025\\\/05\\\/LD-20250121-0122-Enhanced-NR-scaled-1.jpg\",\"contentUrl\":\"https:\\\/\\\/www.ecolenormalecortot.com\\\/wp-content\\\/uploads\\\/2025\\\/05\\\/LD-20250121-0122-Enhanced-NR-scaled-1.jpg\",\"width\":2560,\"height\":1723},{\"@type\":\"BreadcrumbList\",\"@id\":\"https:\\\/\\\/www.ecolenormalecortot.com\\\/en\\\/event\\\/artist-diploma-2025-flute-2\\\/#breadcrumb\",\"itemListElement\":[{\"@type\":\"ListItem\",\"position\":1,\"name\":\"Accueil\",\"item\":\"https:\\\/\\\/www.ecolenormalecortot.com\\\/en\\\/\"},{\"@type\":\"ListItem\",\"position\":2,\"name\":\"\u00c9v\u00e8nements\",\"item\":\"https:\\\/\\\/www.ecolenormalecortot.com\\\/en\\\/event\\\/\"},{\"@type\":\"ListItem\",\"position\":3,\"name\":\"Artist Diploma 2025 (Fl\u00fbte)\"}]},{\"@type\":\"WebSite\",\"@id\":\"https:\\\/\\\/www.ecolenormalecortot.com\\\/en\\\/#website\",\"url\":\"https:\\\/\\\/www.ecolenormalecortot.com\\\/en\\\/\",\"name\":\"Ecole Normale de Musique de Paris\",\"description\":\"\",\"publisher\":{\"@id\":\"https:\\\/\\\/www.ecolenormalecortot.com\\\/en\\\/#organization\"},\"potentialAction\":[{\"@type\":\"SearchAction\",\"target\":{\"@type\":\"EntryPoint\",\"urlTemplate\":\"https:\\\/\\\/www.ecolenormalecortot.com\\\/en\\\/?s={search_term_string}\"},\"query-input\":{\"@type\":\"PropertyValueSpecification\",\"valueRequired\":true,\"valueName\":\"search_term_string\"}}],\"inLanguage\":\"en-US\"},{\"@type\":\"Organization\",\"@id\":\"https:\\\/\\\/www.ecolenormalecortot.com\\\/en\\\/#organization\",\"name\":\"Ecole Normale de Musique de Paris\",\"url\":\"https:\\\/\\\/www.ecolenormalecortot.com\\\/en\\\/\",\"logo\":{\"@type\":\"ImageObject\",\"inLanguage\":\"en-US\",\"@id\":\"https:\\\/\\\/www.ecolenormalecortot.com\\\/en\\\/#\\\/schema\\\/logo\\\/image\\\/\",\"url\":\"https:\\\/\\\/www.ecolenormalecortot.com\\\/wp-content\\\/uploads\\\/2023\\\/02\\\/android-chrome-512x512-1.png\",\"contentUrl\":\"https:\\\/\\\/www.ecolenormalecortot.com\\\/wp-content\\\/uploads\\\/2023\\\/02\\\/android-chrome-512x512-1.png\",\"width\":512,\"height\":512,\"caption\":\"Ecole Normale de Musique de Paris\"},\"image\":{\"@id\":\"https:\\\/\\\/www.ecolenormalecortot.com\\\/en\\\/#\\\/schema\\\/logo\\\/image\\\/\"}}]}<\/script>\n<!-- \/ Yoast SEO plugin. -->","yoast_head_json":{"title":"Artist Diploma 2025 (Fl\u00fbte) - Ecole Normale de Musique de Paris","robots":{"index":"index","follow":"follow","max-snippet":"max-snippet:-1","max-image-preview":"max-image-preview:large","max-video-preview":"max-video-preview:-1"},"canonical":"https:\/\/www.ecolenormalecortot.com\/en\/event\/artist-diploma-2025-flute-2\/","og_locale":"en_US","og_type":"article","og_title":"Artist Diploma 2025 (Fl\u00fbte) - Ecole Normale de Musique de Paris","og_description":"Artist Diploma 2025 Fl\u00fbte L\u2019\u00c9cole Normale de Musique de Paris vous invite \u00e0 venir d\u00e9couvrir ses \u00e9tudiants en\u00a0Artist Diploma. Une [&hellip;]","og_url":"https:\/\/www.ecolenormalecortot.com\/en\/event\/artist-diploma-2025-flute-2\/","og_site_name":"Ecole Normale de Musique de Paris","twitter_card":"summary_large_image","schema":{"@context":"https:\/\/schema.org","@graph":[{"@type":"WebPage","@id":"https:\/\/www.ecolenormalecortot.com\/en\/event\/artist-diploma-2025-flute-2\/","url":"https:\/\/www.ecolenormalecortot.com\/en\/event\/artist-diploma-2025-flute-2\/","name":"Artist Diploma 2025 (Fl\u00fbte) - Ecole Normale de Musique de Paris","isPartOf":{"@id":"https:\/\/www.ecolenormalecortot.com\/en\/#website"},"primaryImageOfPage":{"@id":"https:\/\/www.ecolenormalecortot.com\/en\/event\/artist-diploma-2025-flute-2\/#primaryimage"},"image":{"@id":"https:\/\/www.ecolenormalecortot.com\/en\/event\/artist-diploma-2025-flute-2\/#primaryimage"},"thumbnailUrl":"https:\/\/www.ecolenormalecortot.com\/wp-content\/uploads\/2025\/05\/LD-20250121-0122-Enhanced-NR-scaled-1.jpg","datePublished":"2025-05-05T08:38:47+00:00","breadcrumb":{"@id":"https:\/\/www.ecolenormalecortot.com\/en\/event\/artist-diploma-2025-flute-2\/#breadcrumb"},"inLanguage":"en-US","potentialAction":[{"@type":"ReadAction","target":["https:\/\/www.ecolenormalecortot.com\/en\/event\/artist-diploma-2025-flute-2\/"]}]},{"@type":"ImageObject","inLanguage":"en-US","@id":"https:\/\/www.ecolenormalecortot.com\/en\/event\/artist-diploma-2025-flute-2\/#primaryimage","url":"https:\/\/www.ecolenormalecortot.com\/wp-content\/uploads\/2025\/05\/LD-20250121-0122-Enhanced-NR-scaled-1.jpg","contentUrl":"https:\/\/www.ecolenormalecortot.com\/wp-content\/uploads\/2025\/05\/LD-20250121-0122-Enhanced-NR-scaled-1.jpg","width":2560,"height":1723},{"@type":"BreadcrumbList","@id":"https:\/\/www.ecolenormalecortot.com\/en\/event\/artist-diploma-2025-flute-2\/#breadcrumb","itemListElement":[{"@type":"ListItem","position":1,"name":"Accueil","item":"https:\/\/www.ecolenormalecortot.com\/en\/"},{"@type":"ListItem","position":2,"name":"\u00c9v\u00e8nements","item":"https:\/\/www.ecolenormalecortot.com\/en\/event\/"},{"@type":"ListItem","position":3,"name":"Artist Diploma 2025 (Fl\u00fbte)"}]},{"@type":"WebSite","@id":"https:\/\/www.ecolenormalecortot.com\/en\/#website","url":"https:\/\/www.ecolenormalecortot.com\/en\/","name":"Ecole Normale de Musique de Paris","description":"","publisher":{"@id":"https:\/\/www.ecolenormalecortot.com\/en\/#organization"},"potentialAction":[{"@type":"SearchAction","target":{"@type":"EntryPoint","urlTemplate":"https:\/\/www.ecolenormalecortot.com\/en\/?s={search_term_string}"},"query-input":{"@type":"PropertyValueSpecification","valueRequired":true,"valueName":"search_term_string"}}],"inLanguage":"en-US"},{"@type":"Organization","@id":"https:\/\/www.ecolenormalecortot.com\/en\/#organization","name":"Ecole Normale de Musique de Paris","url":"https:\/\/www.ecolenormalecortot.com\/en\/","logo":{"@type":"ImageObject","inLanguage":"en-US","@id":"https:\/\/www.ecolenormalecortot.com\/en\/#\/schema\/logo\/image\/","url":"https:\/\/www.ecolenormalecortot.com\/wp-content\/uploads\/2023\/02\/android-chrome-512x512-1.png","contentUrl":"https:\/\/www.ecolenormalecortot.com\/wp-content\/uploads\/2023\/02\/android-chrome-512x512-1.png","width":512,"height":512,"caption":"Ecole Normale de Musique de Paris"},"image":{"@id":"https:\/\/www.ecolenormalecortot.com\/en\/#\/schema\/logo\/image\/"}}]}},"_links":{"self":[{"href":"https:\/\/www.ecolenormalecortot.com\/en\/wp-json\/wp\/v2\/event\/10113","targetHints":{"allow":["GET"]}}],"collection":[{"href":"https:\/\/www.ecolenormalecortot.com\/en\/wp-json\/wp\/v2\/event"}],"about":[{"href":"https:\/\/www.ecolenormalecortot.com\/en\/wp-json\/wp\/v2\/types\/event"}],"wp:featuredmedia":[{"embeddable":true,"href":"https:\/\/www.ecolenormalecortot.com\/en\/wp-json\/wp\/v2\/media\/10111"}],"wp:attachment":[{"href":"https:\/\/www.ecolenormalecortot.com\/en\/wp-json\/wp\/v2\/media?parent=10113"}],"wp:term":[{"taxonomy":"event_category","embeddable":true,"href":"https:\/\/www.ecolenormalecortot.com\/en\/wp-json\/wp\/v2\/event_category?post=10113"}],"curies":[{"name":"wp","href":"https:\/\/api.w.org\/{rel}","templated":true}]}}

Artist Diploma 2025 (Flûte)

<p class="has-large-font-size"><strong>Artist Diploma 2025 Flûte</strong></p>



<p>L’École Normale de Musique de Paris vous invite à venir découvrir ses étudiants en <strong>Artist Diploma</strong>. Une occasion unique d’écouter ces jeunes musiciens passionnés et prometteurs, au sommet de leur parcours artistique. Chaque étudiant joue 45mn.</p>



<p>Attention, l’entrée du public s’effectue par l’École Normale de Musique de Paris, au 114bis Boulevard Malesherbes.</p>



<p style="font-size:55px"><strong>Programme dimanche 11 mai</strong></p>



<p>10h00 : KUKI Mitsumi&nbsp;</p>



<p>10h45 : LAI Kuan-chi&nbsp;</p>



<p>11h45 : LI Yu-hui&nbsp;</p>



<p>14h00 : LI Zi&nbsp;</p>



<p>14h45 : NABEYAMA Yui&nbsp;</p>



<p>15h45 : NAKATA Akiho&nbsp;</p>



<p>16h30 : HU Jingliang&nbsp;</p>



<div style="height:59px" aria-hidden="true" class="wp-block-spacer"></div>



<p style="font-size:55px"><strong>Organisateurs</strong></p>


<div class="wp-block-image">
<figure class="alignleft size-large is-resized"><a href="https://sallecortot.com/la-programmation/"><img decoding="async" src="https://sallecortot.com/wp-content/uploads/2025/03/LOGO-SALLE-CORTOT-RVB-edited-1024x631.png" alt="" class="wp-image-3931" style="width:137px;height:auto"/></a></figure>
</div>

<div class="wp-block-image">
<figure class="alignleft size-large is-resized"><a href="https://www.ecolenormalecortot.com/"><img decoding="async" src="https://sallecortot.com/wp-content/uploads/2024/08/LOGO-3-LIGNES-BLANC-1024x251.png" alt="" class="wp-image-1353" style="width:259px;height:auto"/></a></figure>
</div>


<p></p>

<p>Artist Diploma 2025 Flûte L’École Normale de Musique de Paris vous invite à venir découvrir ses étudiants en Artist Diploma. Une [&hellip;]</p>

<p>Entrée libre</p>

<!-- This site is optimized with the Yoast SEO plugin v27.5 - https://yoast.com/product/yoast-seo-wordpress/ -->
<title>Artist Diploma 2025 (Flûte) - Ecole Normale de Musique de Paris</title>
<meta name="robots" content="index, follow, max-snippet:-1, max-image-preview:large, max-video-preview:-1" />
<link rel="canonical" href="https://www.ecolenormalecortot.com/en/event/artist-diploma-2025-flute-2/" />
<meta property="og:locale" content="en_US" />
<meta property="og:type" content="article" />
<meta property="og:title" content="Artist Diploma 2025 (Flûte) - Ecole Normale de Musique de Paris" />
<meta property="og:description" content="Artist Diploma 2025 Flûte L’École Normale de Musique de Paris vous invite à venir découvrir ses étudiants en Artist Diploma. Une [&hellip;]" />
<meta property="og:url" content="https://www.ecolenormalecortot.com/en/event/artist-diploma-2025-flute-2/" />
<meta property="og:site_name" content="Ecole Normale de Musique de Paris" />
<meta name="twitter:card" content="summary_large_image" />
<script type="application/ld+json" class="yoast-schema-graph">{"@context":"https:\/\/schema.org","@graph":[{"@type":"WebPage","@id":"https:\/\/www.ecolenormalecortot.com\/en\/event\/artist-diploma-2025-flute-2\/","url":"https:\/\/www.ecolenormalecortot.com\/en\/event\/artist-diploma-2025-flute-2\/","name":"Artist Diploma 2025 (Flûte) - Ecole Normale de Musique de Paris","isPartOf":{"@id":"https:\/\/www.ecolenormalecortot.com\/en\/#website"},"primaryImageOfPage":{"@id":"https:\/\/www.ecolenormalecortot.com\/en\/event\/artist-diploma-2025-flute-2\/#primaryimage"},"image":{"@id":"https:\/\/www.ecolenormalecortot.com\/en\/event\/artist-diploma-2025-flute-2\/#primaryimage"},"thumbnailUrl":"https:\/\/www.ecolenormalecortot.com\/wp-content\/uploads\/2025\/05\/LD-20250121-0122-Enhanced-NR-scaled-1.jpg","datePublished":"2025-05-05T08:38:47+00:00","breadcrumb":{"@id":"https:\/\/www.ecolenormalecortot.com\/en\/event\/artist-diploma-2025-flute-2\/#breadcrumb"},"inLanguage":"en-US","potentialAction":[{"@type":"ReadAction","target":["https:\/\/www.ecolenormalecortot.com\/en\/event\/artist-diploma-2025-flute-2\/"]}]},{"@type":"ImageObject","inLanguage":"en-US","@id":"https:\/\/www.ecolenormalecortot.com\/en\/event\/artist-diploma-2025-flute-2\/#primaryimage","url":"https:\/\/www.ecolenormalecortot.com\/wp-content\/uploads\/2025\/05\/LD-20250121-0122-Enhanced-NR-scaled-1.jpg","contentUrl":"https:\/\/www.ecolenormalecortot.com\/wp-content\/uploads\/2025\/05\/LD-20250121-0122-Enhanced-NR-scaled-1.jpg","width":2560,"height":1723},{"@type":"BreadcrumbList","@id":"https:\/\/www.ecolenormalecortot.com\/en\/event\/artist-diploma-2025-flute-2\/#breadcrumb","itemListElement":[{"@type":"ListItem","position":1,"name":"Accueil","item":"https:\/\/www.ecolenormalecortot.com\/en\/"},{"@type":"ListItem","position":2,"name":"Évènements","item":"https:\/\/www.ecolenormalecortot.com\/en\/event\/"},{"@type":"ListItem","position":3,"name":"Artist Diploma 2025 (Flûte)"}]},{"@type":"WebSite","@id":"https:\/\/www.ecolenormalecortot.com\/en\/#website","url":"https:\/\/www.ecolenormalecortot.com\/en\/","name":"Ecole Normale de Musique de Paris","description":"","publisher":{"@id":"https:\/\/www.ecolenormalecortot.com\/en\/#organization"},"potentialAction":[{"@type":"SearchAction","target":{"@type":"EntryPoint","urlTemplate":"https:\/\/www.ecolenormalecortot.com\/en\/?s={search_term_string}"},"query-input":{"@type":"PropertyValueSpecification","valueRequired":true,"valueName":"search_term_string"}}],"inLanguage":"en-US"},{"@type":"Organization","@id":"https:\/\/www.ecolenormalecortot.com\/en\/#organization","name":"Ecole Normale de Musique de Paris","url":"https:\/\/www.ecolenormalecortot.com\/en\/","logo":{"@type":"ImageObject","inLanguage":"en-US","@id":"https:\/\/www.ecolenormalecortot.com\/en\/#\/schema\/logo\/image\/","url":"https:\/\/www.ecolenormalecortot.com\/wp-content\/uploads\/2023\/02\/android-chrome-512x512-1.png","contentUrl":"https:\/\/www.ecolenormalecortot.com\/wp-content\/uploads\/2023\/02\/android-chrome-512x512-1.png","width":512,"height":512,"caption":"Ecole Normale de Musique de Paris"},"image":{"@id":"https:\/\/www.ecolenormalecortot.com\/en\/#\/schema\/logo\/image\/"}}]}</script>
<!-- / Yoast SEO plugin. -->

Artist Diploma 2025 (Flûte) - Ecole Normale de Musique de Paris

Artist Diploma 2025 Flûte L’École Normale de Musique de Paris vous invite à venir découvrir ses étudiants en Artist Diploma. Une [&hellip;]

Évènements
